000
CDUS41 KALY 260624
CLIALB


CLIMATE REPORT
NATIONAL WEATHER SERVICE ALBANY NY
123 AM EST WED NOV 26 2014


...................................

...THE ALBANY NY CLIMATE SUMMARY FOR NOVEMBER 25 2014...

CLIMATE NORMAL PERIOD 1981 TO 2010
CLIMATE RECORD PERIOD 1874 TO 2014


WEATHER ITEM   OBSERVED TIME   RECORD YEAR NORMAL DEPARTURE LAST
                VALUE   (LST)  VALUE       VALUE  FROM      YEAR
                                                  NORMAL
..................................................................
TEMPERATURE (F)
 YESTERDAY
  MAXIMUM         62    116 AM  64    2004  44     18       32
                                      2001
  MINIMUM         35   1038 PM   2    1938  29      6       11
  AVERAGE         49                        36     13       22

PRECIPITATION (IN)
  YESTERDAY        0.00          1.77 1886   0.11  -0.11     0.00
  MONTH TO DATE    1.66                      2.76  -1.10     0.60
  SINCE SEP 1      6.77                      9.74  -2.97     7.70
  SINCE JAN 1     33.55                     35.89  -2.34    39.21

SNOWFALL (IN)
  YESTERDAY        0.0          21.8  1971   0.2   -0.2      0.0
  MONTH TO DATE    1.1                       1.9   -0.8      0.4
  SINCE SEP 1      1.1                       1.9   -0.8      0.4
  SINCE JUL 1      1.1                       1.9   -0.8      0.4
  SNOW DEPTH       0

DEGREE DAYS
 HEATING
  YESTERDAY       16                        29    -13       43
  MONTH TO DATE  622                       611     11      637
  SINCE SEP 1   1094                      1233   -139     1178
  SINCE JUL 1   1102                      1256   -154     1184

 COOLING
  YESTERDAY        0                         0      0        0
  MONTH TO DATE    0                         0      0        0
  SINCE SEP 1     92                        55     37       65
  SINCE JAN 1    659                       598     61      763
..................................................................


WIND (MPH)
  HIGHEST WIND SPEED    21   HIGHEST WIND DIRECTION     W (290)
  HIGHEST GUST SPEED    27   HIGHEST GUST DIRECTION     W (290)
  AVERAGE WIND SPEED     9.2


SKY COVER
  AVERAGE SKY COVER 0.8



RELATIVE HUMIDITY (PERCENT)
 HIGHEST    78
 LOWEST     32
 AVERAGE    55

..........................................................


THE ALBANY NY CLIMATE NORMALS FOR TODAY
                         NORMAL    RECORD    YEAR
 MAXIMUM TEMPERATURE (F)   44        67      1979
 MINIMUM TEMPERATURE (F)   29       -11      1938


SUNRISE AND SUNSET
NOVEMBER 26 2014......SUNRISE   700 AM EST   SUNSET   424 PM EST
NOVEMBER 27 2014......SUNRISE   701 AM EST   SUNSET   424 PM EST


-  INDICATES NEGATIVE NUMBERS.
R  INDICATES RECORD WAS SET OR TIED.
MM INDICATES DATA IS MISSING.
T  INDICATES TRACE AMOUNT.




$$
