000
CDUS41 KALY 240624
CLIALB


CLIMATE REPORT
NATIONAL WEATHER SERVICE ALBANY NY
223 AM EDT SUN JUL 24 2016


...................................

...THE ALBANY NY CLIMATE SUMMARY FOR JULY 23 2016...

CLIMATE NORMAL PERIOD 1981 TO 2010
CLIMATE RECORD PERIOD 1874 TO 2016


WEATHER ITEM   OBSERVED TIME   RECORD YEAR NORMAL DEPARTURE LAST
                VALUE   (LST)  VALUE       VALUE  FROM      YEAR
                                                  NORMAL
..................................................................
TEMPERATURE (F)
 YESTERDAY
  MAXIMUM         91    359 PM  96    1955  83      8       82
  MINIMUM         65   1159 PM  45    1981  62      3       56
  AVERAGE         78                        72      6       69

PRECIPITATION (IN)
  YESTERDAY        0.03          2.49 2008   0.13  -0.10     0.00
  MONTH TO DATE    3.19                      3.06   0.13     2.81
  SINCE JUN 1      5.50                      6.85  -1.35     9.51
  SINCE JAN 1     16.26                     21.63  -5.37    18.23

DEGREE DAYS
 HEATING
  YESTERDAY        0                         0      0        0
  MONTH TO DATE    0                         0      0        1
  SINCE JUN 1     38                        52    -14       52
  SINCE JUL 1      0                         0      0        1

 COOLING
  YESTERDAY       13                         7      6        4
  MONTH TO DATE  204                       158     46      163
  SINCE JUN 1    347                       276     71      274
  SINCE JAN 1    422                       306    116      397
..................................................................


WIND (MPH)
  HIGHEST WIND SPEED    26   HIGHEST WIND DIRECTION    NW (330)
  HIGHEST GUST SPEED    33   HIGHEST GUST DIRECTION    NW (330)
  AVERAGE WIND SPEED    11.2


SKY COVER
  AVERAGE SKY COVER 0.4



RELATIVE HUMIDITY (PERCENT)
 HIGHEST    93
 LOWEST     32
 AVERAGE    63

..........................................................


THE ALBANY NY CLIMATE NORMALS FOR TODAY
                         NORMAL    RECORD    YEAR
 MAXIMUM TEMPERATURE (F)   83        96      1941
 MINIMUM TEMPERATURE (F)   62        45      1985


SUNRISE AND SUNSET
JULY 24 2016..........SUNRISE   539 AM EDT   SUNSET   824 PM EDT
JULY 25 2016..........SUNRISE   540 AM EDT   SUNSET   823 PM EDT


-  INDICATES NEGATIVE NUMBERS.
R  INDICATES RECORD WAS SET OR TIED.
MM INDICATES DATA IS MISSING.
T  INDICATES TRACE AMOUNT.




$$
