000
CDUS41 KALY 310626
CLIALB


CLIMATE REPORT
NATIONAL WEATHER SERVICE ALBANY NY
225 AM EDT SUN AUG 31 2014


...................................

...THE ALBANY NY CLIMATE SUMMARY FOR AUGUST 30 2014...

CLIMATE NORMAL PERIOD 1981 TO 2010
CLIMATE RECORD PERIOD 1874 TO 2014


WEATHER ITEM   OBSERVED TIME   RECORD YEAR NORMAL DEPARTURE LAST
                VALUE   (LST)  VALUE       VALUE  FROM      YEAR
                                                  NORMAL
..................................................................
TEMPERATURE (F)
 YESTERDAY
  MAXIMUM         80        MM  98    1953  78      2       85
  MINIMUM         57        MM  38    1982  58     -1       67
  AVERAGE         69                        68      1       76

PRECIPITATION (IN)
  YESTERDAY        0.00          1.37 1885   0.10  -0.10     0.00
  MONTH TO DATE    1.54                      3.37  -1.83     2.41
  SINCE JUN 1     13.18                     11.28   1.90    16.48
  SINCE JAN 1     26.74                     26.06   0.68    31.22

DEGREE DAYS
 HEATING
  YESTERDAY        0                         1     -1        0
  MONTH TO DATE    8                        13     -5        4
  SINCE JUN 1     20                        70    -50       61
  SINCE JUL 1      8                        18    -10        6

 COOLING
  YESTERDAY        4                         4      0       11
  MONTH TO DATE  138                       174    -36      145
  SINCE JUN 1    523                       510     13      639
  SINCE JAN 1    558                       540     18      688
..................................................................


WIND (MPH)
  HIGHEST WIND SPEED    18   HIGHEST WIND DIRECTION     S (170)
  HIGHEST GUST SPEED    25   HIGHEST GUST DIRECTION     S (170)
  AVERAGE WIND SPEED    10.4


SKY COVER
  AVERAGE SKY COVER 0.3



RELATIVE HUMIDITY (PERCENT)
 HIGHEST    86
 LOWEST     45
 AVERAGE    66

..........................................................


THE ALBANY NY CLIMATE NORMALS FOR TODAY
                         NORMAL    RECORD    YEAR
 MAXIMUM TEMPERATURE (F)   78        93      1953
 MINIMUM TEMPERATURE (F)   57        37      1965


SUNRISE AND SUNSET
AUGUST 31 2014........SUNRISE   619 AM EDT   SUNSET   731 PM EDT
SEPTEMBER  1 2014.....SUNRISE   620 AM EDT   SUNSET   730 PM EDT


-  INDICATES NEGATIVE NUMBERS.
R  INDICATES RECORD WAS SET OR TIED.
MM INDICATES DATA IS MISSING.
T  INDICATES TRACE AMOUNT.




$$
