000
CDUS41 KALY 210628
CLIALB


CLIMATE REPORT
NATIONAL WEATHER SERVICE ALBANY NY
127 AM EST FRI NOV 21 2014


...................................

...THE ALBANY NY CLIMATE SUMMARY FOR NOVEMBER 20 2014...

CLIMATE NORMAL PERIOD 1981 TO 2010
CLIMATE RECORD PERIOD 1874 TO 2014


WEATHER ITEM   OBSERVED TIME   RECORD YEAR NORMAL DEPARTURE LAST
                VALUE   (LST)  VALUE       VALUE  FROM      YEAR
                                                  NORMAL
..................................................................
TEMPERATURE (F)
 YESTERDAY
  MAXIMUM         40   1150 AM  72    1991  46     -6       38
  MINIMUM         20   1129 PM   6    1986  31    -11       21
  AVERAGE         30                        38     -8       30

PRECIPITATION (IN)
  YESTERDAY        T             1.15 1988   0.11  -0.11     0.00
  MONTH TO DATE    1.26                      2.19  -0.93     0.52
  SINCE SEP 1      6.37                      9.17  -2.80     7.62
  SINCE JAN 1     33.15                     35.32  -2.17    39.13

SNOWFALL (IN)
  YESTERDAY        0.1           3.4  1961   0.1    0.0      0.0
  MONTH TO DATE    1.1                       1.2   -0.1       T
  SINCE SEP 1      1.1                       1.2   -0.1       T
  SINCE JUL 1      1.1                       1.2   -0.1       T
  SNOW DEPTH       0

DEGREE DAYS
 HEATING
  YESTERDAY       35                        27      8       35
  MONTH TO DATE  501                       472     29      463
  SINCE SEP 1    973                      1094   -121     1004
  SINCE JUL 1    981                      1117   -136     1010

 COOLING
  YESTERDAY        0                         0      0        0
  MONTH TO DATE    0                         0      0        0
  SINCE SEP 1     92                        55     37       65
  SINCE JAN 1    659                       598     61      763
..................................................................


WIND (MPH)
  HIGHEST WIND SPEED    22   HIGHEST WIND DIRECTION    SW (240)
  HIGHEST GUST SPEED    28   HIGHEST GUST DIRECTION    SW (240)
  AVERAGE WIND SPEED    10.6


SKY COVER
  AVERAGE SKY COVER 0.7



RELATIVE HUMIDITY (PERCENT)
 HIGHEST    77
 LOWEST     40
 AVERAGE    59

..........................................................


THE ALBANY NY CLIMATE NORMALS FOR TODAY
                         NORMAL    RECORD    YEAR
 MAXIMUM TEMPERATURE (F)   46        70      1931
 MINIMUM TEMPERATURE (F)   30         7      1879


SUNRISE AND SUNSET
NOVEMBER 21 2014......SUNRISE   654 AM EST   SUNSET   427 PM EST
NOVEMBER 22 2014......SUNRISE   655 AM EST   SUNSET   427 PM EST


-  INDICATES NEGATIVE NUMBERS.
R  INDICATES RECORD WAS SET OR TIED.
MM INDICATES DATA IS MISSING.
T  INDICATES TRACE AMOUNT.




$$
