000
CDUS41 KALY 220622
CLIALB


CLIMATE REPORT
NATIONAL WEATHER SERVICE ALBANY NY
222 AM EDT WED MAR 22 2017


...................................

...THE ALBANY NY CLIMATE SUMMARY FOR MARCH 21 2017...

CLIMATE NORMAL PERIOD 1981 TO 2010
CLIMATE RECORD PERIOD 1874 TO 2017


WEATHER ITEM   OBSERVED TIME   RECORD YEAR NORMAL DEPARTURE LAST
                VALUE   (LST)  VALUE       VALUE  FROM      YEAR
                                                  NORMAL
..................................................................
TEMPERATURE (F)
 YESTERDAY
  MAXIMUM         51    236 PM  78    1921  46      5       46
  MINIMUM         32    932 PM  -1    1956  27      5       32
  AVERAGE         42                        37      5       39

PRECIPITATION (IN)
  YESTERDAY        0.00          1.66 1901   0.11  -0.11      T
  MONTH TO DATE    1.79                      2.12  -0.33     0.77
  SINCE MAR 1      1.79                      2.12  -0.33     0.77
  SINCE JAN 1      7.77                      6.91   0.86     6.08

SNOWFALL (IN)
  YESTERDAY        0.0           6.0  1905   0.3   -0.3      0.2
  MONTH TO DATE   17.2                       8.6    8.6      0.2
  SINCE MAR 1     17.2                       8.6    8.6      0.2
  SINCE JUL 1     58.4                      55.5    2.9     10.5
  SNOW DEPTH       6

DEGREE DAYS
 HEATING
  YESTERDAY       23                        28     -5       26
  MONTH TO DATE  733                       670     63      493
  SINCE MAR 1    733                       670     63      493
  SINCE JUL 1   4896                      5614   -718     4422

 COOLING
  YESTERDAY        0                         0      0        0
  MONTH TO DATE    0                         0      0        0
  SINCE MAR 1      0                         0      0        0
  SINCE JAN 1      0                         0      0        0
..................................................................


WIND (MPH)
  HIGHEST WIND SPEED    23   HIGHEST WIND DIRECTION    NW (310)
  HIGHEST GUST SPEED    32   HIGHEST GUST DIRECTION    NW (320)
  AVERAGE WIND SPEED     5.8


SKY COVER
  AVERAGE SKY COVER 0.6



RELATIVE HUMIDITY (PERCENT)
 HIGHEST    75
 LOWEST     46
 AVERAGE    61

..........................................................


THE ALBANY NY CLIMATE NORMALS FOR TODAY
                         NORMAL    RECORD    YEAR
 MAXIMUM TEMPERATURE (F)   47        81      2012
 MINIMUM TEMPERATURE (F)   28         2      1875


SUNRISE AND SUNSET
MARCH 22 2017.........SUNRISE   655 AM EDT   SUNSET   710 PM EDT
MARCH 23 2017.........SUNRISE   653 AM EDT   SUNSET   711 PM EDT


-  INDICATES NEGATIVE NUMBERS.
R  INDICATES RECORD WAS SET OR TIED.
MM INDICATES DATA IS MISSING.
T  INDICATES TRACE AMOUNT.




$$
