000
CDUS41 KALY 302045
CLIALB


CLIMATE REPORT
NATIONAL WEATHER SERVICE ALBANY NY
445 PM EDT SAT MAY 30 2015


...................................

...THE ALBANY NY CLIMATE SUMMARY FOR MAY 30 2015...
VALID TODAY AS OF 0400 PM LOCAL TIME.

CLIMATE NORMAL PERIOD 1981 TO 2010
CLIMATE RECORD PERIOD 1874 TO 2015


WEATHER ITEM   OBSERVED TIME   RECORD YEAR NORMAL DEPARTURE LAST
                VALUE   (LST)  VALUE       VALUE  FROM      YEAR
                                                  NORMAL
..................................................................
TEMPERATURE (F)
 TODAY
  MAXIMUM         87   1235 PM  92    1987  73     14       75
  MINIMUM         66    502 AM  33    1967  52     14       51
  AVERAGE         77                        62     15       63

PRECIPITATION (IN)
  TODAY            0.31          1.44 1956   0.13   0.18     0.26
  MONTH TO DATE    0.73                      3.48  -2.75     2.61
  SINCE MAR 1      4.08                      9.86  -5.78     7.77
  SINCE JAN 1      8.40                     14.65  -6.25    13.56

SNOWFALL (IN)
  TODAY            0.0           0.0    MM   0.0    0.0      0.0
  MONTH TO DATE    0.0                       0.1   -0.1      0.0
  SINCE MAR 1      5.3                      12.6   -7.3      8.3
  SINCE JUL 1     75.9                      59.1   16.8     73.5
  SNOW DEPTH       0

DEGREE DAYS
 HEATING
  TODAY            0                         4     -4        2
  MONTH TO DATE   91                       230   -139      171
  SINCE MAR 1   1687                      1679      8     1843
  SINCE JUL 1   6817                      6623    194     6960

 COOLING
  TODAY           12                         2     10        0
  MONTH TO DATE  123                        22    101       29
  SINCE MAR 1    123                        26     97       35
  SINCE JAN 1    123                        26     97       35
..................................................................


WIND (MPH)
  HIGHEST WIND SPEED    21   HIGHEST WIND DIRECTION     S (180)
  HIGHEST GUST SPEED    26   HIGHEST GUST DIRECTION     S (170)
  AVERAGE WIND SPEED    12.0


SKY COVER
  AVERAGE SKY COVER 0.5



RELATIVE HUMIDITY (PERCENT)
 HIGHEST    70           700 AM
 LOWEST     51          1200 PM
 AVERAGE    61

..........................................................


THE ALBANY NY CLIMATE NORMALS FOR TOMORROW
                         NORMAL    RECORD    YEAR
 MAXIMUM TEMPERATURE (F)   74        92      2013
                                             1937
 MINIMUM TEMPERATURE (F)   52        34      1961


SUNRISE AND SUNSET
MAY 30 2015...........SUNRISE   521 AM EDT   SUNSET   825 PM EDT
MAY 31 2015...........SUNRISE   520 AM EDT   SUNSET   826 PM EDT


-  INDICATES NEGATIVE NUMBERS.
R  INDICATES RECORD WAS SET OR TIED.
MM INDICATES DATA IS MISSING.
T  INDICATES TRACE AMOUNT.




$$
