000
CDUS41 KALY 160623
CLIALB


CLIMATE REPORT
NATIONAL WEATHER SERVICE ALBANY NY
122 AM EST FRI FEB 16 2018


...................................

...THE ALBANY NY CLIMATE SUMMARY FOR FEBRUARY 15 2018...

CLIMATE NORMAL PERIOD 1981 TO 2010
CLIMATE RECORD PERIOD 1874 TO 2018


WEATHER ITEM   OBSERVED TIME   RECORD YEAR NORMAL DEPARTURE LAST
                VALUE   (LST)  VALUE       VALUE  FROM      YEAR
                                                  NORMAL
..................................................................
TEMPERATURE (F)
 YESTERDAY
  MAXIMUM         53    414 PM  55    2006  35     18       39
  MINIMUM         30   1240 AM -22    1943  17     13       32
  AVERAGE         42                        26     16       36

PRECIPITATION (IN)
  YESTERDAY        T             1.60 1990   0.07  -0.07     0.01
  MONTH TO DATE    1.43                      1.15   0.28     2.14
  SINCE DEC 1      5.75                      6.67  -0.92     7.02
  SINCE JAN 1      3.82                      3.74   0.08     5.27

SNOWFALL (IN)
  YESTERDAY        0.0           9.0  1894   0.4   -0.4       T
  MONTH TO DATE    8.3                       6.8    1.5     22.2
  SINCE DEC 1     33.2                      38.4   -5.2     38.9
  SINCE JUL 1     33.2                      41.5   -8.3     41.2
  SNOW DEPTH       2

DEGREE DAYS
 HEATING
  YESTERDAY       23                        39    -16       29
  MONTH TO DATE  569                       608    -39      567
  SINCE DEC 1   3093                      3055     38     2694
  SINCE JUL 1   4207                      4459   -252     3850

 COOLING
  YESTERDAY        0                         0      0        0
  MONTH TO DATE    0                         0      0        0
  SINCE DEC 1      0                         0      0        0
  SINCE JAN 1      0                         0      0        0
..................................................................


WIND (MPH)
  HIGHEST WIND SPEED    17   HIGHEST WIND DIRECTION     S (180)
  HIGHEST GUST SPEED    23   HIGHEST GUST DIRECTION     S (180)
  AVERAGE WIND SPEED     7.1


SKY COVER
  AVERAGE SKY COVER 0.9



RELATIVE HUMIDITY (PERCENT)
 HIGHEST    93
 LOWEST     71
 AVERAGE    82

..........................................................


THE ALBANY NY CLIMATE NORMALS FOR TODAY
                         NORMAL    RECORD    YEAR
 MAXIMUM TEMPERATURE (F)   35        61      2006
 MINIMUM TEMPERATURE (F)   17       -20      1943


SUNRISE AND SUNSET
FEBRUARY 16 2018......SUNRISE   651 AM EST   SUNSET   528 PM EST
FEBRUARY 17 2018......SUNRISE   649 AM EST   SUNSET   529 PM EST


-  INDICATES NEGATIVE NUMBERS.
R  INDICATES RECORD WAS SET OR TIED.
MM INDICATES DATA IS MISSING.
T  INDICATES TRACE AMOUNT.




$$
