183
CDUS41 KALY 170623
CLIALB


CLIMATE REPORT
NATIONAL WEATHER SERVICE ALBANY NY
122 AM EST TUE JAN 17 2017


...................................

...THE ALBANY NY CLIMATE SUMMARY FOR JANUARY 16 2017...

CLIMATE NORMAL PERIOD 1981 TO 2010
CLIMATE RECORD PERIOD 1874 TO 2017


WEATHER ITEM   OBSERVED TIME   RECORD YEAR NORMAL DEPARTURE LAST
                VALUE   (LST)  VALUE       VALUE  FROM      YEAR
                                                  NORMAL
..................................................................
TEMPERATURE (F)
 YESTERDAY
  MAXIMUM         39    238 PM  62    1995  30      9       40
  MINIMUM         14    722 AM -16    1971  14      0       29
  AVERAGE         27                        22      5       35

PRECIPITATION (IN)
  YESTERDAY        0.00          1.12 1945   0.09  -0.09     0.29
  MONTH TO DATE    0.95                      1.33  -0.38     1.22
  SINCE DEC 1      2.70                      4.26  -1.56     4.89
  SINCE JAN 1      0.95                      1.33  -0.38     1.22

SNOWFALL (IN)
  YESTERDAY        0.0          15.1  1945   0.7   -0.7      0.1
  MONTH TO DATE    0.9                       9.4   -8.5      2.2
  SINCE DEC 1     13.0                      23.1  -10.1      4.4
  SINCE JUL 1     15.3                      26.2  -10.9      4.4
  SNOW DEPTH       0

DEGREE DAYS
 HEATING
  YESTERDAY       38                        43     -5       30
  MONTH TO DATE  603                       679    -76      588
  SINCE DEC 1   1670                      1810   -140     1298
  SINCE JUL 1   2826                      3214   -388     2381

 COOLING
  YESTERDAY        0                         0      0        0
  MONTH TO DATE    0                         0      0        0
  SINCE DEC 1      0                         0      0        0
  SINCE JAN 1      0                         0      0        0
..................................................................


WIND (MPH)
  HIGHEST WIND SPEED    13   HIGHEST WIND DIRECTION     S (170)
  HIGHEST GUST SPEED    16   HIGHEST GUST DIRECTION     S (170)
  AVERAGE WIND SPEED     2.8


SKY COVER
  AVERAGE SKY COVER 0.4



RELATIVE HUMIDITY (PERCENT)
 HIGHEST    81
 LOWEST     44
 AVERAGE    63

..........................................................


THE ALBANY NY CLIMATE NORMALS FOR TODAY
                         NORMAL    RECORD    YEAR
 MAXIMUM TEMPERATURE (F)   30        62      1889
 MINIMUM TEMPERATURE (F)   14       -23      1971


SUNRISE AND SUNSET
JANUARY 17 2017.......SUNRISE   722 AM EST   SUNSET   449 PM EST
JANUARY 18 2017.......SUNRISE   721 AM EST   SUNSET   451 PM EST


-  INDICATES NEGATIVE NUMBERS.
R  INDICATES RECORD WAS SET OR TIED.
MM INDICATES DATA IS MISSING.
T  INDICATES TRACE AMOUNT.




$$
