000
CDUS41 KALY 270622
CLIALB


CLIMATE REPORT
NATIONAL WEATHER SERVICE ALBANY NY
121 AM EST TUE JAN 27 2015


...................................

...THE ALBANY NY CLIMATE SUMMARY FOR JANUARY 26 2015...

CLIMATE NORMAL PERIOD 1981 TO 2010
CLIMATE RECORD PERIOD 1874 TO 2015


WEATHER ITEM   OBSERVED TIME   RECORD YEAR NORMAL DEPARTURE LAST
                VALUE   (LST)  VALUE       VALUE  FROM      YEAR
                                                  NORMAL
..................................................................
TEMPERATURE (F)
 YESTERDAY
  MAXIMUM         18    406 PM  59    1950  31    -13       21
  MINIMUM         10    913 AM -17    1920  14     -4        6
  AVERAGE         14                        22     -8       14

PRECIPITATION (IN)
  YESTERDAY        0.02          1.78 1986   0.08  -0.06     0.01
  MONTH TO DATE    1.76                      2.18  -0.42     2.30
  SINCE DEC 1      7.13                      5.11   2.02     5.68
  SINCE JAN 1      1.76                      2.18  -0.42     2.30

SNOWFALL (IN)
  YESTERDAY        0.2           8.5  1949   0.6   -0.4      0.1
  MONTH TO DATE    7.3                      15.0   -7.7     14.3
  SINCE DEC 1     19.5                      28.7   -9.2     34.3
  SINCE JUL 1     31.8                      31.5    0.3     36.4
  SNOW DEPTH       0

DEGREE DAYS
 HEATING
  YESTERDAY       51                        42      9       51
  MONTH TO DATE 1139                      1108     31     1151
  SINCE DEC 1   2137                      2239   -102     2305
  SINCE JUL 1   3412                      3643   -231     3675

 COOLING
  YESTERDAY        0                         0      0        0
  MONTH TO DATE    0                         0      0        0
  SINCE DEC 1      0                         0      0        0
  SINCE JAN 1      0                         0      0        0
..................................................................


WIND (MPH)
  HIGHEST WIND SPEED    14   HIGHEST WIND DIRECTION     N (360)
  HIGHEST GUST SPEED    18   HIGHEST GUST DIRECTION     N (20)
  AVERAGE WIND SPEED     8.3


SKY COVER
  AVERAGE SKY COVER 1.0



RELATIVE HUMIDITY (PERCENT)
 HIGHEST    73
 LOWEST     47
 AVERAGE    60

..........................................................


THE ALBANY NY CLIMATE NORMALS FOR TODAY
                         NORMAL    RECORD    YEAR
 MAXIMUM TEMPERATURE (F)   31        62      1974
 MINIMUM TEMPERATURE (F)   14       -23      1994


SUNRISE AND SUNSET
JANUARY 27 2015.......SUNRISE   715 AM EST   SUNSET   501 PM EST
JANUARY 28 2015.......SUNRISE   714 AM EST   SUNSET   503 PM EST


-  INDICATES NEGATIVE NUMBERS.
R  INDICATES RECORD WAS SET OR TIED.
MM INDICATES DATA IS MISSING.
T  INDICATES TRACE AMOUNT.




$$
