000
CDUS41 KALY 260625
CLIALB


CLIMATE REPORT
NATIONAL WEATHER SERVICE ALBANY NY
224 AM EDT THU MAR 26 2015


...................................

...THE ALBANY NY CLIMATE SUMMARY FOR MARCH 25 2015...

CLIMATE NORMAL PERIOD 1981 TO 2010
CLIMATE RECORD PERIOD 1874 TO 2015


WEATHER ITEM   OBSERVED TIME   RECORD YEAR NORMAL DEPARTURE LAST
                VALUE   (LST)  VALUE       VALUE  FROM      YEAR
                                                  NORMAL
..................................................................
TEMPERATURE (F)
 YESTERDAY
  MAXIMUM         49    208 PM  74    1910  48      1       36
  MINIMUM         17    534 AM   0    1875  29    -12       14
  AVERAGE         33                        39     -6       25

PRECIPITATION (IN)
  YESTERDAY        0.03          0.89 1909   0.11  -0.08     0.00
  MONTH TO DATE    0.41                      2.57  -2.16     0.98
  SINCE MAR 1      0.41                      2.57  -2.16     0.98
  SINCE JAN 1      4.73                      7.36  -2.63     6.77

SNOWFALL (IN)
  YESTERDAY        T             1.9  1960   0.3   -0.3      0.0
  MONTH TO DATE    3.2                       9.0   -5.8      5.9
  SINCE MAR 1      3.2                       9.0   -5.8      5.9
  SINCE JUL 1     73.8                      55.5   18.3     71.1
  SNOW DEPTH       0

DEGREE DAYS
 HEATING
  YESTERDAY       32                        26      6       40
  MONTH TO DATE  905                       778    127      977
  SINCE MAR 1    905                       778    127      977
  SINCE JUL 1   6035                      5722    313     6094

 COOLING
  YESTERDAY        0                         0      0        0
  MONTH TO DATE    0                         0      0        0
  SINCE MAR 1      0                         0      0        0
  SINCE JAN 1      0                         0      0        0
..................................................................


WIND (MPH)
  HIGHEST WIND SPEED    26   HIGHEST WIND DIRECTION     S (170)
  HIGHEST GUST SPEED    36   HIGHEST GUST DIRECTION     S (170)
  AVERAGE WIND SPEED    11.0


SKY COVER
  AVERAGE SKY COVER 0.6



RELATIVE HUMIDITY (PERCENT)
 HIGHEST    82
 LOWEST     24
 AVERAGE    53

..........................................................


THE ALBANY NY CLIMATE NORMALS FOR TODAY
                         NORMAL    RECORD    YEAR
 MAXIMUM TEMPERATURE (F)   49        74      1986
 MINIMUM TEMPERATURE (F)   29         2      1960


SUNRISE AND SUNSET
MARCH 26 2015.........SUNRISE   648 AM EDT   SUNSET   714 PM EDT
MARCH 27 2015.........SUNRISE   647 AM EDT   SUNSET   715 PM EDT


-  INDICATES NEGATIVE NUMBERS.
R  INDICATES RECORD WAS SET OR TIED.
MM INDICATES DATA IS MISSING.
T  INDICATES TRACE AMOUNT.




$$
