000
CDUS41 KALY 170623
CLIALB


CLIMATE REPORT
NATIONAL WEATHER SERVICE ALBANY NY
122 AM EST WED DEC 17 2014


...................................

...THE ALBANY NY CLIMATE SUMMARY FOR DECEMBER 16 2014...

CLIMATE NORMAL PERIOD 1981 TO 2010
CLIMATE RECORD PERIOD 1874 TO 2014


WEATHER ITEM   OBSERVED TIME   RECORD YEAR NORMAL DEPARTURE LAST
                VALUE   (LST)  VALUE       VALUE  FROM      YEAR
                                                  NORMAL
..................................................................
TEMPERATURE (F)
 YESTERDAY
  MAXIMUM         41    501 PM  55    1971  36      5       26
  MINIMUM         32    738 AM -11    1917  21     11        1
  AVERAGE         37                        28      9       14

PRECIPITATION (IN)
  YESTERDAY        0.21          1.30 2007   0.09   0.12      T
  MONTH TO DATE    3.91                      1.63   2.28     1.77
  SINCE DEC 1      3.91                      1.63   2.28     1.77
  SINCE JAN 1     38.24                     38.05   0.19    42.22

SNOWFALL (IN)
  YESTERDAY        0.0           9.5  1981   0.5   -0.5       T
  MONTH TO DATE   12.1                       6.1    6.0     15.3
  SINCE DEC 1     12.1                       6.1    6.0     15.3
  SINCE JUL 1     24.4                       8.9   15.5     17.4
  SNOW DEPTH       4

DEGREE DAYS
 HEATING
  YESTERDAY       28                        37     -9       51
  MONTH TO DATE  534                       542     -8      600
  SINCE DEC 1    534                       542     -8      600
  SINCE JUL 1   1809                      1946   -137     1970

 COOLING
  YESTERDAY        0                         0      0        0
  MONTH TO DATE    0                         0      0        0
  SINCE DEC 1      0                         0      0        0
  SINCE JAN 1    659                       598     61      763
..................................................................


WIND (MPH)
  HIGHEST WIND SPEED     9   HIGHEST WIND DIRECTION    SE (150)
  HIGHEST GUST SPEED    13   HIGHEST GUST DIRECTION    SE (150)
  AVERAGE WIND SPEED     3.8


SKY COVER
  AVERAGE SKY COVER 1.0



RELATIVE HUMIDITY (PERCENT)
 HIGHEST    92
 LOWEST     75
 AVERAGE    84

..........................................................


THE ALBANY NY CLIMATE NORMALS FOR TODAY
                         NORMAL    RECORD    YEAR
 MAXIMUM TEMPERATURE (F)   35        59      1984
 MINIMUM TEMPERATURE (F)   21        -8      1942


SUNRISE AND SUNSET
DECEMBER 17 2014......SUNRISE   720 AM EST   SUNSET   423 PM EST
DECEMBER 18 2014......SUNRISE   721 AM EST   SUNSET   423 PM EST


-  INDICATES NEGATIVE NUMBERS.
R  INDICATES RECORD WAS SET OR TIED.
MM INDICATES DATA IS MISSING.
T  INDICATES TRACE AMOUNT.




$$
