000
CDUS41 KALY 280629
CLIALB


CLIMATE REPORT
NATIONAL WEATHER SERVICE ALBANY NY
229 AM EDT SUN JUN 28 2015


...................................

...THE ALBANY NY CLIMATE SUMMARY FOR JUNE 27 2015...

CLIMATE NORMAL PERIOD 1981 TO 2010
CLIMATE RECORD PERIOD 1874 TO 2015


WEATHER ITEM   OBSERVED TIME   RECORD YEAR NORMAL DEPARTURE LAST
                VALUE   (LST)  VALUE       VALUE  FROM      YEAR
                                                  NORMAL
..................................................................
TEMPERATURE (F)
 YESTERDAY
  MAXIMUM         73    137 PM  97    1941  81     -8       83
  MINIMUM         54    413 AM  45    1970  60     -6       60
  AVERAGE         64                        70     -6       72

PRECIPITATION (IN)
  YESTERDAY        0.22          1.10 2002   0.12   0.10     0.00
  MONTH TO DATE    5.83                      3.43   2.40     4.77
  SINCE JUN 1      5.83                      3.43   2.40     4.77
  SINCE JAN 1     14.55                     18.21  -3.66    18.33

DEGREE DAYS
 HEATING
  YESTERDAY        1                         1      0        0
  MONTH TO DATE   45                        52     -7       12
  SINCE JUN 1     45                        52     -7       12
  SINCE JUL 1   6867                      6680    187     6978

 COOLING
  YESTERDAY        0                         6     -6        7
  MONTH TO DATE  110                        99     11      118
  SINCE JUN 1    110                        99     11      118
  SINCE JAN 1    233                       129    104      153
..................................................................


WIND (MPH)
  HIGHEST WIND SPEED    21   HIGHEST WIND DIRECTION     S (180)
  HIGHEST GUST SPEED    29   HIGHEST GUST DIRECTION     S (190)
  AVERAGE WIND SPEED     4.4


SKY COVER
  AVERAGE SKY COVER 1.0



RELATIVE HUMIDITY (PERCENT)
 HIGHEST    93
 LOWEST     53
 AVERAGE    73

..........................................................


THE ALBANY NY CLIMATE NORMALS FOR TODAY
                         NORMAL    RECORD    YEAR
 MAXIMUM TEMPERATURE (F)   81        99      1901
 MINIMUM TEMPERATURE (F)   60        45      1970


SUNRISE AND SUNSET
JUNE 28 2015..........SUNRISE   519 AM EDT   SUNSET   837 PM EDT
JUNE 29 2015..........SUNRISE   520 AM EDT   SUNSET   837 PM EDT


-  INDICATES NEGATIVE NUMBERS.
R  INDICATES RECORD WAS SET OR TIED.
MM INDICATES DATA IS MISSING.
T  INDICATES TRACE AMOUNT.




$$
