286
CDUS41 KALY 240631
CLIALB


CLIMATE REPORT
NATIONAL WEATHER SERVICE ALBANY NY
230 AM EDT WED MAY 24 2017


...................................

...THE ALBANY NY CLIMATE SUMMARY FOR MAY 23 2017...

CLIMATE NORMAL PERIOD 1981 TO 2010
CLIMATE RECORD PERIOD 1874 TO 2017


WEATHER ITEM   OBSERVED TIME   RECORD YEAR NORMAL DEPARTURE LAST
                VALUE   (LST)  VALUE       VALUE  FROM      YEAR
                                                  NORMAL
..................................................................
TEMPERATURE (F)
 YESTERDAY
  MAXIMUM         73    322 PM  93    1964  72      1       81
  MINIMUM         46    510 AM  36    1967  49     -3       51
  AVERAGE         60                        60      0       66

PRECIPITATION (IN)
  YESTERDAY        0.00          1.43   MM   0.14  -0.14     0.00
  MONTH TO DATE    3.86                      2.60   1.26     1.79
  SINCE MAR 1     10.81                      8.98   1.83     4.81
  SINCE JAN 1     16.79                     13.77   3.02    10.12

SNOWFALL (IN)
  YESTERDAY        0.0           0.0    MM   0.0    0.0      0.0
  MONTH TO DATE    T                         0.1   -0.1      0.0
  SINCE MAR 1     19.6                      13.4    6.2      6.6
  SINCE JUL 1     60.8                      60.3    0.5     16.9
  SNOW DEPTH       0

DEGREE DAYS
 HEATING
  YESTERDAY        5                         6     -1        0
  MONTH TO DATE  225                       196     29      231
  SINCE MAR 1   1623                      1645    -22     1482
  SINCE JUL 1   5786                      6589   -803     5411

 COOLING
  YESTERDAY        0                         1     -1        1
  MONTH TO DATE   24                        12     12        1
  SINCE MAR 1     46                        16     30        3
  SINCE JAN 1     46                        16     30        3
..................................................................


WIND (MPH)
  HIGHEST WIND SPEED    10   HIGHEST WIND DIRECTION     S (190)
  HIGHEST GUST SPEED    14   HIGHEST GUST DIRECTION    NW (310)
  AVERAGE WIND SPEED     2.8


SKY COVER
  AVERAGE SKY COVER 0.8



RELATIVE HUMIDITY (PERCENT)
 HIGHEST    93
 LOWEST     41
 AVERAGE    67

..........................................................


THE ALBANY NY CLIMATE NORMALS FOR TODAY
                         NORMAL    RECORD    YEAR
 MAXIMUM TEMPERATURE (F)   72        92      1964
 MINIMUM TEMPERATURE (F)   50        29      1963


SUNRISE AND SUNSET
MAY 24 2017...........SUNRISE   524 AM EDT   SUNSET   820 PM EDT
MAY 25 2017...........SUNRISE   524 AM EDT   SUNSET   821 PM EDT


-  INDICATES NEGATIVE NUMBERS.
R  INDICATES RECORD WAS SET OR TIED.
MM INDICATES DATA IS MISSING.
T  INDICATES TRACE AMOUNT.




$$
