733
CDUS41 KALY 130631
CLIALB


CLIMATE REPORT
NATIONAL WEATHER SERVICE ALBANY NY
130 AM EST SAT JAN 13 2018


...................................

...THE ALBANY NY CLIMATE SUMMARY FOR JANUARY 12 2018...

CLIMATE NORMAL PERIOD 1981 TO 2010
CLIMATE RECORD PERIOD 1874 TO 2018


WEATHER ITEM   OBSERVED TIME   RECORD YEAR NORMAL DEPARTURE LAST
                VALUE   (LST)  VALUE       VALUE  FROM      YEAR
                                                  NORMAL
..................................................................
TEMPERATURE (F)
 YESTERDAY
  MAXIMUM         63R   637 PM  57    1885  30     33       54
  MINIMUM         39   1159 PM -26    1968  14     25       44
  AVERAGE         51                        22     29       49

PRECIPITATION (IN)
  YESTERDAY        0.63          1.02 1891   0.09   0.54     0.30
  MONTH TO DATE    0.91                      0.99  -0.08     0.95
  SINCE DEC 1      2.84                      3.92  -1.08     2.70
  SINCE JAN 1      0.91                      0.99  -0.08     0.95

SNOWFALL (IN)
  YESTERDAY        0.0          12.8  2011   0.6   -0.6      0.0
  MONTH TO DATE    5.1                       6.9   -1.8      0.9
  SINCE DEC 1     17.2                      20.6   -3.4     13.0
  SINCE JUL 1     17.2                      23.7   -6.5     15.3
  SNOW DEPTH       0

DEGREE DAYS
 HEATING
  YESTERDAY       14                        43    -29       16
  MONTH TO DATE  550                       507     43      447
  SINCE DEC 1   1789                      1638    151     1514
  SINCE JUL 1   2903                      3042   -139     2670

 COOLING
  YESTERDAY        0                         0      0        0
  MONTH TO DATE    0                         0      0        0
  SINCE DEC 1      0                         0      0        0
  SINCE JAN 1      0                         0      0        0
..................................................................


WIND (MPH)
  HIGHEST WIND SPEED    22   HIGHEST WIND DIRECTION     S (160)
  HIGHEST GUST SPEED    31   HIGHEST GUST DIRECTION     S (180)
  AVERAGE WIND SPEED    14.1


SKY COVER
  AVERAGE SKY COVER 1.0



RELATIVE HUMIDITY (PERCENT)
 HIGHEST    93
 LOWEST     77
 AVERAGE    85

..........................................................


THE ALBANY NY CLIMATE NORMALS FOR TODAY
                         NORMAL    RECORD    YEAR
 MAXIMUM TEMPERATURE (F)   30        71      1932
 MINIMUM TEMPERATURE (F)   14       -18      1968


SUNRISE AND SUNSET
JANUARY 13 2018.......SUNRISE   724 AM EST   SUNSET   444 PM EST
JANUARY 14 2018.......SUNRISE   723 AM EST   SUNSET   446 PM EST


-  INDICATES NEGATIVE NUMBERS.
R  INDICATES RECORD WAS SET OR TIED.
MM INDICATES DATA IS MISSING.
T  INDICATES TRACE AMOUNT.




$$
