000
CDUS41 KALY 200622
CLIALB


CLIMATE REPORT
NATIONAL WEATHER SERVICE ALBANY NY
221 AM EDT SAT SEP 20 2014


...................................

...THE ALBANY NY CLIMATE SUMMARY FOR SEPTEMBER 19 2014...

CLIMATE NORMAL PERIOD 1981 TO 2010
CLIMATE RECORD PERIOD 1874 TO 2014


WEATHER ITEM   OBSERVED TIME   RECORD YEAR NORMAL DEPARTURE LAST
                VALUE   (LST)  VALUE       VALUE  FROM      YEAR
                                                  NORMAL
..................................................................
TEMPERATURE (F)
 YESTERDAY
  MAXIMUM         62    335 PM  90    1946  71     -9       77
  MINIMUM         42    627 AM  32    1959  50     -8       44
  AVERAGE         52                        61     -9       61

PRECIPITATION (IN)
  YESTERDAY        0.00          1.78 1938   0.11  -0.11     0.00
  MONTH TO DATE    0.88                      1.98  -1.10     4.12
  SINCE SEP 1      0.88                      1.98  -1.10     4.12
  SINCE JAN 1     27.66                     28.13  -0.47    35.63

DEGREE DAYS
 HEATING
  YESTERDAY       13                         5      8        4
  MONTH TO DATE   83                        58     25       87
  SINCE SEP 1     83                        58     25       87
  SINCE JUL 1     91                        81     10       93

 COOLING
  YESTERDAY        0                         1     -1        0
  MONTH TO DATE   65                        43     22       64
  SINCE SEP 1     65                        43     22       64
  SINCE JAN 1    632                       586     46      762
..................................................................


WIND (MPH)
  HIGHEST WIND SPEED    15   HIGHEST WIND DIRECTION     S (160)
  HIGHEST GUST SPEED    20   HIGHEST GUST DIRECTION     S (180)
  AVERAGE WIND SPEED     6.9


SKY COVER
  AVERAGE SKY COVER 0.3



RELATIVE HUMIDITY (PERCENT)
 HIGHEST    76
 LOWEST     39
 AVERAGE    58

..........................................................


THE ALBANY NY CLIMATE NORMALS FOR TODAY
                         NORMAL    RECORD    YEAR
 MAXIMUM TEMPERATURE (F)   71        90      1946
 MINIMUM TEMPERATURE (F)   50        30      1979


SUNRISE AND SUNSET
SEPTEMBER 20 2014.....SUNRISE   640 AM EDT   SUNSET   656 PM EDT
SEPTEMBER 21 2014.....SUNRISE   641 AM EDT   SUNSET   654 PM EDT


-  INDICATES NEGATIVE NUMBERS.
R  INDICATES RECORD WAS SET OR TIED.
MM INDICATES DATA IS MISSING.
T  INDICATES TRACE AMOUNT.




$$
