000
CDUS41 KALY 050626
CLIALB


CLIMATE REPORT
NATIONAL WEATHER SERVICE ALBANY NY
125 AM EST FRI FEB 5 2016


...................................

...THE ALBANY NY CLIMATE SUMMARY FOR FEBRUARY 4 2016...

CLIMATE NORMAL PERIOD 1981 TO 2010
CLIMATE RECORD PERIOD 1874 TO 2016


WEATHER ITEM   OBSERVED TIME   RECORD YEAR NORMAL DEPARTURE LAST
                VALUE   (LST)  VALUE       VALUE  FROM      YEAR
                                                  NORMAL
..................................................................
TEMPERATURE (F)
 YESTERDAY
  MAXIMUM         57    116 AM  61    1991  32     25       32
  MINIMUM         36   1159 PM -13    1978  15     21        6
  AVERAGE         47                        24     23       19

PRECIPITATION (IN)
  YESTERDAY        T             1.51 1926   0.07  -0.07     0.01
  MONTH TO DATE    0.35                      0.31   0.04     0.89
  SINCE DEC 1      5.26                      5.83  -0.57     8.43
  SINCE JAN 1      1.59                      2.90  -1.31     3.06

SNOWFALL (IN)
  YESTERDAY        0.0          15.5  1926   0.5   -0.5      0.4
  MONTH TO DATE    0.0                       1.9   -1.9     12.3
  SINCE DEC 1      5.5                      33.5  -28.0     40.0
  SINCE JUL 1      5.5                      36.6  -31.1     52.3
  SNOW DEPTH       0

DEGREE DAYS
 HEATING
  YESTERDAY       18                        41    -23       46
  MONTH TO DATE   86                       166    -80      214
  SINCE DEC 1   1944                      2613   -669     2610
  SINCE JUL 1   3027                      4017   -990     3885

 COOLING
  YESTERDAY        0                         0      0        0
  MONTH TO DATE    0                         0      0        0
  SINCE DEC 1      0                         0      0        0
  SINCE JAN 1      0                         0      0        0
..................................................................


WIND (MPH)
  HIGHEST WIND SPEED    24   HIGHEST WIND DIRECTION    NW (310)
  HIGHEST GUST SPEED    33   HIGHEST GUST DIRECTION    NW (310)
  AVERAGE WIND SPEED     9.9


SKY COVER
  AVERAGE SKY COVER 0.9



RELATIVE HUMIDITY (PERCENT)
 HIGHEST    86
 LOWEST     41
 AVERAGE    64

..........................................................


THE ALBANY NY CLIMATE NORMALS FOR TODAY
                         NORMAL    RECORD    YEAR
 MAXIMUM TEMPERATURE (F)   32        59      1890
 MINIMUM TEMPERATURE (F)   15       -15      1918


SUNRISE AND SUNSET
FEBRUARY  5 2016......SUNRISE   706 AM EST   SUNSET   513 PM EST
FEBRUARY  6 2016......SUNRISE   705 AM EST   SUNSET   514 PM EST


-  INDICATES NEGATIVE NUMBERS.
R  INDICATES RECORD WAS SET OR TIED.
MM INDICATES DATA IS MISSING.
T  INDICATES TRACE AMOUNT.




$$
