122
CDUS41 KALY 180623
CLIALB


CLIMATE REPORT
NATIONAL WEATHER SERVICE ALBANY NY
123 AM EST SUN FEB 18 2018


...................................

...THE ALBANY NY CLIMATE SUMMARY FOR FEBRUARY 17 2018...

CLIMATE NORMAL PERIOD 1981 TO 2010
CLIMATE RECORD PERIOD 1874 TO 2018


WEATHER ITEM   OBSERVED TIME   RECORD YEAR NORMAL DEPARTURE LAST
                VALUE   (LST)  VALUE       VALUE  FROM      YEAR
                                                  NORMAL
..................................................................
TEMPERATURE (F)
 YESTERDAY
  MAXIMUM         36    556 PM  60    1981  35      1       34
  MINIMUM         23    725 AM -16    1973  18      5       21
  AVERAGE         30                        26      4       28

PRECIPITATION (IN)
  YESTERDAY        0.04          1.09 1954   0.07  -0.03      T
  MONTH TO DATE    1.51                      1.30   0.21     2.14
  SINCE DEC 1      5.83                      6.82  -0.99     7.02
  SINCE JAN 1      3.90                      3.89   0.01     5.27

SNOWFALL (IN)
  YESTERDAY        0.6          11.9  2003   0.5    0.1       T
  MONTH TO DATE    8.9                       7.7    1.2     22.2
  SINCE DEC 1     33.8                      39.3   -5.5     38.9
  SINCE JUL 1     33.8                      42.4   -8.6     41.2
  SNOW DEPTH       0

DEGREE DAYS
 HEATING
  YESTERDAY       35                        39     -4       37
  MONTH TO DATE  631                       686    -55      641
  SINCE DEC 1   3155                      3133     22     2768
  SINCE JUL 1   4269                      4537   -268     3924

 COOLING
  YESTERDAY        0                         0      0        0
  MONTH TO DATE    0                         0      0        0
  SINCE DEC 1      0                         0      0        0
  SINCE JAN 1      0                         0      0        0
..................................................................


WIND (MPH)
  HIGHEST WIND SPEED    22   HIGHEST WIND DIRECTION     S (170)
  HIGHEST GUST SPEED    30   HIGHEST GUST DIRECTION     S (170)
  AVERAGE WIND SPEED     8.7


SKY COVER
  AVERAGE SKY COVER 0.8



RELATIVE HUMIDITY (PERCENT)
 HIGHEST    85
 LOWEST     38
 AVERAGE    62

..........................................................


THE ALBANY NY CLIMATE NORMALS FOR TODAY
                         NORMAL    RECORD    YEAR
 MAXIMUM TEMPERATURE (F)   35        63      1981
 MINIMUM TEMPERATURE (F)   18       -21      1973


SUNRISE AND SUNSET
FEBRUARY 18 2018......SUNRISE   648 AM EST   SUNSET   531 PM EST
FEBRUARY 19 2018......SUNRISE   647 AM EST   SUNSET   532 PM EST


-  INDICATES NEGATIVE NUMBERS.
R  INDICATES RECORD WAS SET OR TIED.
MM INDICATES DATA IS MISSING.
T  INDICATES TRACE AMOUNT.




$$
