364
CDUS41 KALY 210622
CLIALB


CLIMATE REPORT
NATIONAL WEATHER SERVICE ALBANY NY
221 AM EDT THU SEP 21 2017


...................................

...THE ALBANY NY CLIMATE SUMMARY FOR SEPTEMBER 20 2017...

CLIMATE NORMAL PERIOD 1981 TO 2010
CLIMATE RECORD PERIOD 1874 TO 2017


WEATHER ITEM   OBSERVED TIME   RECORD YEAR NORMAL DEPARTURE LAST
                VALUE   (LST)  VALUE       VALUE  FROM      YEAR
                                                  NORMAL
..................................................................
TEMPERATURE (F)
 YESTERDAY
  MAXIMUM         80    103 PM  90    1946  71      9       84
  MINIMUM         62    524 AM  30    1979  50     12       59
  AVERAGE         71                        60     11       72

PRECIPITATION (IN)
  YESTERDAY        0.00          1.54 1977   0.12  -0.12     0.00
  MONTH TO DATE    2.57                      2.10   0.47     1.82
  SINCE SEP 1      2.57                      2.10   0.47     1.82
  SINCE JAN 1     34.37                     28.25   6.12    25.27

DEGREE DAYS
 HEATING
  YESTERDAY        0                         6     -6        0
  MONTH TO DATE   65                        64      1       13
  SINCE SEP 1     65                        64      1       13
  SINCE JUL 1     84                        87     -3       14

 COOLING
  YESTERDAY        6                         1      5        7
  MONTH TO DATE   59                        44     15      101
  SINCE SEP 1     59                        44     15      101
  SINCE JAN 1    634                       587     47      889
..................................................................


WIND (MPH)
  HIGHEST WIND SPEED    17   HIGHEST WIND DIRECTION     N (340)
  HIGHEST GUST SPEED    21   HIGHEST GUST DIRECTION    NW (330)
  AVERAGE WIND SPEED     7.5


SKY COVER
  AVERAGE SKY COVER 0.8



RELATIVE HUMIDITY (PERCENT)
 HIGHEST    93
 LOWEST     58
 AVERAGE    76

..........................................................


THE ALBANY NY CLIMATE NORMALS FOR TODAY
                         NORMAL    RECORD    YEAR
 MAXIMUM TEMPERATURE (F)   70        95      1895
 MINIMUM TEMPERATURE (F)   50        29      1973


SUNRISE AND SUNSET
SEPTEMBER 21 2017.....SUNRISE   642 AM EDT   SUNSET   654 PM EDT
SEPTEMBER 22 2017.....SUNRISE   643 AM EDT   SUNSET   652 PM EDT


-  INDICATES NEGATIVE NUMBERS.
R  INDICATES RECORD WAS SET OR TIED.
MM INDICATES DATA IS MISSING.
T  INDICATES TRACE AMOUNT.




$$
