000
CDUS41 KALY 150621
CLIALB


CLIMATE REPORT
NATIONAL WEATHER SERVICE ALBANY NY
221 AM EDT MON SEP 15 2014


...................................

...THE ALBANY NY CLIMATE SUMMARY FOR SEPTEMBER 14 2014...

CLIMATE NORMAL PERIOD 1981 TO 2010
CLIMATE RECORD PERIOD 1874 TO 2014


WEATHER ITEM   OBSERVED TIME   RECORD YEAR NORMAL DEPARTURE LAST
                VALUE   (LST)  VALUE       VALUE  FROM      YEAR
                                                  NORMAL
..................................................................
TEMPERATURE (F)
 YESTERDAY
  MAXIMUM         62    418 PM  93    1931  73    -11       64
  MINIMUM         44   1156 PM  32    1963  52     -8       48
  AVERAGE         53                        63    -10       56

PRECIPITATION (IN)
  YESTERDAY        0.00          2.62 1951   0.11  -0.11      T
  MONTH TO DATE    0.64                      1.43  -0.79     3.89
  SINCE SEP 1      0.64                      1.43  -0.79     3.89
  SINCE JAN 1     27.42                     27.58  -0.16    35.40

DEGREE DAYS
 HEATING
  YESTERDAY       12                         4      8        9
  MONTH TO DATE   36                        35      1       42
  SINCE SEP 1     36                        35      1       42
  SINCE JUL 1     44                        58    -14       48

 COOLING
  YESTERDAY        0                         2     -2        0
  MONTH TO DATE   65                        37     28       64
  SINCE SEP 1     65                        37     28       64
  SINCE JAN 1    632                       580     52      762
..................................................................


WIND (MPH)
  HIGHEST WIND SPEED    12   HIGHEST WIND DIRECTION    NW (330)
  HIGHEST GUST SPEED    15   HIGHEST GUST DIRECTION    NW (330)
  AVERAGE WIND SPEED     4.8


SKY COVER
  AVERAGE SKY COVER 0.5



RELATIVE HUMIDITY (PERCENT)
 HIGHEST    93
 LOWEST     51
 AVERAGE    72

..........................................................


THE ALBANY NY CLIMATE NORMALS FOR TODAY
                         NORMAL    RECORD    YEAR
 MAXIMUM TEMPERATURE (F)   73        92      1915
 MINIMUM TEMPERATURE (F)   52        33      1975


SUNRISE AND SUNSET
SEPTEMBER 15 2014.....SUNRISE   635 AM EDT   SUNSET   705 PM EDT
SEPTEMBER 16 2014.....SUNRISE   636 AM EDT   SUNSET   703 PM EDT


-  INDICATES NEGATIVE NUMBERS.
R  INDICATES RECORD WAS SET OR TIED.
MM INDICATES DATA IS MISSING.
T  INDICATES TRACE AMOUNT.




$$
