247
CDUS41 KALY 010630
CLIALB


CLIMATE REPORT
NATIONAL WEATHER SERVICE ALBANY NY
129 AM EST THU DEC 1 2016


...................................

...THE ALBANY NY CLIMATE SUMMARY FOR NOVEMBER 30 2016...

CLIMATE NORMAL PERIOD 1981 TO 2010
CLIMATE RECORD PERIOD 1874 TO 2016


WEATHER ITEM   OBSERVED TIME   RECORD YEAR NORMAL DEPARTURE LAST
                VALUE   (LST)  VALUE       VALUE  FROM      YEAR
                                                  NORMAL
..................................................................
TEMPERATURE (F)
 YESTERDAY
  MAXIMUM         52    212 PM  67    1933  42     10       39
  MINIMUM         43    514 AM -10    1875  27     16       22
  AVERAGE         48                        34     14       31

PRECIPITATION (IN)
  YESTERDAY        0.23          1.37 2005   0.11   0.12     0.00
  MONTH TO DATE    3.10                      3.29  -0.19     1.75
  SINCE SEP 1      8.18                     10.27  -2.09    11.84
  SINCE JAN 1     31.63                     36.42  -4.79    34.98

SNOWFALL (IN)
  YESTERDAY        0.0           7.1  1972   0.2   -0.2      0.0
  MONTH TO DATE    0.6                       2.8   -2.2       T
  SINCE SEP 1      2.3                       3.1   -0.8       T
  SINCE JUL 1      2.3                       3.1   -0.8       T
  SNOW DEPTH       0

DEGREE DAYS
 HEATING
  YESTERDAY       17                        31    -14       34
  MONTH TO DATE  701                       760    -59      575
  SINCE SEP 1   1155                      1381   -226     1082
  SINCE JUL 1   1156                      1404   -248     1083

 COOLING
  YESTERDAY        0                         0      0        0
  MONTH TO DATE    0                         0      0        0
  SINCE SEP 1    114                        55     59      158
  SINCE JAN 1    902                       598    304      906
..................................................................


WIND (MPH)
  HIGHEST WIND SPEED    21   HIGHEST WIND DIRECTION     S (180)
  HIGHEST GUST SPEED    29   HIGHEST GUST DIRECTION     S (180)
  AVERAGE WIND SPEED     6.2


SKY COVER
  AVERAGE SKY COVER 1.0



RELATIVE HUMIDITY (PERCENT)
 HIGHEST   100
 LOWEST     77
 AVERAGE    89

..........................................................


THE ALBANY NY CLIMATE NORMALS FOR TODAY
                         NORMAL    RECORD    YEAR
 MAXIMUM TEMPERATURE (F)   41        67      1934
 MINIMUM TEMPERATURE (F)   27        -5      1875


SUNRISE AND SUNSET
DECEMBER  1 2016......SUNRISE   706 AM EST   SUNSET   422 PM EST
DECEMBER  2 2016......SUNRISE   707 AM EST   SUNSET   422 PM EST


-  INDICATES NEGATIVE NUMBERS.
R  INDICATES RECORD WAS SET OR TIED.
MM INDICATES DATA IS MISSING.
T  INDICATES TRACE AMOUNT.




$$
