000
CDUS41 KALY 080628
CLIALB


CLIMATE REPORT
NATIONAL WEATHER SERVICE ALBANY NY
127 AM EST FRI DEC 8 2017


...................................

...THE ALBANY NY CLIMATE SUMMARY FOR DECEMBER 7 2017...

CLIMATE NORMAL PERIOD 1981 TO 2010
CLIMATE RECORD PERIOD 1874 TO 2017


WEATHER ITEM   OBSERVED TIME   RECORD YEAR NORMAL DEPARTURE LAST
                VALUE   (LST)  VALUE       VALUE  FROM      YEAR
                                                  NORMAL
..................................................................
TEMPERATURE (F)
 YESTERDAY
  MAXIMUM         41   1156 AM  65    1998  39      2       40
  MINIMUM         26   1155 PM  -7    1901  25      1       32
  AVERAGE         34                        32      2       36

PRECIPITATION (IN)
  YESTERDAY        T             1.43 2011   0.10  -0.10     0.13
  MONTH TO DATE    0.44                      0.74  -0.30     0.49
  SINCE DEC 1      0.44                      0.74  -0.30     0.49
  SINCE JAN 1     38.67                     37.16   1.51    32.12

SNOWFALL (IN)
  YESTERDAY        T             5.5  2003   0.4   -0.4      0.8
  MONTH TO DATE    T                         2.4   -2.4      2.2
  SINCE DEC 1      T                         2.4   -2.4      2.2
  SINCE JUL 1      T                         5.5   -5.5      4.5
  SNOW DEPTH       0

DEGREE DAYS
 HEATING
  YESTERDAY       31                        33     -2       29
  MONTH TO DATE  196                       225    -29      193
  SINCE DEC 1    196                       225    -29      193
  SINCE JUL 1   1310                      1629   -319     1349

 COOLING
  YESTERDAY        0                         0      0        0
  MONTH TO DATE    0                         0      0        0
  SINCE DEC 1      0                         0      0        0
  SINCE JAN 1    714                       598    116      902
..................................................................


WIND (MPH)
  HIGHEST WIND SPEED    15   HIGHEST WIND DIRECTION     W (260)
  HIGHEST GUST SPEED    22   HIGHEST GUST DIRECTION     W (250)
  AVERAGE WIND SPEED     7.2


SKY COVER
  AVERAGE SKY COVER 0.9



RELATIVE HUMIDITY (PERCENT)
 HIGHEST    70
 LOWEST     44
 AVERAGE    57

..........................................................


THE ALBANY NY CLIMATE NORMALS FOR TODAY
                         NORMAL    RECORD    YEAR
 MAXIMUM TEMPERATURE (F)   38        58      1927
 MINIMUM TEMPERATURE (F)   24        -3      1902


SUNRISE AND SUNSET
DECEMBER  8 2017......SUNRISE   713 AM EST   SUNSET   421 PM EST
DECEMBER  9 2017......SUNRISE   714 AM EST   SUNSET   421 PM EST


-  INDICATES NEGATIVE NUMBERS.
R  INDICATES RECORD WAS SET OR TIED.
MM INDICATES DATA IS MISSING.
T  INDICATES TRACE AMOUNT.




$$
