000
CDUS41 KALY 210625
CLIALB


CLIMATE REPORT
NATIONAL WEATHER SERVICE ALBANY NY
225 AM EDT FRI APR 21 2017


...................................

...THE ALBANY NY CLIMATE SUMMARY FOR APRIL 20 2017...

CLIMATE NORMAL PERIOD 1981 TO 2010
CLIMATE RECORD PERIOD 1874 TO 2017


WEATHER ITEM   OBSERVED TIME   RECORD YEAR NORMAL DEPARTURE LAST
                VALUE   (LST)  VALUE       VALUE  FROM      YEAR
                                                  NORMAL
..................................................................
TEMPERATURE (F)
 YESTERDAY
  MAXIMUM         62    410 PM  93    1941  61      1       62
  MINIMUM         46   1254 AM  19    1875  39      7       42
  AVERAGE         54                        50      4       52

PRECIPITATION (IN)
  YESTERDAY        0.11          1.03 1914   0.11   0.00     0.00
  MONTH TO DATE    2.14                      2.14   0.00     1.30
  SINCE MAR 1      6.21                      5.35   0.86     2.48
  SINCE JAN 1     12.19                     10.14   2.05     7.79

SNOWFALL (IN)
  YESTERDAY        0.0           5.8  1947   0.1   -0.1      0.0
  MONTH TO DATE    0.2                       2.0   -1.8      6.4
  SINCE MAR 1     19.6                      13.0    6.6      6.6
  SINCE JUL 1     60.8                      59.9    0.9     16.9
  SNOW DEPTH       0

DEGREE DAYS
 HEATING
  YESTERDAY       11                        15     -4       13
  MONTH TO DATE  288                       385    -97      429
  SINCE MAR 1   1313                      1314     -1     1111
  SINCE JUL 1   5476                      6258   -782     5040

 COOLING
  YESTERDAY        0                         0      0        0
  MONTH TO DATE   16                         0     16        0
  SINCE MAR 1     16                         0     16        0
  SINCE JAN 1     16                         0     16        0
..................................................................


WIND (MPH)
  HIGHEST WIND SPEED    14   HIGHEST WIND DIRECTION    NE (40)
  HIGHEST GUST SPEED    19   HIGHEST GUST DIRECTION     N (340)
  AVERAGE WIND SPEED     5.5


SKY COVER
  AVERAGE SKY COVER 1.0



RELATIVE HUMIDITY (PERCENT)
 HIGHEST    86
 LOWEST     55
 AVERAGE    71

..........................................................


THE ALBANY NY CLIMATE NORMALS FOR TODAY
                         NORMAL    RECORD    YEAR
 MAXIMUM TEMPERATURE (F)   61        89      1923
 MINIMUM TEMPERATURE (F)   39        20      1875


SUNRISE AND SUNSET
APRIL 21 2017.........SUNRISE   604 AM EDT   SUNSET   745 PM EDT
APRIL 22 2017.........SUNRISE   602 AM EDT   SUNSET   746 PM EDT


-  INDICATES NEGATIVE NUMBERS.
R  INDICATES RECORD WAS SET OR TIED.
MM INDICATES DATA IS MISSING.
T  INDICATES TRACE AMOUNT.




$$
