000
CDUS41 KALY 130624
CLIALB


CLIMATE REPORT
NATIONAL WEATHER SERVICE ALBANY NY
224 AM EDT WED SEP 13 2017


...................................

...THE ALBANY NY CLIMATE SUMMARY FOR SEPTEMBER 12 2017...

CLIMATE NORMAL PERIOD 1981 TO 2010
CLIMATE RECORD PERIOD 1874 TO 2017


WEATHER ITEM   OBSERVED TIME   RECORD YEAR NORMAL DEPARTURE LAST
                VALUE   (LST)  VALUE       VALUE  FROM      YEAR
                                                  NORMAL
..................................................................
TEMPERATURE (F)
 YESTERDAY
  MAXIMUM         81    314 PM  94    1947  74      7       77
  MINIMUM         48    600 AM  36    1875  53     -5       49
  AVERAGE         65                        64      1       63

PRECIPITATION (IN)
  YESTERDAY        0.00          3.46 1960   0.10  -0.10     0.00
  MONTH TO DATE    2.39                      1.22   1.17     0.80
  SINCE SEP 1      2.39                      1.22   1.17     0.80
  SINCE JAN 1     34.19                     27.37   6.82    24.25

DEGREE DAYS
 HEATING
  YESTERDAY        0                         3     -3        2
  MONTH TO DATE   65                        27     38        2
  SINCE SEP 1     65                        27     38        2
  SINCE JUL 1     84                        50     34        3

 COOLING
  YESTERDAY        0                         2     -2        0
  MONTH TO DATE    7                        33    -26       72
  SINCE SEP 1      7                        33    -26       72
  SINCE JAN 1    582                       576      6      860
..................................................................


WIND (MPH)
  HIGHEST WIND SPEED     9   HIGHEST WIND DIRECTION    SW (220)
  HIGHEST GUST SPEED    12   HIGHEST GUST DIRECTION     W (270)
  AVERAGE WIND SPEED     1.3


SKY COVER
  AVERAGE SKY COVER 0.5



RELATIVE HUMIDITY (PERCENT)
 HIGHEST   100
 LOWEST     36
 AVERAGE    68

..........................................................


THE ALBANY NY CLIMATE NORMALS FOR TODAY
                         NORMAL    RECORD    YEAR
 MAXIMUM TEMPERATURE (F)   73        92      1948
 MINIMUM TEMPERATURE (F)   53        37      1964


SUNRISE AND SUNSET
SEPTEMBER 13 2017.....SUNRISE   633 AM EDT   SUNSET   708 PM EDT
SEPTEMBER 14 2017.....SUNRISE   634 AM EDT   SUNSET   706 PM EDT


-  INDICATES NEGATIVE NUMBERS.
R  INDICATES RECORD WAS SET OR TIED.
MM INDICATES DATA IS MISSING.
T  INDICATES TRACE AMOUNT.




$$
