000
CDUS41 KALY 211334
CLIALB


CLIMATE REPORT...CORRECTED
NATIONAL WEATHER SERVICE ALBANY NY
933 AM EDT SAT MAY 21 2016


...................................

...THE ALBANY NY CLIMATE SUMMARY FOR MAY 20 2016...

CLIMATE NORMAL PERIOD 1981 TO 2010
CLIMATE RECORD PERIOD 1874 TO 2016


WEATHER ITEM   OBSERVED TIME   RECORD YEAR NORMAL DEPARTURE LAST
                VALUE   (LST)  VALUE       VALUE  FROM      YEAR
                                                  NORMAL
..................................................................
TEMPERATURE (F)
 YESTERDAY
  MAXIMUM         75    344 PM  91    1962  71      4       58
  MINIMUM         42    505 AM  29    2002  48     -6       43
  AVERAGE         59                        59      0       51

PRECIPITATION (IN)
  YESTERDAY        0.00          1.82 1889   0.12  -0.12      T
  MONTH TO DATE    1.79                      2.22  -0.43     0.31
  SINCE MAR 1      4.81                      8.60  -3.79     3.66
  SINCE JAN 1     10.12                     13.39  -3.27     7.98

SNOWFALL (IN)
  YESTERDAY        0.0           0.0    MM   0.0    0.0      0.0
  MONTH TO DATE    0.0                       0.1   -0.1      0.0
  SINCE MAR 1      6.6                      13.4   -6.8      5.3
  SINCE JUL 1     16.9                      60.3  -43.4     75.9
  SNOW DEPTH       0

DEGREE DAYS
 HEATING
  YESTERDAY        6                         6      0       14
  MONTH TO DATE  223                       178     45       57
  SINCE MAR 1   1474                      1627   -153     1653
  SINCE JUL 1   5403                      6571  -1168     6783

 COOLING
  YESTERDAY        0                         1     -1        0
  MONTH TO DATE    0                         9     -9       63
  SINCE MAR 1      2                        13    -11       63
  SINCE JAN 1      2                        13    -11       63
..................................................................


WIND (MPH)
  HIGHEST WIND SPEED    12   HIGHEST WIND DIRECTION    NW (310)
  HIGHEST GUST SPEED    15   HIGHEST GUST DIRECTION     N (10)
  AVERAGE WIND SPEED     2.5


SKY COVER
  AVERAGE SKY COVER 0.3



RELATIVE HUMIDITY (PERCENT)
 HIGHEST    89
 LOWEST     29
 AVERAGE    59

..........................................................


THE ALBANY NY CLIMATE NORMALS FOR TODAY
                         NORMAL    RECORD    YEAR
 MAXIMUM TEMPERATURE (F)   71        92      1941
 MINIMUM TEMPERATURE (F)   49        32      1949


SUNRISE AND SUNSET
MAY 21 2016...........SUNRISE   527 AM EDT   SUNSET   818 PM EDT
MAY 22 2016...........SUNRISE   526 AM EDT   SUNSET   818 PM EDT


-  INDICATES NEGATIVE NUMBERS.
R  INDICATES RECORD WAS SET OR TIED.
MM INDICATES DATA IS MISSING.
T  INDICATES TRACE AMOUNT.




$$
