000
CDUS41 KALY 150624
CLIALB


CLIMATE REPORT
NATIONAL WEATHER SERVICE ALBANY NY
123 AM EST THU FEB 15 2018


...................................

...THE ALBANY NY CLIMATE SUMMARY FOR FEBRUARY 14 2018...

CLIMATE NORMAL PERIOD 1981 TO 2010
CLIMATE RECORD PERIOD 1874 TO 2018


WEATHER ITEM   OBSERVED TIME   RECORD YEAR NORMAL DEPARTURE LAST
                VALUE   (LST)  VALUE       VALUE  FROM      YEAR
                                                  NORMAL
..................................................................
TEMPERATURE (F)
 YESTERDAY
  MAXIMUM         45    411 PM  63    1946  34     11       36
  MINIMUM         28    138 AM -13    2016  17     11       15
  AVERAGE         37                        26     11       26

PRECIPITATION (IN)
  YESTERDAY        0.00          1.51 1914   0.08  -0.08      T
  MONTH TO DATE    1.43                      1.08   0.35     2.13
  SINCE DEC 1      5.75                      6.60  -0.85     7.01
  SINCE JAN 1      3.82                      3.67   0.15     5.26

SNOWFALL (IN)
  YESTERDAY        0.0          23.5  1914   0.4   -0.4       T
  MONTH TO DATE    8.3                       6.4    1.9     22.2
  SINCE DEC 1     33.2                      38.0   -4.8     38.9
  SINCE JUL 1     33.2                      41.1   -7.9     41.2
  SNOW DEPTH       3

DEGREE DAYS
 HEATING
  YESTERDAY       28                        39    -11       39
  MONTH TO DATE  546                       569    -23      538
  SINCE DEC 1   3070                      3016     54     2665
  SINCE JUL 1   4184                      4420   -236     3821

 COOLING
  YESTERDAY        0                         0      0        0
  MONTH TO DATE    0                         0      0        0
  SINCE DEC 1      0                         0      0        0
  SINCE JAN 1      0                         0      0        0
..................................................................


WIND (MPH)
  HIGHEST WIND SPEED    16   HIGHEST WIND DIRECTION     S (180)
  HIGHEST GUST SPEED    24   HIGHEST GUST DIRECTION     S (190)
  AVERAGE WIND SPEED     8.9


SKY COVER
  AVERAGE SKY COVER 0.7



RELATIVE HUMIDITY (PERCENT)
 HIGHEST    76
 LOWEST     50
 AVERAGE    63

..........................................................


THE ALBANY NY CLIMATE NORMALS FOR TODAY
                         NORMAL    RECORD    YEAR
 MAXIMUM TEMPERATURE (F)   35        55      2006
 MINIMUM TEMPERATURE (F)   17       -22      1943


SUNRISE AND SUNSET
FEBRUARY 15 2018......SUNRISE   652 AM EST   SUNSET   527 PM EST
FEBRUARY 16 2018......SUNRISE   651 AM EST   SUNSET   528 PM EST


-  INDICATES NEGATIVE NUMBERS.
R  INDICATES RECORD WAS SET OR TIED.
MM INDICATES DATA IS MISSING.
T  INDICATES TRACE AMOUNT.




$$
