000
CDUS41 KALY 290622
CLIALB


CLIMATE REPORT
NATIONAL WEATHER SERVICE ALBANY NY
222 AM EDT MON JUN 29 2015


...................................

...THE ALBANY NY CLIMATE SUMMARY FOR JUNE 28 2015...

CLIMATE NORMAL PERIOD 1981 TO 2010
CLIMATE RECORD PERIOD 1874 TO 2015


WEATHER ITEM   OBSERVED TIME   RECORD YEAR NORMAL DEPARTURE LAST
                VALUE   (LST)  VALUE       VALUE  FROM      YEAR
                                                  NORMAL
..................................................................
TEMPERATURE (F)
 YESTERDAY
  MAXIMUM         64    218 PM  99    1901  81    -17       86
  MINIMUM         55    422 AM  45    1970  60     -5       58
  AVERAGE         60                        70    -10       72

PRECIPITATION (IN)
  YESTERDAY        0.79          2.01 1892   0.12   0.67     0.00
  MONTH TO DATE    6.62                      3.55   3.07     4.77
  SINCE JUN 1      6.62                      3.55   3.07     4.77
  SINCE JAN 1     15.34                     18.33  -2.99    18.33

DEGREE DAYS
 HEATING
  YESTERDAY        5                         1      4        0
  MONTH TO DATE   50                        53     -3       12
  SINCE JUN 1     50                        53     -3       12
  SINCE JUL 1   6872                      6681    191     6978

 COOLING
  YESTERDAY        0                         6     -6        7
  MONTH TO DATE  110                       105      5      125
  SINCE JUN 1    110                       105      5      125
  SINCE JAN 1    233                       135     98      160
..................................................................


WIND (MPH)
  HIGHEST WIND SPEED    12   HIGHEST WIND DIRECTION     N (340)
  HIGHEST GUST SPEED    16   HIGHEST GUST DIRECTION     N (10)
  AVERAGE WIND SPEED     5.8


SKY COVER
  AVERAGE SKY COVER 1.0



RELATIVE HUMIDITY (PERCENT)
 HIGHEST    93
 LOWEST     78
 AVERAGE    86

..........................................................


THE ALBANY NY CLIMATE NORMALS FOR TODAY
                         NORMAL    RECORD    YEAR
 MAXIMUM TEMPERATURE (F)   81        96      1944
 MINIMUM TEMPERATURE (F)   60        44      1970


SUNRISE AND SUNSET
JUNE 29 2015..........SUNRISE   520 AM EDT   SUNSET   837 PM EDT
JUNE 30 2015..........SUNRISE   520 AM EDT   SUNSET   837 PM EDT


-  INDICATES NEGATIVE NUMBERS.
R  INDICATES RECORD WAS SET OR TIED.
MM INDICATES DATA IS MISSING.
T  INDICATES TRACE AMOUNT.




$$
