000
CDUS41 KALY 262046
CLIALB


CLIMATE REPORT
NATIONAL WEATHER SERVICE ALBANY NY
445 PM EDT WED AUG 26 2015


...................................

...THE ALBANY NY CLIMATE SUMMARY FOR AUGUST 26 2015...
VALID TODAY AS OF 0400 PM LOCAL TIME.

CLIMATE NORMAL PERIOD 1981 TO 2010
CLIMATE RECORD PERIOD 1874 TO 2015


WEATHER ITEM   OBSERVED TIME   RECORD YEAR NORMAL DEPARTURE LAST
                VALUE   (LST)  VALUE       VALUE  FROM      YEAR
                                                  NORMAL
..................................................................
TEMPERATURE (F)
 TODAY
  MAXIMUM         79    323 PM  98    1948  79      0       86
  MINIMUM         58    547 AM  40    1942  59     -1       60
  AVERAGE         69                        69      0       73

PRECIPITATION (IN)
  TODAY            0.00          2.32 1961   0.10  -0.10     0.00
  MONTH TO DATE    4.30                      2.97   1.33     1.54
  SINCE JUN 1     14.42                     10.88   3.54    13.18
  SINCE JAN 1     23.14                     25.66  -2.52    26.74

DEGREE DAYS
 HEATING
  TODAY            0                         1     -1        0
  MONTH TO DATE    0                         9     -9        6
  SINCE JUN 1     52                        66    -14       18
  SINCE JUL 1      1                        14    -13        6

 COOLING
  TODAY            4                         5     -1        8
  MONTH TO DATE  234                       158     76      122
  SINCE JUN 1    600                       494    106      507
  SINCE JAN 1    723                       524    199      542
..................................................................


WIND (MPH)
  HIGHEST WIND SPEED    15   HIGHEST WIND DIRECTION     W (280)
  HIGHEST GUST SPEED    18   HIGHEST GUST DIRECTION     W (290)
  AVERAGE WIND SPEED     4.8


SKY COVER
  AVERAGE SKY COVER 0.4



RELATIVE HUMIDITY (PERCENT)
 HIGHEST    75           500 AM
 LOWEST     39           300 PM
 AVERAGE    57

..........................................................


THE ALBANY NY CLIMATE NORMALS FOR TOMORROW
                         NORMAL    RECORD    YEAR
 MAXIMUM TEMPERATURE (F)   79        97      1948
 MINIMUM TEMPERATURE (F)   58        41      1969


SUNRISE AND SUNSET
AUGUST 26 2015........SUNRISE   613 AM EDT   SUNSET   740 PM EDT
AUGUST 27 2015........SUNRISE   614 AM EDT   SUNSET   739 PM EDT


-  INDICATES NEGATIVE NUMBERS.
R  INDICATES RECORD WAS SET OR TIED.
MM INDICATES DATA IS MISSING.
T  INDICATES TRACE AMOUNT.




$$
