000
CDUS41 KALY 220623
CLIALB


CLIMATE REPORT
NATIONAL WEATHER SERVICE ALBANY NY
122 AM EST THU JAN 22 2015


...................................

...THE ALBANY NY CLIMATE SUMMARY FOR JANUARY 21 2015...

CLIMATE NORMAL PERIOD 1981 TO 2010
CLIMATE RECORD PERIOD 1874 TO 2015


WEATHER ITEM   OBSERVED TIME   RECORD YEAR NORMAL DEPARTURE LAST
                VALUE   (LST)  VALUE       VALUE  FROM      YEAR
                                                  NORMAL
..................................................................
TEMPERATURE (F)
 YESTERDAY
  MAXIMUM         24    421 PM  61    2006  30     -6       15
  MINIMUM          8    745 AM -18    1994  14     -6        2
  AVERAGE         16                        22     -6        9

PRECIPITATION (IN)
  YESTERDAY        0.00          1.37 1979   0.08  -0.08     0.00
  MONTH TO DATE    1.68                      1.75  -0.07     2.25
  SINCE DEC 1      7.05                      4.68   2.37     5.63
  SINCE JAN 1      1.68                      1.75  -0.07     2.25

SNOWFALL (IN)
  YESTERDAY        0.0           7.2  1990   0.6   -0.6      0.0
  MONTH TO DATE    6.3                      12.2   -5.9     13.2
  SINCE DEC 1     18.5                      25.9   -7.4     33.2
  SINCE JUL 1     30.8                      28.7    2.1     35.3
  SNOW DEPTH       0

DEGREE DAYS
 HEATING
  YESTERDAY       49                        43      6       56
  MONTH TO DATE  931                       894     37      877
  SINCE DEC 1   1929                      2025    -96     2031
  SINCE JUL 1   3204                      3429   -225     3401

 COOLING
  YESTERDAY        0                         0      0        0
  MONTH TO DATE    0                         0      0        0
  SINCE DEC 1      0                         0      0        0
  SINCE JAN 1      0                         0      0        0
..................................................................


WIND (MPH)
  HIGHEST WIND SPEED     8   HIGHEST WIND DIRECTION     W (290)
  HIGHEST GUST SPEED    11   HIGHEST GUST DIRECTION     W (290)
  AVERAGE WIND SPEED     2.0


SKY COVER
  AVERAGE SKY COVER 0.6



RELATIVE HUMIDITY (PERCENT)
 HIGHEST    80
 LOWEST     46
 AVERAGE    63

..........................................................


THE ALBANY NY CLIMATE NORMALS FOR TODAY
                         NORMAL    RECORD    YEAR
 MAXIMUM TEMPERATURE (F)   30        62      1906
 MINIMUM TEMPERATURE (F)   14       -20      1984


SUNRISE AND SUNSET
JANUARY 22 2015.......SUNRISE   719 AM EST   SUNSET   455 PM EST
JANUARY 23 2015.......SUNRISE   718 AM EST   SUNSET   456 PM EST


-  INDICATES NEGATIVE NUMBERS.
R  INDICATES RECORD WAS SET OR TIED.
MM INDICATES DATA IS MISSING.
T  INDICATES TRACE AMOUNT.




$$
