000
CDUS41 KALY 140640
CLIALB


CLIMATE REPORT
NATIONAL WEATHER SERVICE ALBANY NY
240 AM EDT MON APR 14 2014


...................................

...THE ALBANY NY CLIMATE SUMMARY FOR APRIL 13 2014...

CLIMATE NORMAL PERIOD 1981 TO 2010
CLIMATE RECORD PERIOD 1874 TO 2014


WEATHER ITEM   OBSERVED TIME   RECORD YEAR NORMAL DEPARTURE LAST
                VALUE   (LST)  VALUE       VALUE  FROM      YEAR
                                                  NORMAL
..................................................................
TEMPERATURE (F)
 YESTERDAY
  MAXIMUM         79    517 PM  87    1977  57     22       51
  MINIMUM         42    229 AM  19    1874  37      5       37
  AVERAGE         61                        47     14       44

PRECIPITATION (IN)
  YESTERDAY        0.03          1.13 1987   0.11  -0.08     0.01
  MONTH TO DATE    0.33                      1.41  -1.08     1.42
  SINCE MAR 1      3.05                      4.62  -1.57     3.91
  SINCE JAN 1      8.84                      9.41  -0.57     7.04

SNOWFALL (IN)
  YESTERDAY        0.0           5.5  1950   0.1   -0.1      0.0
  MONTH TO DATE    T                         1.5   -1.5      1.2
  SINCE MAR 1      5.9                      11.7   -5.8     20.7
  SINCE JUL 1     71.1                      58.2   12.9     51.4
  SNOW DEPTH       0

DEGREE DAYS
 HEATING
  YESTERDAY        4                        18    -14       21
  MONTH TO DATE  238                       269    -31      297
  SINCE MAR 1   1385                      1198    187     1256
  SINCE JUL 1   6502                      6142    360     5794

 COOLING
  YESTERDAY        0                         0      0        0
  MONTH TO DATE    0                         0      0        0
  SINCE MAR 1      0                         0      0        0
  SINCE JAN 1      0                         0      0        0
..................................................................


WIND (MPH)
  HIGHEST WIND SPEED    25   HIGHEST WIND DIRECTION     S (180)
  HIGHEST GUST SPEED    38   HIGHEST GUST DIRECTION     S (160)
  AVERAGE WIND SPEED    11.3


SKY COVER
  AVERAGE SKY COVER 0.7



RELATIVE HUMIDITY (PERCENT)
 HIGHEST    80
 LOWEST     35
 AVERAGE    58

..........................................................


THE ALBANY NY CLIMATE NORMALS FOR TODAY
                         NORMAL    RECORD    YEAR
 MAXIMUM TEMPERATURE (F)   58        83      1968
 MINIMUM TEMPERATURE (F)   37        19      1973


SUNRISE AND SUNSET
APRIL 14 2014.........SUNRISE   615 AM EDT   SUNSET   736 PM EDT
APRIL 15 2014.........SUNRISE   614 AM EDT   SUNSET   737 PM EDT


-  INDICATES NEGATIVE NUMBERS.
R  INDICATES RECORD WAS SET OR TIED.
MM INDICATES DATA IS MISSING.
T  INDICATES TRACE AMOUNT.




$$
