031
CDUS41 KALY 170623
CLIALB


CLIMATE REPORT
NATIONAL WEATHER SERVICE ALBANY NY
222 AM EDT FRI MAR 17 2017


...................................

...THE ALBANY NY CLIMATE SUMMARY FOR MARCH 16 2017...

CLIMATE NORMAL PERIOD 1981 TO 2010
CLIMATE RECORD PERIOD 1874 TO 2017


WEATHER ITEM   OBSERVED TIME   RECORD YEAR NORMAL DEPARTURE LAST
                VALUE   (LST)  VALUE       VALUE  FROM      YEAR
                                                  NORMAL
..................................................................
TEMPERATURE (F)
 YESTERDAY
  MAXIMUM         32    346 PM  82    1990  44    -12       64
  MINIMUM         18    411 AM   4    1980  26     -8       44
  AVERAGE         25                        35    -10       54

PRECIPITATION (IN)
  YESTERDAY        0.00          1.24 1900   0.10  -0.10     0.25
  MONTH TO DATE    1.79                      1.57   0.22     0.68
  SINCE MAR 1      1.79                      1.57   0.22     0.68
  SINCE JAN 1      7.77                      6.36   1.41     5.99

SNOWFALL (IN)
  YESTERDAY        0.0          13.4  1956   0.3   -0.3      0.0
  MONTH TO DATE   17.2                       6.8   10.4       T
  SINCE MAR 1     17.2                       6.8   10.4       T
  SINCE JUL 1     58.4                      53.7    4.7     10.3
  SNOW DEPTH      14

DEGREE DAYS
 HEATING
  YESTERDAY       40                        30     10       11
  MONTH TO DATE  576                       525     51      364
  SINCE MAR 1    576                       525     51      364
  SINCE JUL 1   4739                      5469   -730     4293

 COOLING
  YESTERDAY        0                         0      0        0
  MONTH TO DATE    0                         0      0        0
  SINCE MAR 1      0                         0      0        0
  SINCE JAN 1      0                         0      0        0
..................................................................


WIND (MPH)
  HIGHEST WIND SPEED    32   HIGHEST WIND DIRECTION    NW (300)
  HIGHEST GUST SPEED    40   HIGHEST GUST DIRECTION     W (290)
  AVERAGE WIND SPEED    17.5


SKY COVER
  AVERAGE SKY COVER 0.6



RELATIVE HUMIDITY (PERCENT)
 HIGHEST    62
 LOWEST     39
 AVERAGE    51

..........................................................


THE ALBANY NY CLIMATE NORMALS FOR TODAY
                         NORMAL    RECORD    YEAR
 MAXIMUM TEMPERATURE (F)   45        75      1990
 MINIMUM TEMPERATURE (F)   26        -1      1916


SUNRISE AND SUNSET
MARCH 17 2017.........SUNRISE   703 AM EDT   SUNSET   704 PM EDT
MARCH 18 2017.........SUNRISE   702 AM EDT   SUNSET   705 PM EDT


-  INDICATES NEGATIVE NUMBERS.
R  INDICATES RECORD WAS SET OR TIED.
MM INDICATES DATA IS MISSING.
T  INDICATES TRACE AMOUNT.




$$
