000
CDUS41 KALY 120624
CLIALB


CLIMATE REPORT
NATIONAL WEATHER SERVICE ALBANY NY
224 AM EDT FRI SEP 12 2014


...................................

...THE ALBANY NY CLIMATE SUMMARY FOR SEPTEMBER 11 2014...

CLIMATE NORMAL PERIOD 1981 TO 2010
CLIMATE RECORD PERIOD 1874 TO 2014


WEATHER ITEM   OBSERVED TIME   RECORD YEAR NORMAL DEPARTURE LAST
                VALUE   (LST)  VALUE       VALUE  FROM      YEAR
                                                  NORMAL
..................................................................
TEMPERATURE (F)
 YESTERDAY
  MAXIMUM         74    219 PM  98    1931  74      0       93
  MINIMUM         60   1159 PM  36    1917  54      6       70
  AVERAGE         67                        64      3       82

PRECIPITATION (IN)
  YESTERDAY        0.01          1.53 1997   0.11  -0.10     0.41
  MONTH TO DATE    0.18                      1.12  -0.94     1.47
  SINCE SEP 1      0.18                      1.12  -0.94     1.47
  SINCE JAN 1     26.96                     27.27  -0.31    32.98

DEGREE DAYS
 HEATING
  YESTERDAY        0                         3     -3        0
  MONTH TO DATE    4                        24    -20       31
  SINCE SEP 1      4                        24    -20       31
  SINCE JUL 1     12                        47    -35       37

 COOLING
  YESTERDAY        2                         2      0       17
  MONTH TO DATE   65                        31     34       53
  SINCE SEP 1     65                        31     34       53
  SINCE JAN 1    632                       574     58      751
..................................................................


WIND (MPH)
  HIGHEST WIND SPEED    26   HIGHEST WIND DIRECTION    NW (310)
  HIGHEST GUST SPEED    37   HIGHEST GUST DIRECTION     S (160)
  AVERAGE WIND SPEED    16.6


SKY COVER
  AVERAGE SKY COVER 0.9



RELATIVE HUMIDITY (PERCENT)
 HIGHEST    81
 LOWEST     61
 AVERAGE    71

..........................................................


THE ALBANY NY CLIMATE NORMALS FOR TODAY
                         NORMAL    RECORD    YEAR
 MAXIMUM TEMPERATURE (F)   74        94      1947
 MINIMUM TEMPERATURE (F)   53        36      1875


SUNRISE AND SUNSET
SEPTEMBER 12 2014.....SUNRISE   632 AM EDT   SUNSET   710 PM EDT
SEPTEMBER 13 2014.....SUNRISE   633 AM EDT   SUNSET   709 PM EDT


-  INDICATES NEGATIVE NUMBERS.
R  INDICATES RECORD WAS SET OR TIED.
MM INDICATES DATA IS MISSING.
T  INDICATES TRACE AMOUNT.




$$
