000
CDUS41 KALY 210625
CLIALB


CLIMATE REPORT
NATIONAL WEATHER SERVICE ALBANY NY
124 AM EST WED JAN 21 2015


...................................

...THE ALBANY NY CLIMATE SUMMARY FOR JANUARY 20 2015...

CLIMATE NORMAL PERIOD 1981 TO 2010
CLIMATE RECORD PERIOD 1874 TO 2015


WEATHER ITEM   OBSERVED TIME   RECORD YEAR NORMAL DEPARTURE LAST
                VALUE   (LST)  VALUE       VALUE  FROM      YEAR
                                                  NORMAL
..................................................................
TEMPERATURE (F)
 YESTERDAY
  MAXIMUM         31    213 PM  53    2006  30      1       36
                                      1986
  MINIMUM         17   1159 PM -22    1970  14      3       15
  AVERAGE         24                        22      2       26

PRECIPITATION (IN)
  YESTERDAY        T             0.92 1898   0.09  -0.09      T
  MONTH TO DATE    1.68                      1.67   0.01     2.25
  SINCE DEC 1      7.05                      4.60   2.45     5.63
  SINCE JAN 1      1.68                      1.67   0.01     2.25

SNOWFALL (IN)
  YESTERDAY        T             8.7  1978   0.6   -0.6      0.5
  MONTH TO DATE    6.3                      11.6   -5.3     13.2
  SINCE DEC 1     18.5                      25.3   -6.8     33.2
  SINCE JUL 1     30.8                      28.1    2.7     35.3
  SNOW DEPTH       0

DEGREE DAYS
 HEATING
  YESTERDAY       41                        43     -2       39
  MONTH TO DATE  882                       851     31      821
  SINCE DEC 1   1880                      1982   -102     1975
  SINCE JUL 1   3155                      3386   -231     3345

 COOLING
  YESTERDAY        0                         0      0        0
  MONTH TO DATE    0                         0      0        0
  SINCE DEC 1      0                         0      0        0
  SINCE JAN 1      0                         0      0        0
..................................................................


WIND (MPH)
  HIGHEST WIND SPEED    21   HIGHEST WIND DIRECTION     W (280)
  HIGHEST GUST SPEED    26   HIGHEST GUST DIRECTION     W (290)
  AVERAGE WIND SPEED    10.9


SKY COVER
  AVERAGE SKY COVER 0.6



RELATIVE HUMIDITY (PERCENT)
 HIGHEST    69
 LOWEST     39
 AVERAGE    54

..........................................................


THE ALBANY NY CLIMATE NORMALS FOR TODAY
                         NORMAL    RECORD    YEAR
 MAXIMUM TEMPERATURE (F)   30        61      2006
 MINIMUM TEMPERATURE (F)   14       -18      1994


SUNRISE AND SUNSET
JANUARY 21 2015.......SUNRISE   720 AM EST   SUNSET   454 PM EST
JANUARY 22 2015.......SUNRISE   719 AM EST   SUNSET   455 PM EST


-  INDICATES NEGATIVE NUMBERS.
R  INDICATES RECORD WAS SET OR TIED.
MM INDICATES DATA IS MISSING.
T  INDICATES TRACE AMOUNT.




$$
