630
CDUS41 KALY 220622
CLIALB


CLIMATE REPORT
NATIONAL WEATHER SERVICE ALBANY NY
221 AM EDT THU SEP 22 2016


...................................

...THE ALBANY NY CLIMATE SUMMARY FOR SEPTEMBER 21 2016...

CLIMATE NORMAL PERIOD 1981 TO 2010
CLIMATE RECORD PERIOD 1874 TO 2016


WEATHER ITEM   OBSERVED TIME   RECORD YEAR NORMAL DEPARTURE LAST
                VALUE   (LST)  VALUE       VALUE  FROM      YEAR
                                                  NORMAL
..................................................................
TEMPERATURE (F)
 YESTERDAY
  MAXIMUM         80    456 PM  95    1895  70     10       67
  MINIMUM         58   1148 PM  29    1973  50      8       47
  AVERAGE         69                        60      9       57

PRECIPITATION (IN)
  YESTERDAY        0.00          3.25 1938   0.13  -0.13     0.00
  MONTH TO DATE    1.82                      2.23  -0.41     3.04
  SINCE SEP 1      1.82                      2.23  -0.41     3.04
  SINCE JAN 1     25.27                     28.38  -3.11    26.18

DEGREE DAYS
 HEATING
  YESTERDAY        0                         6     -6        8
  MONTH TO DATE   13                        70    -57       13
  SINCE SEP 1     13                        70    -57       13
  SINCE JUL 1     14                        93    -79       14

 COOLING
  YESTERDAY        4                         1      3        0
  MONTH TO DATE  105                        45     60      149
  SINCE SEP 1    105                        45     60      149
  SINCE JAN 1    893                       588    305      897
..................................................................


WIND (MPH)
  HIGHEST WIND SPEED     9   HIGHEST WIND DIRECTION    SW (230)
  HIGHEST GUST SPEED    13   HIGHEST GUST DIRECTION     N (350)
  AVERAGE WIND SPEED     2.9


SKY COVER
  AVERAGE SKY COVER 0.5



RELATIVE HUMIDITY (PERCENT)
 HIGHEST    90
 LOWEST     32
 AVERAGE    61

..........................................................


THE ALBANY NY CLIMATE NORMALS FOR TODAY
                         NORMAL    RECORD    YEAR
 MAXIMUM TEMPERATURE (F)   70        95      1895
 MINIMUM TEMPERATURE (F)   49        31      1962


SUNRISE AND SUNSET
SEPTEMBER 22 2016.....SUNRISE   643 AM EDT   SUNSET   652 PM EDT
SEPTEMBER 23 2016.....SUNRISE   644 AM EDT   SUNSET   650 PM EDT


-  INDICATES NEGATIVE NUMBERS.
R  INDICATES RECORD WAS SET OR TIED.
MM INDICATES DATA IS MISSING.
T  INDICATES TRACE AMOUNT.




$$
