000
CDUS41 KALY 110632
CLIALB


CLIMATE REPORT
NATIONAL WEATHER SERVICE ALBANY NY
131 AM EST SUN FEB 11 2018


...................................

...THE ALBANY NY CLIMATE SUMMARY FOR FEBRUARY 10 2018...

CLIMATE NORMAL PERIOD 1981 TO 2010
CLIMATE RECORD PERIOD 1874 TO 2018


WEATHER ITEM   OBSERVED TIME   RECORD YEAR NORMAL DEPARTURE LAST
                VALUE   (LST)  VALUE       VALUE  FROM      YEAR
                                                  NORMAL
..................................................................
TEMPERATURE (F)
 YESTERDAY
  MAXIMUM         43    420 PM  53    1955  33     10       23
  MINIMUM         30   1251 AM -21    1948  16     14        3
  AVERAGE         37                        25     12       13

PRECIPITATION (IN)
  YESTERDAY        0.18          0.60 1909   0.07   0.11     0.07
  MONTH TO DATE    1.16                      0.77   0.39     1.37
  SINCE DEC 1      5.48                      6.29  -0.81     6.25
  SINCE JAN 1      3.55                      3.36   0.19     4.50

SNOWFALL (IN)
  YESTERDAY       MM             4.0  1892   0.5   MM        1.0
  MONTH TO DATE    8.3                       4.7    3.6     13.8
  SINCE DEC 1     33.2                      36.3   -3.1     30.5
  SINCE JUL 1     33.2                      39.4   -6.2     32.8
  SNOW DEPTH       6

DEGREE DAYS
 HEATING
  YESTERDAY       28                        40    -12       52
  MONTH TO DATE  409                       410     -1      383
  SINCE DEC 1   2933                      2857     76     2510
  SINCE JUL 1   4047                      4261   -214     3666

 COOLING
  YESTERDAY        0                         0      0        0
  MONTH TO DATE    0                         0      0        0
  SINCE DEC 1      0                         0      0        0
  SINCE JAN 1      0                         0      0        0
..................................................................


WIND (MPH)
  HIGHEST WIND SPEED    16   HIGHEST WIND DIRECTION     S (170)
  HIGHEST GUST SPEED    24   HIGHEST GUST DIRECTION     S (170)
  AVERAGE WIND SPEED     9.1


SKY COVER
  AVERAGE SKY COVER 1.0



RELATIVE HUMIDITY (PERCENT)
 HIGHEST    92
 LOWEST     66
 AVERAGE    79

..........................................................


THE ALBANY NY CLIMATE NORMALS FOR TODAY
                         NORMAL    RECORD    YEAR
 MAXIMUM TEMPERATURE (F)   34        59      1981
 MINIMUM TEMPERATURE (F)   17       -18      1962


SUNRISE AND SUNSET
FEBRUARY 11 2018......SUNRISE   658 AM EST   SUNSET   522 PM EST
FEBRUARY 12 2018......SUNRISE   656 AM EST   SUNSET   523 PM EST


-  INDICATES NEGATIVE NUMBERS.
R  INDICATES RECORD WAS SET OR TIED.
MM INDICATES DATA IS MISSING.
T  INDICATES TRACE AMOUNT.




$$
