000
CDUS41 KALY 090623
CLIALB


CLIMATE REPORT
NATIONAL WEATHER SERVICE ALBANY NY
223 AM EDT WED APR 9 2014


...................................

...THE ALBANY NY CLIMATE SUMMARY FOR APRIL 8 2014...

CLIMATE NORMAL PERIOD 1981 TO 2010
CLIMATE RECORD PERIOD 1874 TO 2014


WEATHER ITEM   OBSERVED TIME   RECORD YEAR NORMAL DEPARTURE LAST
                VALUE   (LST)  VALUE       VALUE  FROM      YEAR
                                                  NORMAL
..................................................................
TEMPERATURE (F)
 YESTERDAY
  MAXIMUM         65    149 PM  88    1929  55     10       61
  MINIMUM         42   1017 PM  19    1982  35      7       40
  AVERAGE         54                        45      9       51

PRECIPITATION (IN)
  YESTERDAY        0.04          1.50 1914   0.11  -0.07      T
  MONTH TO DATE    0.16                      0.86  -0.70     0.07
  SINCE MAR 1      2.88                      4.07  -1.19     2.56
  SINCE JAN 1      8.67                      8.86  -0.19     5.69

SNOWFALL (IN)
  YESTERDAY        0.0           4.5  1907   0.1   -0.1      0.0
  MONTH TO DATE    T                         1.0   -1.0      1.2
  SINCE MAR 1      5.9                      11.2   -5.3     20.7
  SINCE JUL 1     71.1                      57.7   13.4     51.4
  SNOW DEPTH       0

DEGREE DAYS
 HEATING
  YESTERDAY       11                        20     -9       14
  MONTH TO DATE  167                       174     -7      199
  SINCE MAR 1   1314                      1103    211     1158
  SINCE JUL 1   6431                      6047    384     5696

 COOLING
  YESTERDAY        0                         0      0        0
  MONTH TO DATE    0                         0      0        0
  SINCE MAR 1      0                         0      0        0
  SINCE JAN 1      0                         0      0        0
..................................................................


WIND (MPH)
  HIGHEST WIND SPEED    29   HIGHEST WIND DIRECTION    NW (310)
  HIGHEST GUST SPEED    37   HIGHEST GUST DIRECTION     W (270)
  AVERAGE WIND SPEED    11.3


SKY COVER
  AVERAGE SKY COVER 0.6



RELATIVE HUMIDITY (PERCENT)
 HIGHEST    89
 LOWEST     56
 AVERAGE    73

..........................................................


THE ALBANY NY CLIMATE NORMALS FOR TODAY
                         NORMAL    RECORD    YEAR
 MAXIMUM TEMPERATURE (F)   55        77      1991
 MINIMUM TEMPERATURE (F)   35        16      1977


SUNRISE AND SUNSET
APRIL  9 2014.........SUNRISE   624 AM EDT   SUNSET   730 PM EDT
APRIL 10 2014.........SUNRISE   622 AM EDT   SUNSET   732 PM EDT


-  INDICATES NEGATIVE NUMBERS.
R  INDICATES RECORD WAS SET OR TIED.
MM INDICATES DATA IS MISSING.
T  INDICATES TRACE AMOUNT.




$$
