000
CDUS41 KALY 100626
CLIALB


CLIMATE REPORT
NATIONAL WEATHER SERVICE ALBANY NY
225 AM EDT SAT JUN 10 2017


...................................

...THE ALBANY NY CLIMATE SUMMARY FOR JUNE 9 2017...

CLIMATE NORMAL PERIOD 1981 TO 2010
CLIMATE RECORD PERIOD 1874 TO 2017


WEATHER ITEM   OBSERVED TIME   RECORD YEAR NORMAL DEPARTURE LAST
                VALUE   (LST)  VALUE       VALUE  FROM      YEAR
                                                  NORMAL
..................................................................
TEMPERATURE (F)
 YESTERDAY
  MAXIMUM         79    401 PM 100    1933  76      3       65
  MINIMUM         57    503 AM  37    1977  55      2       50
  AVERAGE         68                        66      2       58

PRECIPITATION (IN)
  YESTERDAY        0.00          2.30 1904   0.14  -0.14     0.00
  MONTH TO DATE    1.84                      1.18   0.66     1.50
  SINCE JUN 1      1.84                      1.18   0.66     1.50
  SINCE JAN 1     20.75                     15.96   4.79    12.26

DEGREE DAYS
 HEATING
  YESTERDAY        0                         2     -2        7
  MONTH TO DATE   46                        28     18       13
  SINCE JUN 1     46                        28     18       13
  SINCE JUL 1   5863                      6656   -793     5429

 COOLING
  YESTERDAY        3                         3      0        0
  MONTH TO DATE    3                        21    -18       42
  SINCE JUN 1      3                        21    -18       42
  SINCE JAN 1     53                        51      2      117
..................................................................


WIND (MPH)
  HIGHEST WIND SPEED    24   HIGHEST WIND DIRECTION     W (280)
  HIGHEST GUST SPEED    32   HIGHEST GUST DIRECTION     W (270)
  AVERAGE WIND SPEED     8.1


SKY COVER
  AVERAGE SKY COVER 0.6



RELATIVE HUMIDITY (PERCENT)
 HIGHEST    65
 LOWEST     31
 AVERAGE    48

..........................................................


THE ALBANY NY CLIMATE NORMALS FOR TODAY
                         NORMAL    RECORD    YEAR
 MAXIMUM TEMPERATURE (F)   77        96      2008
 MINIMUM TEMPERATURE (F)   55        36      1975


SUNRISE AND SUNSET
JUNE 10 2017..........SUNRISE   517 AM EDT   SUNSET   833 PM EDT
JUNE 11 2017..........SUNRISE   517 AM EDT   SUNSET   833 PM EDT


-  INDICATES NEGATIVE NUMBERS.
R  INDICATES RECORD WAS SET OR TIED.
MM INDICATES DATA IS MISSING.
T  INDICATES TRACE AMOUNT.




$$
