000
CDUS41 KALY 140626
CLIALB


CLIMATE REPORT
NATIONAL WEATHER SERVICE ALBANY NY
225 AM EDT TUE OCT 14 2014


...................................

...THE ALBANY NY CLIMATE SUMMARY FOR OCTOBER 13 2014...

CLIMATE NORMAL PERIOD 1981 TO 2010
CLIMATE RECORD PERIOD 1874 TO 2014


WEATHER ITEM   OBSERVED TIME   RECORD YEAR NORMAL DEPARTURE LAST
                VALUE   (LST)  VALUE       VALUE  FROM      YEAR
                                                  NORMAL
..................................................................
TEMPERATURE (F)
 YESTERDAY
  MAXIMUM         63    236 PM  81    1930  61      2       69
  MINIMUM         33    351 AM  24    1981  40     -7       52
  AVERAGE         48                        51     -3       61

PRECIPITATION (IN)
  YESTERDAY        0.00          2.17 1927   0.12  -0.12     0.00
  MONTH TO DATE    0.59                      1.57  -0.98     1.84
  SINCE SEP 1      1.48                      4.87  -3.39     6.65
  SINCE JAN 1     28.26                     31.02  -2.76    38.16

SNOWFALL (IN)
  YESTERDAY        0.0           T    1934   0.0    0.0      0.0
  MONTH TO DATE    0.0                       0.0    0.0      0.0
  SINCE SEP 1      0.0                       0.0    0.0      0.0
  SINCE JUL 1      0.0                       0.0    0.0      0.0
  SNOW DEPTH       0

DEGREE DAYS
 HEATING
  YESTERDAY       17                        15      2        4
  MONTH TO DATE  121                       160    -39       86
  SINCE SEP 1    243                       304    -61      252
  SINCE JUL 1    251                       327    -76      258

 COOLING
  YESTERDAY        0                         0      0        0
  MONTH TO DATE    2                         0      2        0
  SINCE SEP 1     76                        51     25       65
  SINCE JAN 1    643                       594     49      763
..................................................................


WIND (MPH)
  HIGHEST WIND SPEED    18   HIGHEST WIND DIRECTION     S (170)
  HIGHEST GUST SPEED    26   HIGHEST GUST DIRECTION     S (190)
  AVERAGE WIND SPEED     7.0


SKY COVER
  AVERAGE SKY COVER 0.8



RELATIVE HUMIDITY (PERCENT)
 HIGHEST    92
 LOWEST     56
 AVERAGE    74

..........................................................


THE ALBANY NY CLIMATE NORMALS FOR TODAY
                         NORMAL    RECORD    YEAR
 MAXIMUM TEMPERATURE (F)   61        81      1920
 MINIMUM TEMPERATURE (F)   40        21      1958


SUNRISE AND SUNSET
OCTOBER 14 2014.......SUNRISE   707 AM EDT   SUNSET   615 PM EDT
OCTOBER 15 2014.......SUNRISE   708 AM EDT   SUNSET   613 PM EDT


-  INDICATES NEGATIVE NUMBERS.
R  INDICATES RECORD WAS SET OR TIED.
MM INDICATES DATA IS MISSING.
T  INDICATES TRACE AMOUNT.




$$
