000
CDUS41 KALY 290622
CLIALB


CLIMATE REPORT
NATIONAL WEATHER SERVICE ALBANY NY
221 AM EDT SUN MAY 29 2016


...................................

...THE ALBANY NY CLIMATE SUMMARY FOR MAY 28 2016...

CLIMATE NORMAL PERIOD 1981 TO 2010
CLIMATE RECORD PERIOD 1874 TO 2016


WEATHER ITEM   OBSERVED TIME   RECORD YEAR NORMAL DEPARTURE LAST
                VALUE   (LST)  VALUE       VALUE  FROM      YEAR
                                                  NORMAL
..................................................................
TEMPERATURE (F)
 YESTERDAY
  MAXIMUM         93R   439 PM  91    1911  73     20       84
  MINIMUM         67    439 AM  33    1994  51     16       61
  AVERAGE         80                        62     18       73

PRECIPITATION (IN)
  YESTERDAY        0.00          1.13 1882   0.12  -0.12      T
  MONTH TO DATE    1.82                      3.23  -1.41     0.42
  SINCE MAR 1      4.84                      9.61  -4.77     3.77
  SINCE JAN 1     10.15                     14.40  -4.25     8.09

SNOWFALL (IN)
  YESTERDAY        0.0           T    1902   0.0    0.0      0.0
  MONTH TO DATE    0.0                       0.1   -0.1      0.0
  SINCE MAR 1      6.6                      13.4   -6.8      5.3
  SINCE JUL 1     16.9                      60.3  -43.4     75.9
  SNOW DEPTH       0

DEGREE DAYS
 HEATING
  YESTERDAY        0                         5     -5        0
  MONTH TO DATE  236                       222     14       91
  SINCE MAR 1   1487                      1671   -184     1687
  SINCE JUL 1   5416                      6615  -1199     6817

 COOLING
  YESTERDAY       15                         2     13        8
  MONTH TO DATE   43                        18     25      108
  SINCE MAR 1     45                        22     23      108
  SINCE JAN 1     45                        22     23      108
..................................................................


WIND (MPH)
  HIGHEST WIND SPEED    12   HIGHEST WIND DIRECTION     W (280)
  HIGHEST GUST SPEED    17   HIGHEST GUST DIRECTION     W (290)
  AVERAGE WIND SPEED     2.6


SKY COVER
  AVERAGE SKY COVER 0.6



RELATIVE HUMIDITY (PERCENT)
 HIGHEST    93
 LOWEST     33
 AVERAGE    63

..........................................................


THE ALBANY NY CLIMATE NORMALS FOR TODAY
                         NORMAL    RECORD    YEAR
 MAXIMUM TEMPERATURE (F)   73        93      1931
 MINIMUM TEMPERATURE (F)   51        34      1956


SUNRISE AND SUNSET
MAY 29 2016...........SUNRISE   521 AM EDT   SUNSET   825 PM EDT
MAY 30 2016...........SUNRISE   520 AM EDT   SUNSET   826 PM EDT


-  INDICATES NEGATIVE NUMBERS.
R  INDICATES RECORD WAS SET OR TIED.
MM INDICATES DATA IS MISSING.
T  INDICATES TRACE AMOUNT.




$$
