000
CDUS41 KALY 260624
CLIALB


CLIMATE REPORT
NATIONAL WEATHER SERVICE ALBANY NY
223 AM EDT WED APR 26 2017


...................................

...THE ALBANY NY CLIMATE SUMMARY FOR APRIL 25 2017...

CLIMATE NORMAL PERIOD 1981 TO 2010
CLIMATE RECORD PERIOD 1874 TO 2017


WEATHER ITEM   OBSERVED TIME   RECORD YEAR NORMAL DEPARTURE LAST
                VALUE   (LST)  VALUE       VALUE  FROM      YEAR
                                                  NORMAL
..................................................................
TEMPERATURE (F)
 YESTERDAY
  MAXIMUM         56    405 PM  89    2009  63     -7       59
  MINIMUM         45    529 AM  23    1965  41      4       45
  AVERAGE         51                        52     -1       52

PRECIPITATION (IN)
  YESTERDAY        0.17          1.75 1945   0.10   0.07      T
  MONTH TO DATE    2.79                      2.63   0.16     1.33
  SINCE MAR 1      6.86                      5.84   1.02     2.51
  SINCE JAN 1     12.84                     10.63   2.21     7.82

SNOWFALL (IN)
  YESTERDAY        0.0           0.3  1928   0.1   -0.1      0.0
  MONTH TO DATE    0.2                       2.2   -2.0      6.4
  SINCE MAR 1     19.6                      13.2    6.4      6.6
  SINCE JUL 1     60.8                      60.1    0.7     16.9
  SNOW DEPTH       0

DEGREE DAYS
 HEATING
  YESTERDAY       14                        14      0       13
  MONTH TO DATE  351                       457   -106      483
  SINCE MAR 1   1376                      1386    -10     1165
  SINCE JUL 1   5539                      6330   -791     5094

 COOLING
  YESTERDAY        0                         0      0        0
  MONTH TO DATE   16                         0     16        2
  SINCE MAR 1     16                         0     16        2
  SINCE JAN 1     16                         0     16        2
..................................................................


WIND (MPH)
  HIGHEST WIND SPEED    12   HIGHEST WIND DIRECTION    NE (60)
  HIGHEST GUST SPEED    18   HIGHEST GUST DIRECTION     E (70)
  AVERAGE WIND SPEED     5.7


SKY COVER
  AVERAGE SKY COVER 1.0



RELATIVE HUMIDITY (PERCENT)
 HIGHEST    89
 LOWEST     49
 AVERAGE    69

..........................................................


THE ALBANY NY CLIMATE NORMALS FOR TODAY
                         NORMAL    RECORD    YEAR
 MAXIMUM TEMPERATURE (F)   63        90      1990
 MINIMUM TEMPERATURE (F)   41        24      1972


SUNRISE AND SUNSET
APRIL 26 2017.........SUNRISE   556 AM EDT   SUNSET   750 PM EDT
APRIL 27 2017.........SUNRISE   555 AM EDT   SUNSET   751 PM EDT


-  INDICATES NEGATIVE NUMBERS.
R  INDICATES RECORD WAS SET OR TIED.
MM INDICATES DATA IS MISSING.
T  INDICATES TRACE AMOUNT.




$$
