000
CDUS41 KALY 090624
CLIALB


CLIMATE REPORT
NATIONAL WEATHER SERVICE ALBANY NY
223 AM EDT WED AUG 9 2017


...................................

...THE ALBANY NY CLIMATE SUMMARY FOR AUGUST 8 2017...

CLIMATE NORMAL PERIOD 1981 TO 2010
CLIMATE RECORD PERIOD 1874 TO 2017


WEATHER ITEM   OBSERVED TIME   RECORD YEAR NORMAL DEPARTURE LAST
                VALUE   (LST)  VALUE       VALUE  FROM      YEAR
                                                  NORMAL
..................................................................
TEMPERATURE (F)
 YESTERDAY
  MAXIMUM         80    356 PM  95    1983  82     -2       84
  MINIMUM         58   1116 PM  46    1948  61     -3       59
  AVERAGE         69                        71     -2       72

PRECIPITATION (IN)
  YESTERDAY        0.01          1.18 1975   0.12  -0.11     0.00
  MONTH TO DATE    1.00                      1.00   0.00     1.38
  SINCE JUN 1     10.13                      8.91   1.22    10.13
  SINCE JAN 1     29.04                     23.69   5.35    20.89

DEGREE DAYS
 HEATING
  YESTERDAY        0                         0      0        0
  MONTH TO DATE    0                         0      0        0
  SINCE JUN 1     53                        57     -4       38
  SINCE JUL 1      2                         5     -3        0

 COOLING
  YESTERDAY        4                         7     -3        7
  MONTH TO DATE   53                        56     -3       64
  SINCE JUN 1    420                       392     28      492
  SINCE JAN 1    470                       422     48      567
..................................................................


WIND (MPH)
  HIGHEST WIND SPEED    18   HIGHEST WIND DIRECTION     W (270)
  HIGHEST GUST SPEED    22   HIGHEST GUST DIRECTION     W (290)
  AVERAGE WIND SPEED     6.8


SKY COVER
  AVERAGE SKY COVER 0.6



RELATIVE HUMIDITY (PERCENT)
 HIGHEST    93
 LOWEST     42
 AVERAGE    68

..........................................................


THE ALBANY NY CLIMATE NORMALS FOR TODAY
                         NORMAL    RECORD    YEAR
 MAXIMUM TEMPERATURE (F)   82        96      2001
 MINIMUM TEMPERATURE (F)   61        46      1989


SUNRISE AND SUNSET
AUGUST  9 2017........SUNRISE   555 AM EDT   SUNSET   805 PM EDT
AUGUST 10 2017........SUNRISE   556 AM EDT   SUNSET   804 PM EDT


-  INDICATES NEGATIVE NUMBERS.
R  INDICATES RECORD WAS SET OR TIED.
MM INDICATES DATA IS MISSING.
T  INDICATES TRACE AMOUNT.




$$
