000
CDUS41 KALY 210624
CLIALB


CLIMATE REPORT
NATIONAL WEATHER SERVICE ALBANY NY
224 AM EDT TUE JUL 21 2015


...................................

...THE ALBANY NY CLIMATE SUMMARY FOR JULY 20 2015...

CLIMATE NORMAL PERIOD 1981 TO 2010
CLIMATE RECORD PERIOD 1874 TO 2015


WEATHER ITEM   OBSERVED TIME   RECORD YEAR NORMAL DEPARTURE LAST
                VALUE   (LST)  VALUE       VALUE  FROM      YEAR
                                                  NORMAL
..................................................................
TEMPERATURE (F)
 YESTERDAY
  MAXIMUM         87    309 PM  97    1991  83      4       80
  MINIMUM         69   1159 PM  49    1974  62      7       62
  AVERAGE         78                        72      6       71

PRECIPITATION (IN)
  YESTERDAY        0.00          2.34 1945   0.14  -0.14      T
  MONTH TO DATE    2.81                      2.66   0.15     3.93
  SINCE JUN 1      9.51                      6.45   3.06     8.70
  SINCE JAN 1     18.23                     21.23  -3.00    22.26

DEGREE DAYS
 HEATING
  YESTERDAY        0                         0      0        0
  MONTH TO DATE    1                         0      1        0
  SINCE JUN 1     52                        52      0       12
  SINCE JUL 1      1                         0      1        0

 COOLING
  YESTERDAY       13                         7      6        6
  MONTH TO DATE  142                       137      5      159
  SINCE JUN 1    253                       255     -2      307
  SINCE JAN 1    376                       285     91      342
..................................................................


WIND (MPH)
  HIGHEST WIND SPEED    20   HIGHEST WIND DIRECTION     W (280)
  HIGHEST GUST SPEED    24   HIGHEST GUST DIRECTION     W (260)
  AVERAGE WIND SPEED     6.4


SKY COVER
  AVERAGE SKY COVER 0.6



RELATIVE HUMIDITY (PERCENT)
 HIGHEST    93
 LOWEST     32
 AVERAGE    63

..........................................................


THE ALBANY NY CLIMATE NORMALS FOR TODAY
                         NORMAL    RECORD    YEAR
 MAXIMUM TEMPERATURE (F)   83       101      1930
 MINIMUM TEMPERATURE (F)   62        45      1974


SUNRISE AND SUNSET
JULY 21 2015..........SUNRISE   536 AM EDT   SUNSET   827 PM EDT
JULY 22 2015..........SUNRISE   536 AM EDT   SUNSET   826 PM EDT


-  INDICATES NEGATIVE NUMBERS.
R  INDICATES RECORD WAS SET OR TIED.
MM INDICATES DATA IS MISSING.
T  INDICATES TRACE AMOUNT.




$$
