000
CDUS41 KALY 060625
CLIALB


CLIMATE REPORT
NATIONAL WEATHER SERVICE ALBANY NY
124 AM EST MON FEB 6 2017


...................................

...THE ALBANY NY CLIMATE SUMMARY FOR FEBRUARY 5 2017...

CLIMATE NORMAL PERIOD 1981 TO 2010
CLIMATE RECORD PERIOD 1874 TO 2017


WEATHER ITEM   OBSERVED TIME   RECORD YEAR NORMAL DEPARTURE LAST
                VALUE   (LST)  VALUE       VALUE  FROM      YEAR
                                                  NORMAL
..................................................................
TEMPERATURE (F)
 YESTERDAY
  MAXIMUM         37   1111 PM  59    1890  32      5       41
  MINIMUM         22   1245 AM -15    1918  15      7       24
  AVERAGE         30                        24      6       33

PRECIPITATION (IN)
  YESTERDAY        T             1.66 1920   0.08  -0.08     0.00
  MONTH TO DATE    0.06                      0.39  -0.33     0.35
  SINCE DEC 1      4.94                      5.91  -0.97     5.26
  SINCE JAN 1      3.19                      2.98   0.21     1.59

SNOWFALL (IN)
  YESTERDAY        T            10.4  2014   0.5   -0.5      0.0
  MONTH TO DATE    1.3                       2.4   -1.1      0.0
  SINCE DEC 1     18.0                      34.0  -16.0      5.5
  SINCE JUL 1     20.3                      37.1  -16.8      5.5
  SNOW DEPTH       0

DEGREE DAYS
 HEATING
  YESTERDAY       35                        41     -6       32
  MONTH TO DATE  187                       207    -20      118
  SINCE DEC 1   2314                      2654   -340     1976
  SINCE JUL 1   3470                      4058   -588     3059

 COOLING
  YESTERDAY        0                         0      0        0
  MONTH TO DATE    0                         0      0        0
  SINCE DEC 1      0                         0      0        0
  SINCE JAN 1      0                         0      0        0
..................................................................


WIND (MPH)
  HIGHEST WIND SPEED    30   HIGHEST WIND DIRECTION    NW (300)
  HIGHEST GUST SPEED    37   HIGHEST GUST DIRECTION    NW (310)
  AVERAGE WIND SPEED    11.1


SKY COVER
  AVERAGE SKY COVER 0.9



RELATIVE HUMIDITY (PERCENT)
 HIGHEST    59
 LOWEST     39
 AVERAGE    49

..........................................................


THE ALBANY NY CLIMATE NORMALS FOR TODAY
                         NORMAL    RECORD    YEAR
 MAXIMUM TEMPERATURE (F)   33        55      1991
 MINIMUM TEMPERATURE (F)   16       -20      1948


SUNRISE AND SUNSET
FEBRUARY  6 2017......SUNRISE   704 AM EST   SUNSET   515 PM EST
FEBRUARY  7 2017......SUNRISE   702 AM EST   SUNSET   517 PM EST


-  INDICATES NEGATIVE NUMBERS.
R  INDICATES RECORD WAS SET OR TIED.
MM INDICATES DATA IS MISSING.
T  INDICATES TRACE AMOUNT.




$$
