000
CDUS41 KALY 230628
CLIALB


CLIMATE REPORT
NATIONAL WEATHER SERVICE ALBANY NY
227 AM EDT MON MAY 23 2016


...................................

...THE ALBANY NY CLIMATE SUMMARY FOR MAY 22 2016...

CLIMATE NORMAL PERIOD 1981 TO 2010
CLIMATE RECORD PERIOD 1874 TO 2016


WEATHER ITEM   OBSERVED TIME   RECORD YEAR NORMAL DEPARTURE LAST
                VALUE   (LST)  VALUE       VALUE  FROM      YEAR
                                                  NORMAL
..................................................................
TEMPERATURE (F)
 YESTERDAY
  MAXIMUM         75    424 PM  97    1911  71      4       67
  MINIMUM         54    416 AM  33    2002  49      5       47
  AVERAGE         65                        60      5       57

PRECIPITATION (IN)
  YESTERDAY        T             1.15 2013   0.12  -0.12     0.00
  MONTH TO DATE    1.79                      2.46  -0.67     0.31
  SINCE MAR 1      4.81                      8.84  -4.03     3.66
  SINCE JAN 1     10.12                     13.63  -3.51     7.98

SNOWFALL (IN)
  YESTERDAY        0.0           0.0    MM   0.0    0.0      0.0
  MONTH TO DATE    0.0                       0.1   -0.1      0.0
  SINCE MAR 1      6.6                      13.4   -6.8      5.3
  SINCE JUL 1     16.9                      60.3  -43.4     75.9
  SNOW DEPTH       0

DEGREE DAYS
 HEATING
  YESTERDAY        0                         6     -6        8
  MONTH TO DATE  231                       190     41       76
  SINCE MAR 1   1482                      1639   -157     1672
  SINCE JUL 1   5411                      6583  -1172     6802

 COOLING
  YESTERDAY        0                         1     -1        0
  MONTH TO DATE    0                        11    -11       63
  SINCE MAR 1      2                        15    -13       63
  SINCE JAN 1      2                        15    -13       63
..................................................................


WIND (MPH)
  HIGHEST WIND SPEED    24   HIGHEST WIND DIRECTION    NE (50)
  HIGHEST GUST SPEED    33   HIGHEST GUST DIRECTION     E (70)
  AVERAGE WIND SPEED     5.0


SKY COVER
  AVERAGE SKY COVER 0.9



RELATIVE HUMIDITY (PERCENT)
 HIGHEST    83
 LOWEST     38
 AVERAGE    61

..........................................................


THE ALBANY NY CLIMATE NORMALS FOR TODAY
                         NORMAL    RECORD    YEAR
 MAXIMUM TEMPERATURE (F)   72        93      1964
 MINIMUM TEMPERATURE (F)   49        36      1967


SUNRISE AND SUNSET
MAY 23 2016...........SUNRISE   525 AM EDT   SUNSET   819 PM EDT
MAY 24 2016...........SUNRISE   524 AM EDT   SUNSET   820 PM EDT


-  INDICATES NEGATIVE NUMBERS.
R  INDICATES RECORD WAS SET OR TIED.
MM INDICATES DATA IS MISSING.
T  INDICATES TRACE AMOUNT.




$$
