000
CDUS41 KALY 070625
CLIALB


CLIMATE REPORT
NATIONAL WEATHER SERVICE ALBANY NY
123 AM EST SUN JAN 7 2018


...................................

...THE ALBANY NY CLIMATE SUMMARY FOR JANUARY 6 2018...

CLIMATE NORMAL PERIOD 1981 TO 2010
CLIMATE RECORD PERIOD 1874 TO 2018


WEATHER ITEM   OBSERVED TIME   RECORD YEAR NORMAL DEPARTURE LAST
                VALUE   (LST)  VALUE       VALUE  FROM      YEAR
                                                  NORMAL
..................................................................
TEMPERATURE (F)
 YESTERDAY
  MAXIMUM          7    328 PM  71    2007  31    -24       26
  MINIMUM         -2   1159 PM -19    1996  15    -17       12
  AVERAGE          3                        23    -20       19

PRECIPITATION (IN)
  YESTERDAY        0.00          1.22 1910   0.09  -0.09      T
  MONTH TO DATE    0.27                      0.50  -0.23     0.62
  SINCE DEC 1      2.20                      3.43  -1.23     2.37
  SINCE JAN 1      0.27                      0.50  -0.23     0.62

SNOWFALL (IN)
  YESTERDAY        0.0          12.7  2002   0.6   -0.6      0.1
  MONTH TO DATE    4.9                       3.4    1.5      0.4
  SINCE DEC 1     17.0                      17.1   -0.1     12.5
  SINCE JUL 1     17.0                      20.2   -3.2     14.8
  SNOW DEPTH       5

DEGREE DAYS
 HEATING
  YESTERDAY       62                        42     20       46
  MONTH TO DATE  336                       251     85      224
  SINCE DEC 1   1575                      1382    193     1291
  SINCE JUL 1   2689                      2786    -97     2447

 COOLING
  YESTERDAY        0                         0      0        0
  MONTH TO DATE    0                         0      0        0
  SINCE DEC 1      0                         0      0        0
  SINCE JAN 1      0                         0      0        0
..................................................................


WIND (MPH)
  HIGHEST WIND SPEED    33   HIGHEST WIND DIRECTION     W (290)
  HIGHEST GUST SPEED    44   HIGHEST GUST DIRECTION     W (280)
  AVERAGE WIND SPEED    18.8


SKY COVER
  AVERAGE SKY COVER 0.5



RELATIVE HUMIDITY (PERCENT)
 HIGHEST    62
 LOWEST     45
 AVERAGE    54

..........................................................


THE ALBANY NY CLIMATE NORMALS FOR TODAY
                         NORMAL    RECORD    YEAR
 MAXIMUM TEMPERATURE (F)   31        56      1915
 MINIMUM TEMPERATURE (F)   15       -12      1878


SUNRISE AND SUNSET
JANUARY  7 2018.......SUNRISE   725 AM EST   SUNSET   438 PM EST
JANUARY  8 2018.......SUNRISE   725 AM EST   SUNSET   439 PM EST


-  INDICATES NEGATIVE NUMBERS.
R  INDICATES RECORD WAS SET OR TIED.
MM INDICATES DATA IS MISSING.
T  INDICATES TRACE AMOUNT.




$$
