000
CDUS41 KALY 130623
CLIALB


CLIMATE REPORT
NATIONAL WEATHER SERVICE ALBANY NY
222 AM EDT WED AUG 13 2014


...................................

...THE ALBANY NY CLIMATE SUMMARY FOR AUGUST 12 2014...

CLIMATE NORMAL PERIOD 1981 TO 2010
CLIMATE RECORD PERIOD 1874 TO 2014


WEATHER ITEM   OBSERVED TIME   RECORD YEAR NORMAL DEPARTURE LAST
                VALUE   (LST)  VALUE       VALUE  FROM      YEAR
                                                  NORMAL
..................................................................
TEMPERATURE (F)
 YESTERDAY
  MAXIMUM         75    344 PM  99    1944  81     -6       82
  MINIMUM         66    537 AM  46    1987  61      5       56
  AVERAGE         71                        71      0       69

PRECIPITATION (IN)
  YESTERDAY        0.02          1.30 1888   0.12  -0.10     0.00
  MONTH TO DATE    0.63                      1.48  -0.85     0.79
  SINCE JUN 1     12.27                      9.39   2.88    14.86
  SINCE JAN 1     25.83                     24.17   1.66    29.60

DEGREE DAYS
 HEATING
  YESTERDAY        0                         0      0        0
  MONTH TO DATE    0                         0      0        0
  SINCE JUN 1     12                        57    -45       57
  SINCE JUL 1      0                         5     -5        2

 COOLING
  YESTERDAY        6                         6      0        4
  MONTH TO DATE   77                        81     -4       54
  SINCE JUN 1    462                       417     45      548
  SINCE JAN 1    497                       447     50      597
..................................................................


WIND (MPH)
  HIGHEST WIND SPEED    15   HIGHEST WIND DIRECTION     S (170)
  HIGHEST GUST SPEED    20   HIGHEST GUST DIRECTION    SE (150)
  AVERAGE WIND SPEED     7.0


SKY COVER
  AVERAGE SKY COVER 0.9



RELATIVE HUMIDITY (PERCENT)
 HIGHEST    81
 LOWEST     61
 AVERAGE    71

..........................................................


THE ALBANY NY CLIMATE NORMALS FOR TODAY
                         NORMAL    RECORD    YEAR
 MAXIMUM TEMPERATURE (F)   81        98      1947
 MINIMUM TEMPERATURE (F)   61        43      1957


SUNRISE AND SUNSET
AUGUST 13 2014........SUNRISE   559 AM EDT   SUNSET   800 PM EDT
AUGUST 14 2014........SUNRISE   600 AM EDT   SUNSET   759 PM EDT


-  INDICATES NEGATIVE NUMBERS.
R  INDICATES RECORD WAS SET OR TIED.
MM INDICATES DATA IS MISSING.
T  INDICATES TRACE AMOUNT.




$$
