000
CDUS41 KALY 190627
CLIALB


CLIMATE REPORT
NATIONAL WEATHER SERVICE ALBANY NY
125 AM EST MON JAN 19 2015


...................................

...THE ALBANY NY CLIMATE SUMMARY FOR JANUARY 18 2015...

CLIMATE NORMAL PERIOD 1981 TO 2010
CLIMATE RECORD PERIOD 1874 TO 2015


WEATHER ITEM   OBSERVED TIME   RECORD YEAR NORMAL DEPARTURE LAST
                VALUE   (LST)  VALUE       VALUE  FROM      YEAR
                                                  NORMAL
..................................................................
TEMPERATURE (F)
 YESTERDAY
  MAXIMUM         40    252 PM  59    1973  30     10       34
  MINIMUM         24    209 AM -19    1957  14     10       21
  AVERAGE         32                        22     10       28

PRECIPITATION (IN)
  YESTERDAY        0.59          1.72 2006   0.09   0.50     0.04
  MONTH TO DATE    1.68                      1.50   0.18     2.24
  SINCE DEC 1      7.05                      4.43   2.62     5.62
  SINCE JAN 1      1.68                      1.50   0.18     2.24

SNOWFALL (IN)
  YESTERDAY        0.0           7.9  1891   0.5   -0.5      1.4
  MONTH TO DATE    6.3                      10.4   -4.1     12.4
  SINCE DEC 1     18.5                      24.1   -5.6     32.4
  SINCE JUL 1     30.8                      26.9    3.9     34.5
  SNOW DEPTH       1

DEGREE DAYS
 HEATING
  YESTERDAY       33                        43    -10       37
  MONTH TO DATE  810                       765     45      745
  SINCE DEC 1   1808                      1896    -88     1899
  SINCE JUL 1   3083                      3300   -217     3269

 COOLING
  YESTERDAY        0                         0      0        0
  MONTH TO DATE    0                         0      0        0
  SINCE DEC 1      0                         0      0        0
  SINCE JAN 1      0                         0      0        0
..................................................................


WIND (MPH)
  HIGHEST WIND SPEED    21   HIGHEST WIND DIRECTION     S (170)
  HIGHEST GUST SPEED    30   HIGHEST GUST DIRECTION     S (160)
  AVERAGE WIND SPEED     9.7


SKY COVER
  AVERAGE SKY COVER 0.8



RELATIVE HUMIDITY (PERCENT)
 HIGHEST    92
 LOWEST     50
 AVERAGE    71

..........................................................


THE ALBANY NY CLIMATE NORMALS FOR TODAY
                         NORMAL    RECORD    YEAR
 MAXIMUM TEMPERATURE (F)   30        60      1966
 MINIMUM TEMPERATURE (F)   14       -28      1971


SUNRISE AND SUNSET
JANUARY 19 2015.......SUNRISE   721 AM EST   SUNSET   451 PM EST
JANUARY 20 2015.......SUNRISE   720 AM EST   SUNSET   453 PM EST


-  INDICATES NEGATIVE NUMBERS.
R  INDICATES RECORD WAS SET OR TIED.
MM INDICATES DATA IS MISSING.
T  INDICATES TRACE AMOUNT.




$$
