000
CDUS41 KALY 260622
CLIALB


CLIMATE REPORT
NATIONAL WEATHER SERVICE ALBANY NY
221 AM EDT FRI JUN 26 2015


...................................

...THE ALBANY NY CLIMATE SUMMARY FOR JUNE 25 2015...

CLIMATE NORMAL PERIOD 1981 TO 2010
CLIMATE RECORD PERIOD 1874 TO 2015


WEATHER ITEM   OBSERVED TIME   RECORD YEAR NORMAL DEPARTURE LAST
                VALUE   (LST)  VALUE       VALUE  FROM      YEAR
                                                  NORMAL
..................................................................
TEMPERATURE (F)
 YESTERDAY
  MAXIMUM         82    249 PM  95    1898  80      2       84
  MINIMUM         56    505 AM  45    1979  59     -3       69
  AVERAGE         69                        70     -1       77

PRECIPITATION (IN)
  YESTERDAY        T             1.61 2014   0.13  -0.13     1.61
  MONTH TO DATE    5.60                      3.19   2.41     4.74
  SINCE JUN 1      5.60                      3.19   2.41     4.74
  SINCE JAN 1     14.32                     17.97  -3.65    18.30

DEGREE DAYS
 HEATING
  YESTERDAY        0                         1     -1        0
  MONTH TO DATE   44                        50     -6       12
  SINCE JUN 1     44                        50     -6       12
  SINCE JUL 1   6866                      6678    188     6978

 COOLING
  YESTERDAY        4                         5     -1       12
  MONTH TO DATE  106                        87     19      103
  SINCE JUN 1    106                        87     19      103
  SINCE JAN 1    229                       117    112      138
..................................................................


WIND (MPH)
  HIGHEST WIND SPEED    16   HIGHEST WIND DIRECTION     W (260)
  HIGHEST GUST SPEED    21   HIGHEST GUST DIRECTION     W (270)
  AVERAGE WIND SPEED     6.5


SKY COVER
  AVERAGE SKY COVER 0.7



RELATIVE HUMIDITY (PERCENT)
 HIGHEST    72
 LOWEST     33
 AVERAGE    53

..........................................................


THE ALBANY NY CLIMATE NORMALS FOR TODAY
                         NORMAL    RECORD    YEAR
 MAXIMUM TEMPERATURE (F)   81        99      1951
 MINIMUM TEMPERATURE (F)   59        39      1979


SUNRISE AND SUNSET
JUNE 26 2015..........SUNRISE   518 AM EDT   SUNSET   838 PM EDT
JUNE 27 2015..........SUNRISE   519 AM EDT   SUNSET   838 PM EDT


-  INDICATES NEGATIVE NUMBERS.
R  INDICATES RECORD WAS SET OR TIED.
MM INDICATES DATA IS MISSING.
T  INDICATES TRACE AMOUNT.




$$
