000
CDUS41 KALY 110622
CLIALB


CLIMATE REPORT
NATIONAL WEATHER SERVICE ALBANY NY
221 AM EDT THU AUG 11 2016


...................................

...THE ALBANY NY CLIMATE SUMMARY FOR AUGUST 10 2016...

CLIMATE NORMAL PERIOD 1981 TO 2010
CLIMATE RECORD PERIOD 1874 TO 2016


WEATHER ITEM   OBSERVED TIME   RECORD YEAR NORMAL DEPARTURE LAST
                VALUE   (LST)  VALUE       VALUE  FROM      YEAR
                                                  NORMAL
..................................................................
TEMPERATURE (F)
 YESTERDAY
  MAXIMUM         84    445 PM  96    1949  81      3       85
  MINIMUM         70    717 AM  48    1955  61      9       65
  AVERAGE         77                        71      6       75

PRECIPITATION (IN)
  YESTERDAY        1.08          1.94 1953   0.12   0.96      T
  MONTH TO DATE    2.46                      1.25   1.21     0.52
  SINCE JUN 1     11.21                      9.16   2.05    10.64
  SINCE JAN 1     21.97                     23.94  -1.97    19.36

DEGREE DAYS
 HEATING
  YESTERDAY        0                         0      0        0
  MONTH TO DATE    0                         0      0        0
  SINCE JUN 1     38                        57    -19       52
  SINCE JUL 1      0                         5     -5        1

 COOLING
  YESTERDAY       12                         6      6       10
  MONTH TO DATE   83                        69     14       74
  SINCE JUN 1    511                       405    106      440
  SINCE JAN 1    586                       435    151      563
..................................................................


WIND (MPH)
  HIGHEST WIND SPEED    14   HIGHEST WIND DIRECTION     S (170)
  HIGHEST GUST SPEED    19   HIGHEST GUST DIRECTION     S (170)
  AVERAGE WIND SPEED     5.7


SKY COVER
  AVERAGE SKY COVER 0.8



RELATIVE HUMIDITY (PERCENT)
 HIGHEST    97
 LOWEST     54
 AVERAGE    76

..........................................................


THE ALBANY NY CLIMATE NORMALS FOR TODAY
                         NORMAL    RECORD    YEAR
 MAXIMUM TEMPERATURE (F)   81        98      1944
 MINIMUM TEMPERATURE (F)   61        46      1941


SUNRISE AND SUNSET
AUGUST 11 2016........SUNRISE   558 AM EDT   SUNSET   802 PM EDT
AUGUST 12 2016........SUNRISE   559 AM EDT   SUNSET   801 PM EDT


-  INDICATES NEGATIVE NUMBERS.
R  INDICATES RECORD WAS SET OR TIED.
MM INDICATES DATA IS MISSING.
T  INDICATES TRACE AMOUNT.




$$
