000
CDUS41 KALY 152144
CLIALB


CLIMATE REPORT
NATIONAL WEATHER SERVICE ALBANY NY
443 PM EST MON DEC 15 2014


...................................

...THE ALBANY NY CLIMATE SUMMARY FOR DECEMBER 15 2014...
VALID TODAY AS OF 0400 PM LOCAL TIME.

CLIMATE NORMAL PERIOD 1981 TO 2010
CLIMATE RECORD PERIOD 1874 TO 2014


WEATHER ITEM   OBSERVED TIME   RECORD YEAR NORMAL DEPARTURE LAST
                VALUE   (LST)  VALUE       VALUE  FROM      YEAR
                                                  NORMAL
..................................................................
TEMPERATURE (F)
 TODAY
  MAXIMUM         36    330 PM  61    1901  36      0       30
  MINIMUM         34    934 AM  -8    1874  21     13       12
  AVERAGE         35                        29      6       21

PRECIPITATION (IN)
  TODAY            0.00          1.40 1901   0.10  -0.10     0.67
  MONTH TO DATE    3.70                      1.54   2.16     1.77
  SINCE DEC 1      3.70                      1.54   2.16     1.77
  SINCE JAN 1     38.03                     37.96   0.07    42.22

SNOWFALL (IN)
  TODAY            0.0           8.2  1968   0.4   -0.4      5.0
  MONTH TO DATE   12.1                       5.6    6.5     15.3
  SINCE DEC 1     12.1                       5.6    6.5     15.3
  SINCE JUL 1     24.4                       8.4   16.0     17.4
  SNOW DEPTH       4

DEGREE DAYS
 HEATING
  TODAY           30                        36     -6       44
  MONTH TO DATE  506                       505      1      549
  SINCE DEC 1    506                       505      1      549
  SINCE JUL 1   1781                      1909   -128     1919

 COOLING
  TODAY            0                         0      0        0
  MONTH TO DATE    0                         0      0        0
  SINCE DEC 1      0                         0      0        0
  SINCE JAN 1    659                       598     61      763
..................................................................


WIND (MPH)
  HIGHEST WIND SPEED    12   HIGHEST WIND DIRECTION    NW (310)
  HIGHEST GUST SPEED    14   HIGHEST GUST DIRECTION    NW (310)
  AVERAGE WIND SPEED     6.0


SKY COVER
  AVERAGE SKY COVER 1.0



RELATIVE HUMIDITY (PERCENT)
 HIGHEST    82           800 AM
 LOWEST     70           100 PM
 AVERAGE    76

..........................................................


THE ALBANY NY CLIMATE NORMALS FOR TOMORROW
                         NORMAL    RECORD    YEAR
 MAXIMUM TEMPERATURE (F)   36        55      1971
 MINIMUM TEMPERATURE (F)   21       -11      1917


SUNRISE AND SUNSET
DECEMBER 15 2014......SUNRISE   719 AM EST   SUNSET   422 PM EST
DECEMBER 16 2014......SUNRISE   719 AM EST   SUNSET   422 PM EST


-  INDICATES NEGATIVE NUMBERS.
R  INDICATES RECORD WAS SET OR TIED.
MM INDICATES DATA IS MISSING.
T  INDICATES TRACE AMOUNT.




$$
