000
CDUS41 KALY 120623
CLIALB


CLIMATE REPORT
NATIONAL WEATHER SERVICE ALBANY NY
222 AM EDT TUE AUG 12 2014


...................................

...THE ALBANY NY CLIMATE SUMMARY FOR AUGUST 11 2014...

CLIMATE NORMAL PERIOD 1981 TO 2010
CLIMATE RECORD PERIOD 1874 TO 2014


WEATHER ITEM   OBSERVED TIME   RECORD YEAR NORMAL DEPARTURE LAST
                VALUE   (LST)  VALUE       VALUE  FROM      YEAR
                                                  NORMAL
..................................................................
TEMPERATURE (F)
 YESTERDAY
  MAXIMUM         86    326 PM  98    1944  81      5       79
  MINIMUM         58    400 AM  46    1941  61     -3       52
  AVERAGE         72                        71      1       66

PRECIPITATION (IN)
  YESTERDAY        0.00          1.85 1955   0.11  -0.11     0.00
  MONTH TO DATE    0.61                      1.36  -0.75     0.79
  SINCE JUN 1     12.25                      9.27   2.98    14.86
  SINCE JAN 1     25.81                     24.05   1.76    29.60

DEGREE DAYS
 HEATING
  YESTERDAY        0                         0      0        0
  MONTH TO DATE    0                         0      0        0
  SINCE JUN 1     12                        57    -45       57
  SINCE JUL 1      0                         5     -5        2

 COOLING
  YESTERDAY        7                         6      1        1
  MONTH TO DATE   71                        75     -4       50
  SINCE JUN 1    456                       411     45      544
  SINCE JAN 1    491                       441     50      593
..................................................................


WIND (MPH)
  HIGHEST WIND SPEED    14   HIGHEST WIND DIRECTION     S (180)
  HIGHEST GUST SPEED    18   HIGHEST GUST DIRECTION     S (180)
  AVERAGE WIND SPEED     4.9


SKY COVER
  AVERAGE SKY COVER 0.4



RELATIVE HUMIDITY (PERCENT)
 HIGHEST    97
 LOWEST     37
 AVERAGE    67

..........................................................


THE ALBANY NY CLIMATE NORMALS FOR TODAY
                         NORMAL    RECORD    YEAR
 MAXIMUM TEMPERATURE (F)   81        99      1944
 MINIMUM TEMPERATURE (F)   61        46      1987


SUNRISE AND SUNSET
AUGUST 12 2014........SUNRISE   558 AM EDT   SUNSET   801 PM EDT
AUGUST 13 2014........SUNRISE   559 AM EDT   SUNSET   800 PM EDT


-  INDICATES NEGATIVE NUMBERS.
R  INDICATES RECORD WAS SET OR TIED.
MM INDICATES DATA IS MISSING.
T  INDICATES TRACE AMOUNT.




$$
