000
CDUS41 KALY 010621
CLIALB


CLIMATE REPORT
NATIONAL WEATHER SERVICE ALBANY NY
221 AM EDT WED NOV 1 2017


...................................

...THE ALBANY NY CLIMATE SUMMARY FOR OCTOBER 31 2017...

CLIMATE NORMAL PERIOD 1981 TO 2010
CLIMATE RECORD PERIOD 1874 TO 2017


WEATHER ITEM   OBSERVED TIME   RECORD YEAR NORMAL DEPARTURE LAST
                VALUE   (LST)  VALUE       VALUE  FROM      YEAR
                                                  NORMAL
..................................................................
TEMPERATURE (F)
 YESTERDAY
  MAXIMUM         54   1115 AM  73    1946  54      0       50
  MINIMUM         40   1159 PM  18    1988  35      5       29
  AVERAGE         47                        45      2       40

PRECIPITATION (IN)
  YESTERDAY        0.00          1.26 1939   0.12  -0.12      T
  MONTH TO DATE    2.80                      3.68  -0.88     2.90
  SINCE SEP 1      5.53                      6.98  -1.45     5.08
  SINCE JAN 1     37.33                     33.13   4.20    28.53

SNOWFALL (IN)
  YESTERDAY        0.0           0.1  1913   0.0    0.0      0.0
  MONTH TO DATE    0.0                       0.3   -0.3      1.7
  SINCE SEP 1      0.0                       0.3   -0.3      1.7
  SINCE JUL 1      0.0                       0.3   -0.3      1.7
  SNOW DEPTH       0

DEGREE DAYS
 HEATING
  YESTERDAY       18                        20     -2       25
  MONTH TO DATE  236                       479   -243      388
  SINCE SEP 1    329                       622   -293      454
  SINCE JUL 1    348                       645   -297      455

 COOLING
  YESTERDAY        0                         0      0        0
  MONTH TO DATE   19                         4     15        6
  SINCE SEP 1    139                        55     84      114
  SINCE JAN 1    714                       598    116      902
..................................................................


WIND (MPH)
  HIGHEST WIND SPEED    22   HIGHEST WIND DIRECTION     W (290)
  HIGHEST GUST SPEED    32   HIGHEST GUST DIRECTION     W (290)
  AVERAGE WIND SPEED     9.8


SKY COVER
  AVERAGE SKY COVER 0.6



RELATIVE HUMIDITY (PERCENT)
 HIGHEST    70
 LOWEST     41
 AVERAGE    56

..........................................................


THE ALBANY NY CLIMATE NORMALS FOR TODAY
                         NORMAL    RECORD    YEAR
 MAXIMUM TEMPERATURE (F)   54        78      1950
 MINIMUM TEMPERATURE (F)   35        22      1964


SUNRISE AND SUNSET
NOVEMBER  1 2017......SUNRISE   729 AM EDT   SUNSET   547 PM EDT
NOVEMBER  2 2017......SUNRISE   731 AM EDT   SUNSET   546 PM EDT


-  INDICATES NEGATIVE NUMBERS.
R  INDICATES RECORD WAS SET OR TIED.
MM INDICATES DATA IS MISSING.
T  INDICATES TRACE AMOUNT.




$$
