000
CDUS41 KALY 110626
CLIALB


CLIMATE REPORT
NATIONAL WEATHER SERVICE ALBANY NY
225 AM EDT MON JUL 11 2016


...................................

...THE ALBANY NY CLIMATE SUMMARY FOR JULY 10 2016...

CLIMATE NORMAL PERIOD 1981 TO 2010
CLIMATE RECORD PERIOD 1874 TO 2016


WEATHER ITEM   OBSERVED TIME   RECORD YEAR NORMAL DEPARTURE LAST
                VALUE   (LST)  VALUE       VALUE  FROM      YEAR
                                                  NORMAL
..................................................................
TEMPERATURE (F)
 YESTERDAY
  MAXIMUM         79    151 PM 100    1936  82     -3       83
  MINIMUM         63   1159 PM  47    1963  61      2       64
  AVERAGE         71                        72     -1       74

PRECIPITATION (IN)
  YESTERDAY        0.25          1.64 1989   0.14   0.11      T
  MONTH TO DATE    2.86                      1.31   1.55     1.54
  SINCE JUN 1      5.17                      5.10   0.07     8.24
  SINCE JAN 1     15.93                     19.88  -3.95    16.96

DEGREE DAYS
 HEATING
  YESTERDAY        0                         0      0        0
  MONTH TO DATE    0                         0      0        1
  SINCE JUN 1     38                        52    -14       52
  SINCE JUL 1      0                         0      0        1

 COOLING
  YESTERDAY        6                         7     -1        9
  MONTH TO DATE   75                        67      8       55
  SINCE JUN 1    218                       185     33      166
  SINCE JAN 1    293                       215     78      289
..................................................................


WIND (MPH)
  HIGHEST WIND SPEED    23   HIGHEST WIND DIRECTION     W (270)
  HIGHEST GUST SPEED    29   HIGHEST GUST DIRECTION    NW (300)
  AVERAGE WIND SPEED     9.5


SKY COVER
  AVERAGE SKY COVER 0.8



RELATIVE HUMIDITY (PERCENT)
 HIGHEST    93
 LOWEST     58
 AVERAGE    76

..........................................................


THE ALBANY NY CLIMATE NORMALS FOR TODAY
                         NORMAL    RECORD    YEAR
 MAXIMUM TEMPERATURE (F)   82        98      1936
 MINIMUM TEMPERATURE (F)   61        48      1986


SUNRISE AND SUNSET
JULY 11 2016..........SUNRISE   528 AM EDT   SUNSET   834 PM EDT
JULY 12 2016..........SUNRISE   528 AM EDT   SUNSET   833 PM EDT


-  INDICATES NEGATIVE NUMBERS.
R  INDICATES RECORD WAS SET OR TIED.
MM INDICATES DATA IS MISSING.
T  INDICATES TRACE AMOUNT.




$$
