000
CDUS41 KALY 210624
CLIALB


CLIMATE REPORT
NATIONAL WEATHER SERVICE ALBANY NY
223 AM EDT SAT MAR 21 2015


...................................

...THE ALBANY NY CLIMATE SUMMARY FOR MARCH 20 2015...

CLIMATE NORMAL PERIOD 1981 TO 2010
CLIMATE RECORD PERIOD 1874 TO 2015


WEATHER ITEM   OBSERVED TIME   RECORD YEAR NORMAL DEPARTURE LAST
                VALUE   (LST)  VALUE       VALUE  FROM      YEAR
                                                  NORMAL
..................................................................
TEMPERATURE (F)
 YESTERDAY
  MAXIMUM         34    110 PM  78    2012  46    -12       45
  MINIMUM         21    324 AM   2    1967  27     -6       34
  AVERAGE         28                        36     -8       40

PRECIPITATION (IN)
  YESTERDAY        0.04          1.70 1990   0.11  -0.07     0.01
  MONTH TO DATE    0.38                      2.01  -1.63     0.98
  SINCE MAR 1      0.38                      2.01  -1.63     0.98
  SINCE JAN 1      4.70                      6.80  -2.10     6.77

SNOWFALL (IN)
  YESTERDAY        0.6           7.0  1944   0.3    0.3      0.2
  MONTH TO DATE    3.2                       7.7   -4.5      5.9
  SINCE MAR 1      3.2                       7.7   -4.5      5.9
  SINCE JUL 1     73.8                      54.2   19.6     71.1
  SNOW DEPTH       0

DEGREE DAYS
 HEATING
  YESTERDAY       37                        29      8       25
  MONTH TO DATE  720                       642     78      794
  SINCE MAR 1    720                       642     78      794
  SINCE JUL 1   5850                      5586    264     5911

 COOLING
  YESTERDAY        0                         0      0        0
  MONTH TO DATE    0                         0      0        0
  SINCE MAR 1      0                         0      0        0
  SINCE JAN 1      0                         0      0        0
..................................................................


WIND (MPH)
  HIGHEST WIND SPEED    17   HIGHEST WIND DIRECTION     S (190)
  HIGHEST GUST SPEED    23   HIGHEST GUST DIRECTION     S (180)
  AVERAGE WIND SPEED     4.9


SKY COVER
  AVERAGE SKY COVER 1.0



RELATIVE HUMIDITY (PERCENT)
 HIGHEST    85
 LOWEST     29
 AVERAGE    57

..........................................................


THE ALBANY NY CLIMATE NORMALS FOR TODAY
                         NORMAL    RECORD    YEAR
 MAXIMUM TEMPERATURE (F)   46        78      1921
 MINIMUM TEMPERATURE (F)   27        -1      1956


SUNRISE AND SUNSET
MARCH 21 2015.........SUNRISE   657 AM EDT   SUNSET   708 PM EDT
MARCH 22 2015.........SUNRISE   655 AM EDT   SUNSET   709 PM EDT


-  INDICATES NEGATIVE NUMBERS.
R  INDICATES RECORD WAS SET OR TIED.
MM INDICATES DATA IS MISSING.
T  INDICATES TRACE AMOUNT.




$$
