002
CDUS41 KALY 270622
CLIALB


CLIMATE REPORT
NATIONAL WEATHER SERVICE ALBANY NY
122 AM EST WED JAN 27 2016


...................................

...THE ALBANY NY CLIMATE SUMMARY FOR JANUARY 26 2016...

CLIMATE NORMAL PERIOD 1981 TO 2010
CLIMATE RECORD PERIOD 1874 TO 2016


WEATHER ITEM   OBSERVED TIME   RECORD YEAR NORMAL DEPARTURE LAST
                VALUE   (LST)  VALUE       VALUE  FROM      YEAR
                                                  NORMAL
..................................................................
TEMPERATURE (F)
 YESTERDAY
  MAXIMUM         45    702 PM  59    1950  31     14       18
  MINIMUM         32    439 AM -17    1920  14     18       10
  AVERAGE         39                        22     17       14

PRECIPITATION (IN)
  YESTERDAY        T             1.78 1986   0.08  -0.08     0.02
  MONTH TO DATE    1.24                      2.18  -0.94     1.76
  SINCE DEC 1      4.91                      5.11  -0.20     7.13
  SINCE JAN 1      1.24                      2.18  -0.94     1.76

SNOWFALL (IN)
  YESTERDAY        0.0           8.5  1949   0.5   -0.5      0.2
  MONTH TO DATE    3.3                      15.2  -11.9      7.3
  SINCE DEC 1      5.5                      28.9  -23.4     19.5
  SINCE JUL 1      5.5                      32.0  -26.5     31.8
  SNOW DEPTH       0

DEGREE DAYS
 HEATING
  YESTERDAY       26                        42    -16       51
  MONTH TO DATE  993                      1108   -115     1139
  SINCE DEC 1   1703                      2239   -536     2137
  SINCE JUL 1   2786                      3643   -857     3412

 COOLING
  YESTERDAY        0                         0      0        0
  MONTH TO DATE    0                         0      0        0
  SINCE DEC 1      0                         0      0        0
  SINCE JAN 1      0                         0      0        0
..................................................................


WIND (MPH)
  HIGHEST WIND SPEED    24   HIGHEST WIND DIRECTION     S (180)
  HIGHEST GUST SPEED    31   HIGHEST GUST DIRECTION     S (170)
  AVERAGE WIND SPEED    13.4


SKY COVER
  AVERAGE SKY COVER 0.9



RELATIVE HUMIDITY (PERCENT)
 HIGHEST    67
 LOWEST     51
 AVERAGE    59

..........................................................


THE ALBANY NY CLIMATE NORMALS FOR TODAY
                         NORMAL    RECORD    YEAR
 MAXIMUM TEMPERATURE (F)   31        62      1974
 MINIMUM TEMPERATURE (F)   14       -23      1994


SUNRISE AND SUNSET
JANUARY 27 2016.......SUNRISE   715 AM EST   SUNSET   501 PM EST
JANUARY 28 2016.......SUNRISE   714 AM EST   SUNSET   502 PM EST


-  INDICATES NEGATIVE NUMBERS.
R  INDICATES RECORD WAS SET OR TIED.
MM INDICATES DATA IS MISSING.
T  INDICATES TRACE AMOUNT.




$$
