963
CDUS41 KALY 120637
CLIALB


CLIMATE REPORT
NATIONAL WEATHER SERVICE ALBANY NY
137 AM EST SUN NOV 12 2017


...................................

...THE ALBANY NY CLIMATE SUMMARY FOR NOVEMBER 11 2017...

CLIMATE NORMAL PERIOD 1981 TO 2010
CLIMATE RECORD PERIOD 1874 TO 2017


WEATHER ITEM   OBSERVED TIME   RECORD YEAR NORMAL DEPARTURE LAST
                VALUE   (LST)  VALUE       VALUE  FROM      YEAR
                                                  NORMAL
..................................................................
TEMPERATURE (F)
 YESTERDAY
  MAXIMUM         33    253 PM  70    2002  50    -17       54
  MINIMUM         18    721 AM  15    1956  33    -15       35
  AVERAGE         26                        41    -15       45

PRECIPITATION (IN)
  YESTERDAY        0.00          1.73 1991   0.10  -0.10      T
  MONTH TO DATE    0.47                      1.22  -0.75     0.34
  SINCE SEP 1      6.00                      8.20  -2.20     5.42
  SINCE JAN 1     37.80                     34.35   3.45    28.87

SNOWFALL (IN)
  YESTERDAY        0.0           3.0  1906   0.1   -0.1      0.0
  MONTH TO DATE    T                         0.5   -0.5      0.0
  SINCE SEP 1      T                         0.8   -0.8      1.7
  SINCE JUL 1      T                         0.8   -0.8      1.7
  SNOW DEPTH       0

DEGREE DAYS
 HEATING
  YESTERDAY       39                        24     15       20
  MONTH TO DATE  251                       244      7      219
  SINCE SEP 1    580                       866   -286      673
  SINCE JUL 1    599                       889   -290      674

 COOLING
  YESTERDAY        0                         0      0        0
  MONTH TO DATE    0                         0      0        0
  SINCE SEP 1    139                        55     84      114
  SINCE JAN 1    714                       598    116      902
..................................................................


WIND (MPH)
  HIGHEST WIND SPEED    16   HIGHEST WIND DIRECTION     W (290)
  HIGHEST GUST SPEED    19   HIGHEST GUST DIRECTION    NW (300)
  AVERAGE WIND SPEED     6.8


SKY COVER
  AVERAGE SKY COVER 0.2



RELATIVE HUMIDITY (PERCENT)
 HIGHEST    67
 LOWEST     29
 AVERAGE    48

..........................................................


THE ALBANY NY CLIMATE NORMALS FOR TODAY
                         NORMAL    RECORD    YEAR
 MAXIMUM TEMPERATURE (F)   49        68      1909
 MINIMUM TEMPERATURE (F)   33        15      1976


SUNRISE AND SUNSET
NOVEMBER 12 2017......SUNRISE   643 AM EST   SUNSET   435 PM EST
NOVEMBER 13 2017......SUNRISE   645 AM EST   SUNSET   434 PM EST


-  INDICATES NEGATIVE NUMBERS.
R  INDICATES RECORD WAS SET OR TIED.
MM INDICATES DATA IS MISSING.
T  INDICATES TRACE AMOUNT.




$$
