000
CDUS41 KALY 190630
CLIALB


CLIMATE REPORT
NATIONAL WEATHER SERVICE ALBANY NY
227 AM EDT THU MAR 19 2015


...................................

...THE ALBANY NY CLIMATE SUMMARY FOR MARCH 18 2015...

CLIMATE NORMAL PERIOD 1981 TO 2010
CLIMATE RECORD PERIOD 1874 TO 2015


WEATHER ITEM   OBSERVED TIME   RECORD YEAR NORMAL DEPARTURE LAST
                VALUE   (LST)  VALUE       VALUE  FROM      YEAR
                                                  NORMAL
..................................................................
TEMPERATURE (F)
 YESTERDAY
  MAXIMUM         33    130 PM  69    2012  45    -12       41
  MINIMUM         17   1153 PM  -8    1900  26     -9       13
  AVERAGE         25                        36    -11       27

PRECIPITATION (IN)
  YESTERDAY        0.00          1.51 1936   0.11  -0.11     0.00
  MONTH TO DATE    0.34                      1.79  -1.45     0.73
  SINCE MAR 1      0.34                      1.79  -1.45     0.73
  SINCE JAN 1      4.66                      6.58  -1.92     6.52

SNOWFALL (IN)
  YESTERDAY        0.0           8.0  1977   0.4   -0.4      0.0
  MONTH TO DATE    2.6                       7.1   -4.5      5.5
  SINCE MAR 1      2.6                       7.1   -4.5      5.5
  SINCE JUL 1     73.2                      53.6   19.6     70.7
  SNOW DEPTH       0

DEGREE DAYS
 HEATING
  YESTERDAY       40                        29     11       38
  MONTH TO DATE  644                       584     60      736
  SINCE MAR 1    644                       584     60      736
  SINCE JUL 1   5774                      5528    246     5853

 COOLING
  YESTERDAY        0                         0      0        0
  MONTH TO DATE    0                         0      0        0
  SINCE MAR 1      0                         0      0        0
  SINCE JAN 1      0                         0      0        0
..................................................................


WIND (MPH)
  HIGHEST WIND SPEED    35   HIGHEST WIND DIRECTION    NW (310)
  HIGHEST GUST SPEED    48   HIGHEST GUST DIRECTION     W (280)
  AVERAGE WIND SPEED    16.2


SKY COVER
  AVERAGE SKY COVER 0.3



RELATIVE HUMIDITY (PERCENT)
 HIGHEST    46
 LOWEST     20
 AVERAGE    33

..........................................................


THE ALBANY NY CLIMATE NORMALS FOR TODAY
                         NORMAL    RECORD    YEAR
 MAXIMUM TEMPERATURE (F)   46        78      2012
 MINIMUM TEMPERATURE (F)   27       -10      1967


SUNRISE AND SUNSET
MARCH 19 2015.........SUNRISE   701 AM EDT   SUNSET   706 PM EDT
MARCH 20 2015.........SUNRISE   659 AM EDT   SUNSET   707 PM EDT


-  INDICATES NEGATIVE NUMBERS.
R  INDICATES RECORD WAS SET OR TIED.
MM INDICATES DATA IS MISSING.
T  INDICATES TRACE AMOUNT.




$$
