000
CDUS41 KALY 060622
CLIALB


CLIMATE REPORT
NATIONAL WEATHER SERVICE ALBANY NY
221 AM EDT THU APR 6 2017


...................................

...THE ALBANY NY CLIMATE SUMMARY FOR APRIL 5 2017...

CLIMATE NORMAL PERIOD 1981 TO 2010
CLIMATE RECORD PERIOD 1874 TO 2017


WEATHER ITEM   OBSERVED TIME   RECORD YEAR NORMAL DEPARTURE LAST
                VALUE   (LST)  VALUE       VALUE  FROM      YEAR
                                                  NORMAL
..................................................................
TEMPERATURE (F)
 YESTERDAY
  MAXIMUM         53    215 PM  82    1928  54     -1       36
  MINIMUM         41    905 PM  14    2016  33      8       14
  AVERAGE         47                        44      3       25

PRECIPITATION (IN)
  YESTERDAY        0.01          1.24 1952   0.11  -0.10     0.00
  MONTH TO DATE    1.03                      0.54   0.49     0.57
  SINCE MAR 1      5.10                      3.75   1.35     1.75
  SINCE JAN 1     11.08                      8.54   2.54     7.06

SNOWFALL (IN)
  YESTERDAY        0.0           1.1  1914   0.1   -0.1      0.0
  MONTH TO DATE    0.2                       0.6   -0.4      6.4
  SINCE MAR 1     19.6                      11.6    8.0      6.6
  SINCE JUL 1     60.8                      58.5    2.3     16.9
  SNOW DEPTH       0

DEGREE DAYS
 HEATING
  YESTERDAY       18                        22     -4       40
  MONTH TO DATE  100                       112    -12      146
  SINCE MAR 1   1125                      1041     84      828
  SINCE JUL 1   5288                      5985   -697     4757

 COOLING
  YESTERDAY        0                         0      0        0
  MONTH TO DATE    0                         0      0        0
  SINCE MAR 1      0                         0      0        0
  SINCE JAN 1      0                         0      0        0
..................................................................


WIND (MPH)
  HIGHEST WIND SPEED    17   HIGHEST WIND DIRECTION    NW (320)
  HIGHEST GUST SPEED    21   HIGHEST GUST DIRECTION    NW (330)
  AVERAGE WIND SPEED     5.3


SKY COVER
  AVERAGE SKY COVER 0.8



RELATIVE HUMIDITY (PERCENT)
 HIGHEST    89
 LOWEST     54
 AVERAGE    72

..........................................................


THE ALBANY NY CLIMATE NORMALS FOR TODAY
                         NORMAL    RECORD    YEAR
 MAXIMUM TEMPERATURE (F)   54        82      1921
 MINIMUM TEMPERATURE (F)   34        14      1943


SUNRISE AND SUNSET
APRIL  6 2017.........SUNRISE   628 AM EDT   SUNSET   727 PM EDT
APRIL  7 2017.........SUNRISE   627 AM EDT   SUNSET   728 PM EDT


-  INDICATES NEGATIVE NUMBERS.
R  INDICATES RECORD WAS SET OR TIED.
MM INDICATES DATA IS MISSING.
T  INDICATES TRACE AMOUNT.




$$
