000
CDUS41 KALY 180644
CLIALB


CLIMATE REPORT
NATIONAL WEATHER SERVICE ALBANY NY
140 AM EST TUE NOV 18 2014


...................................

...THE ALBANY NY CLIMATE SUMMARY FOR NOVEMBER 17 2014...

CLIMATE NORMAL PERIOD 1981 TO 2010
CLIMATE RECORD PERIOD 1874 TO 2014


WEATHER ITEM   OBSERVED TIME   RECORD YEAR NORMAL DEPARTURE LAST
                VALUE   (LST)  VALUE       VALUE  FROM      YEAR
                                                  NORMAL
..................................................................
TEMPERATURE (F)
 YESTERDAY
  MAXIMUM         42    618 PM  72    1928  47     -5       61
  MINIMUM         33    550 AM   7    1972  31      2       43
  AVERAGE         38                        39     -1       52

PRECIPITATION (IN)
  YESTERDAY        0.84          1.15 1993   0.11   0.73     0.02
  MONTH TO DATE    1.26                      1.85  -0.59     0.41
  SINCE SEP 1      6.37                      8.83  -2.46     7.51
  SINCE JAN 1     33.15                     34.98  -1.83    39.02

SNOWFALL (IN)
  YESTERDAY        0.9           2.8  1992   0.1    0.8      0.0
  MONTH TO DATE    1.0                       0.9    0.1       T
  SINCE SEP 1      1.0                       0.9    0.1       T
  SINCE JUL 1      1.0                       0.9    0.1       T
  SNOW DEPTH       1

DEGREE DAYS
 HEATING
  YESTERDAY       27                        26      1       13
  MONTH TO DATE  394                       393      1      384
  SINCE SEP 1    866                      1015   -149      925
  SINCE JUL 1    874                      1038   -164      931

 COOLING
  YESTERDAY        0                         0      0        0
  MONTH TO DATE    0                         0      0        0
  SINCE SEP 1     92                        55     37       65
  SINCE JAN 1    659                       598     61      763
..................................................................


WIND (MPH)
  HIGHEST WIND SPEED    16   HIGHEST WIND DIRECTION    NW (310)
  HIGHEST GUST SPEED    23   HIGHEST GUST DIRECTION    NW (320)
  AVERAGE WIND SPEED     4.6


SKY COVER
  AVERAGE SKY COVER 1.0



RELATIVE HUMIDITY (PERCENT)
 HIGHEST   100
 LOWEST     54
 AVERAGE    77

..........................................................


THE ALBANY NY CLIMATE NORMALS FOR TODAY
                         NORMAL    RECORD    YEAR
 MAXIMUM TEMPERATURE (F)   47        71      1928
 MINIMUM TEMPERATURE (F)   31        10      1972


SUNRISE AND SUNSET
NOVEMBER 18 2014......SUNRISE   651 AM EST   SUNSET   430 PM EST
NOVEMBER 19 2014......SUNRISE   652 AM EST   SUNSET   429 PM EST


-  INDICATES NEGATIVE NUMBERS.
R  INDICATES RECORD WAS SET OR TIED.
MM INDICATES DATA IS MISSING.
T  INDICATES TRACE AMOUNT.




$$
