000
CDUS41 KALY 110622
CLIALB


CLIMATE REPORT
NATIONAL WEATHER SERVICE ALBANY NY
221 AM EDT MON AUG 11 2014


...................................

...THE ALBANY NY CLIMATE SUMMARY FOR AUGUST 10 2014...

CLIMATE NORMAL PERIOD 1981 TO 2010
CLIMATE RECORD PERIOD 1874 TO 2014


WEATHER ITEM   OBSERVED TIME   RECORD YEAR NORMAL DEPARTURE LAST
                VALUE   (LST)  VALUE       VALUE  FROM      YEAR
                                                  NORMAL
..................................................................
TEMPERATURE (F)
 YESTERDAY
  MAXIMUM         84    419 PM  96    1949  81      3       78
  MINIMUM         59    529 AM  48    1955  61     -2       56
  AVERAGE         72                        71      1       67

PRECIPITATION (IN)
  YESTERDAY        0.00          1.94 1953   0.12  -0.12     0.00
  MONTH TO DATE    0.61                      1.25  -0.64     0.79
  SINCE JUN 1     12.25                      9.16   3.09    14.86
  SINCE JAN 1     25.81                     23.94   1.87    29.60

DEGREE DAYS
 HEATING
  YESTERDAY        0                         0      0        0
  MONTH TO DATE    0                         0      0        0
  SINCE JUN 1     12                        57    -45       57
  SINCE JUL 1      0                         5     -5        2

 COOLING
  YESTERDAY        7                         6      1        2
  MONTH TO DATE   64                        69     -5       49
  SINCE JUN 1    449                       405     44      543
  SINCE JAN 1    484                       435     49      592
..................................................................


WIND (MPH)
  HIGHEST WIND SPEED     8   HIGHEST WIND DIRECTION     N (350)
  HIGHEST GUST SPEED    11   HIGHEST GUST DIRECTION     N (350)
  AVERAGE WIND SPEED     2.3


SKY COVER
  AVERAGE SKY COVER 0.2



RELATIVE HUMIDITY (PERCENT)
 HIGHEST    97
 LOWEST     34
 AVERAGE    66

..........................................................


THE ALBANY NY CLIMATE NORMALS FOR TODAY
                         NORMAL    RECORD    YEAR
 MAXIMUM TEMPERATURE (F)   81        98      1944
 MINIMUM TEMPERATURE (F)   61        46      1941


SUNRISE AND SUNSET
AUGUST 11 2014........SUNRISE   557 AM EDT   SUNSET   803 PM EDT
AUGUST 12 2014........SUNRISE   558 AM EDT   SUNSET   801 PM EDT


-  INDICATES NEGATIVE NUMBERS.
R  INDICATES RECORD WAS SET OR TIED.
MM INDICATES DATA IS MISSING.
T  INDICATES TRACE AMOUNT.




$$
