000
CDUS41 KALY 240630
CLIALB


CLIMATE REPORT
NATIONAL WEATHER SERVICE ALBANY NY
227 AM EDT MON AUG 24 2015


...................................

...THE ALBANY NY CLIMATE SUMMARY FOR AUGUST 23 2015...

CLIMATE NORMAL PERIOD 1981 TO 2010
CLIMATE RECORD PERIOD 1874 TO 2015


WEATHER ITEM   OBSERVED TIME   RECORD YEAR NORMAL DEPARTURE LAST
                VALUE   (LST)  VALUE       VALUE  FROM      YEAR
                                                  NORMAL
..................................................................
TEMPERATURE (F)
 YESTERDAY
  MAXIMUM         85    438 PM  94    1947  80      5       75
  MINIMUM         60    523 AM  44    1988  59      1       60
  AVERAGE         73                        69      4       68

PRECIPITATION (IN)
  YESTERDAY        0.00          1.62 1890   0.11  -0.11      T
  MONTH TO DATE    3.85                      2.67   1.18     1.54
  SINCE JUN 1     13.97                     10.58   3.39    13.18
  SINCE JAN 1     22.69                     25.36  -2.67    26.74

DEGREE DAYS
 HEATING
  YESTERDAY        0                         1     -1        0
  MONTH TO DATE    0                         6     -6        6
  SINCE JUN 1     52                        63    -11       18
  SINCE JUL 1      1                        11    -10        6

 COOLING
  YESTERDAY        8                         5      3        3
  MONTH TO DATE  208                       143     65      102
  SINCE JUN 1    574                       479     95      487
  SINCE JAN 1    697                       509    188      522
..................................................................


WIND (MPH)
  HIGHEST WIND SPEED     8   HIGHEST WIND DIRECTION     N (10)
  HIGHEST GUST SPEED    11   HIGHEST GUST DIRECTION     E (70)
  AVERAGE WIND SPEED     3.8


SKY COVER
  AVERAGE SKY COVER 0.5



RELATIVE HUMIDITY (PERCENT)
 HIGHEST    84
 LOWEST     47
 AVERAGE    66

..........................................................


THE ALBANY NY CLIMATE NORMALS FOR TODAY
                         NORMAL    RECORD    YEAR
 MAXIMUM TEMPERATURE (F)   79        95      1947
 MINIMUM TEMPERATURE (F)   59        42      1971


SUNRISE AND SUNSET
AUGUST 24 2015........SUNRISE   611 AM EDT   SUNSET   743 PM EDT
AUGUST 25 2015........SUNRISE   612 AM EDT   SUNSET   742 PM EDT


-  INDICATES NEGATIVE NUMBERS.
R  INDICATES RECORD WAS SET OR TIED.
MM INDICATES DATA IS MISSING.
T  INDICATES TRACE AMOUNT.




$$
