000
CDUS41 KALY 200626
CLIALB


CLIMATE REPORT
NATIONAL WEATHER SERVICE ALBANY NY
125 AM EST SUN NOV 20 2016


...................................

...THE ALBANY NY CLIMATE SUMMARY FOR NOVEMBER 19 2016...

CLIMATE NORMAL PERIOD 1981 TO 2010
CLIMATE RECORD PERIOD 1874 TO 2016


WEATHER ITEM   OBSERVED TIME   RECORD YEAR NORMAL DEPARTURE LAST
                VALUE   (LST)  VALUE       VALUE  FROM      YEAR
                                                  NORMAL
..................................................................
TEMPERATURE (F)
 YESTERDAY
  MAXIMUM         64    318 PM  71    1921  47     17       62
  MINIMUM         28    537 AM  12    1972  31     -3       51
  AVERAGE         46                        39      7       57

PRECIPITATION (IN)
  YESTERDAY        0.00          1.63 1932   0.11  -0.11     0.41
  MONTH TO DATE    1.98                      2.08  -0.10     1.73
  SINCE SEP 1      7.06                      9.06  -2.00    11.82
  SINCE JAN 1     30.51                     35.21  -4.70    34.96

SNOWFALL (IN)
  YESTERDAY        0.0           4.2  1914   0.1   -0.1      0.0
  MONTH TO DATE    0.0                       1.1   -1.1       T
  SINCE SEP 1      1.7                       1.4    0.3       T
  SINCE JUL 1      1.7                       1.4    0.3       T
  SNOW DEPTH       0

DEGREE DAYS
 HEATING
  YESTERDAY       19                        26     -7        8
  MONTH TO DATE  394                       445    -51      297
  SINCE SEP 1    848                      1067   -219      804
  SINCE JUL 1    849                      1090   -241      805

 COOLING
  YESTERDAY        0                         0      0        0
  MONTH TO DATE    0                         0      0        0
  SINCE SEP 1    114                        55     59      158
  SINCE JAN 1    902                       598    304      906
..................................................................


WIND (MPH)
  HIGHEST WIND SPEED    25   HIGHEST WIND DIRECTION     W (280)
  HIGHEST GUST SPEED    31   HIGHEST GUST DIRECTION     W (280)
  AVERAGE WIND SPEED     6.8


SKY COVER
  AVERAGE SKY COVER 0.4



RELATIVE HUMIDITY (PERCENT)
 HIGHEST    92
 LOWEST     40
 AVERAGE    66

..........................................................


THE ALBANY NY CLIMATE NORMALS FOR TODAY
                         NORMAL    RECORD    YEAR
 MAXIMUM TEMPERATURE (F)   46        72      1991
 MINIMUM TEMPERATURE (F)   31         6      1986


SUNRISE AND SUNSET
NOVEMBER 20 2016......SUNRISE   654 AM EST   SUNSET   428 PM EST
NOVEMBER 21 2016......SUNRISE   655 AM EST   SUNSET   427 PM EST


-  INDICATES NEGATIVE NUMBERS.
R  INDICATES RECORD WAS SET OR TIED.
MM INDICATES DATA IS MISSING.
T  INDICATES TRACE AMOUNT.




$$
