000
CDUS41 KALY 010622
CLIALB


CLIMATE REPORT
NATIONAL WEATHER SERVICE ALBANY NY
221 AM EDT SUN OCT 1 2017


...................................

...THE ALBANY NY CLIMATE SUMMARY FOR SEPTEMBER 30 2017...

CLIMATE NORMAL PERIOD 1981 TO 2010
CLIMATE RECORD PERIOD 1874 TO 2017


WEATHER ITEM   OBSERVED TIME   RECORD YEAR NORMAL DEPARTURE LAST
                VALUE   (LST)  VALUE       VALUE  FROM      YEAR
                                                  NORMAL
..................................................................
TEMPERATURE (F)
 YESTERDAY
  MAXIMUM         54    408 PM  88    1905  66    -12       64
  MINIMUM         43   1149 PM  28    1991  45     -2       51
  AVERAGE         49                        56     -7       58

PRECIPITATION (IN)
  YESTERDAY        0.11          2.74 2015   0.12  -0.01     0.06
  MONTH TO DATE    2.73                      3.30  -0.57     2.18
  SINCE SEP 1      2.73                      3.30  -0.57     2.18
  SINCE JAN 1     34.53                     29.45   5.08    25.63

DEGREE DAYS
 HEATING
  YESTERDAY       16                        10      6        7
  MONTH TO DATE   93                       143    -50       66
  SINCE SEP 1     93                       144    -51       66
  SINCE JUL 1    112                       167    -55       67

 COOLING
  YESTERDAY        0                         1     -1        0
  MONTH TO DATE  120                        51     69      108
  SINCE SEP 1    120                        51     69      108
  SINCE JAN 1    695                       594    101      896
..................................................................


WIND (MPH)
  HIGHEST WIND SPEED    16   HIGHEST WIND DIRECTION     N (360)
  HIGHEST GUST SPEED    21   HIGHEST GUST DIRECTION     N (10)
  AVERAGE WIND SPEED     6.5


SKY COVER
  AVERAGE SKY COVER 0.9



RELATIVE HUMIDITY (PERCENT)
 HIGHEST    92
 LOWEST     71
 AVERAGE    82

..........................................................


THE ALBANY NY CLIMATE NORMALS FOR TODAY
                         NORMAL    RECORD    YEAR
 MAXIMUM TEMPERATURE (F)   66        90      1927
 MINIMUM TEMPERATURE (F)   45        28      1993


SUNRISE AND SUNSET
OCTOBER  1 2017.......SUNRISE   653 AM EDT   SUNSET   636 PM EDT
OCTOBER  2 2017.......SUNRISE   654 AM EDT   SUNSET   634 PM EDT


-  INDICATES NEGATIVE NUMBERS.
R  INDICATES RECORD WAS SET OR TIED.
MM INDICATES DATA IS MISSING.
T  INDICATES TRACE AMOUNT.




$$
