000
CDUS41 KALY 202152
CLIALB


CLIMATE REPORT
NATIONAL WEATHER SERVICE ALBANY NY
451 PM EST SAT JAN 20 2018


...................................

...THE ALBANY NY CLIMATE SUMMARY FOR JANUARY 20 2018...
VALID TODAY AS OF 0400 PM LOCAL TIME.

CLIMATE NORMAL PERIOD 1981 TO 2010
CLIMATE RECORD PERIOD 1874 TO 2018


WEATHER ITEM   OBSERVED TIME   RECORD YEAR NORMAL DEPARTURE LAST
                VALUE   (LST)  VALUE       VALUE  FROM      YEAR
                                                  NORMAL
..................................................................
TEMPERATURE (F)
 TODAY
  MAXIMUM         46    307 PM  53    2006  30     16       40
                                      1986
  MINIMUM         25    438 AM -22    1970  14     11       33
  AVERAGE         36                        22     14       37

PRECIPITATION (IN)
  TODAY            0.00          0.92 1898   0.09  -0.09      T
  MONTH TO DATE    1.60                      1.67  -0.07     1.60
  SINCE DEC 1      3.53                      4.60  -1.07     3.35
  SINCE JAN 1      1.60                      1.67  -0.07     1.60

SNOWFALL (IN)
  TODAY            0.0           8.7  1978   0.6   -0.6      0.0
  MONTH TO DATE   12.7                      11.7    1.0      1.0
  SINCE DEC 1     24.8                      25.4   -0.6     13.1
  SINCE JUL 1     24.8                      28.5   -3.7     15.4
  SNOW DEPTH       3

DEGREE DAYS
 HEATING
  TODAY           29                        43    -14       28
  MONTH TO DATE  913                       851     62      725
  SINCE DEC 1   2152                      1982    170     1792
  SINCE JUL 1   3266                      3386   -120     2948

 COOLING
  TODAY            0                         0      0        0
  MONTH TO DATE    0                         0      0        0
  SINCE DEC 1      0                         0      0        0
  SINCE JAN 1      0                         0      0        0
..................................................................


WIND (MPH)
  HIGHEST WIND SPEED    23   HIGHEST WIND DIRECTION     W (290)
  HIGHEST GUST SPEED    31   HIGHEST GUST DIRECTION     W (270)
  AVERAGE WIND SPEED     9.7


SKY COVER
  AVERAGE SKY COVER 0.7



RELATIVE HUMIDITY (PERCENT)
 HIGHEST    69           600 AM
 LOWEST     45          1100 AM
 AVERAGE    57

..........................................................


THE ALBANY NY CLIMATE NORMALS FOR TOMORROW
                         NORMAL    RECORD    YEAR
 MAXIMUM TEMPERATURE (F)   30        61      2006
 MINIMUM TEMPERATURE (F)   14       -18      1994


SUNRISE AND SUNSET
JANUARY 20 2018.......SUNRISE   720 AM EST   SUNSET   453 PM EST
JANUARY 21 2018.......SUNRISE   719 AM EST   SUNSET   454 PM EST


-  INDICATES NEGATIVE NUMBERS.
R  INDICATES RECORD WAS SET OR TIED.
MM INDICATES DATA IS MISSING.
T  INDICATES TRACE AMOUNT.




$$
