000
CDUS41 KALY 100634
CLIALB


CLIMATE REPORT
NATIONAL WEATHER SERVICE ALBANY NY
120 AM EST SAT DEC 10 2016


...................................

...THE ALBANY NY CLIMATE SUMMARY FOR DECEMBER 9 2016...

CLIMATE NORMAL PERIOD 1981 TO 2010
CLIMATE RECORD PERIOD 1874 TO 2016


WEATHER ITEM   OBSERVED TIME   RECORD YEAR NORMAL DEPARTURE LAST
                VALUE   (LST)  VALUE       VALUE  FROM      YEAR
                                                  NORMAL
..................................................................
TEMPERATURE (F)
 YESTERDAY
  MAXIMUM         33        MM  62    1966  38     -5       48
  MINIMUM         19        MM -11    1902  24     -5       23
  AVERAGE         26                        31     -5       36

PRECIPITATION (IN)
  YESTERDAY        T             1.60 2014   0.11  -0.11     0.00
  MONTH TO DATE    0.49                      0.95  -0.46     0.61
  SINCE DEC 1      0.49                      0.95  -0.46     0.61
  SINCE JAN 1     32.12                     37.37  -5.25    35.59

SNOWFALL (IN)
  YESTERDAY       MM             7.3  2009   0.4   MM        0.0
  MONTH TO DATE    2.2                       3.1   -0.9      0.0
  SINCE DEC 1      2.2                       3.1   -0.9      0.0
  SINCE JUL 1      4.5                       6.2   -1.7       T
  SNOW DEPTH       0

DEGREE DAYS
 HEATING
  YESTERDAY       39                        34      5       29
  MONTH TO DATE  262                       293    -31      245
  SINCE DEC 1    262                       293    -31      245
  SINCE JUL 1   1418                      1697   -279     1328

 COOLING
  YESTERDAY        0                         0      0        0
  MONTH TO DATE    0                         0      0        0
  SINCE DEC 1      0                         0      0        0
  SINCE JAN 1    902                       598    304      906
..................................................................


WIND (MPH)
  HIGHEST WIND SPEED    24   HIGHEST WIND DIRECTION     W (290)
  HIGHEST GUST SPEED    37   HIGHEST GUST DIRECTION    NW (330)
  AVERAGE WIND SPEED    13.7


SKY COVER
  AVERAGE SKY COVER 0.5



RELATIVE HUMIDITY (PERCENT)
 HIGHEST    73
 LOWEST     42
 AVERAGE    58

..........................................................


THE ALBANY NY CLIMATE NORMALS FOR TODAY
                         NORMAL    RECORD    YEAR
 MAXIMUM TEMPERATURE (F)   38        64      1966
 MINIMUM TEMPERATURE (F)   23        -4      1902


SUNRISE AND SUNSET
DECEMBER 10 2016......SUNRISE   715 AM EST   SUNSET   421 PM EST
DECEMBER 11 2016......SUNRISE   716 AM EST   SUNSET   421 PM EST


-  INDICATES NEGATIVE NUMBERS.
R  INDICATES RECORD WAS SET OR TIED.
MM INDICATES DATA IS MISSING.
T  INDICATES TRACE AMOUNT.




$$
