000
CDUS41 KALY 120625
CLIALB


CLIMATE REPORT
NATIONAL WEATHER SERVICE ALBANY NY
223 AM EDT TUE APR 12 2016


...................................

...THE ALBANY NY CLIMATE SUMMARY FOR APRIL 11 2016...

CLIMATE NORMAL PERIOD 1981 TO 2010
CLIMATE RECORD PERIOD 1874 TO 2016


WEATHER ITEM   OBSERVED TIME   RECORD YEAR NORMAL DEPARTURE LAST
                VALUE   (LST)  VALUE       VALUE  FROM      YEAR
                                                  NORMAL
..................................................................
TEMPERATURE (F)
 YESTERDAY
  MAXIMUM         52    902 PM  82    2011  56     -4       50
                                      1945
  MINIMUM         40    551 AM  20    1874  36      4       31
  AVERAGE         46                        46      0       41

PRECIPITATION (IN)
  YESTERDAY        0.08          0.97 1878   0.11  -0.03     0.00
  MONTH TO DATE    1.23                      1.19   0.04     1.05
  SINCE MAR 1      2.41                      4.40  -1.99     2.30
  SINCE JAN 1      7.72                      9.19  -1.47     6.62

SNOWFALL (IN)
  YESTERDAY        0.0           1.7  1942   0.1   -0.1      0.0
  MONTH TO DATE    6.4                       1.3    5.1       T
  SINCE MAR 1      6.6                      12.3   -5.7      5.3
  SINCE JUL 1     16.9                      59.2  -42.3     75.9
  SNOW DEPTH       0

DEGREE DAYS
 HEATING
  YESTERDAY       19                        19      0       24
  MONTH TO DATE  296                       232     64      252
  SINCE MAR 1    978                      1161   -183     1337
  SINCE JUL 1   4907                      6105  -1198     6467

 COOLING
  YESTERDAY        0                         0      0        0
  MONTH TO DATE    0                         0      0        0
  SINCE MAR 1      0                         0      0        0
  SINCE JAN 1      0                         0      0        0
..................................................................


WIND (MPH)
  HIGHEST WIND SPEED    28   HIGHEST WIND DIRECTION     S (180)
  HIGHEST GUST SPEED    38   HIGHEST GUST DIRECTION     S (170)
  AVERAGE WIND SPEED    14.5


SKY COVER
  AVERAGE SKY COVER 1.0



RELATIVE HUMIDITY (PERCENT)
 HIGHEST    71
 LOWEST     33
 AVERAGE    52

..........................................................


THE ALBANY NY CLIMATE NORMALS FOR TODAY
                         NORMAL    RECORD    YEAR
 MAXIMUM TEMPERATURE (F)   57        84      1977
 MINIMUM TEMPERATURE (F)   36        13      1874


SUNRISE AND SUNSET
APRIL 12 2016.........SUNRISE   618 AM EDT   SUNSET   734 PM EDT
APRIL 13 2016.........SUNRISE   616 AM EDT   SUNSET   736 PM EDT


-  INDICATES NEGATIVE NUMBERS.
R  INDICATES RECORD WAS SET OR TIED.
MM INDICATES DATA IS MISSING.
T  INDICATES TRACE AMOUNT.




$$
