000
CDUS41 KALY 050627
CLIALB


CLIMATE REPORT
NATIONAL WEATHER SERVICE ALBANY NY
126 AM EST MON FEB 5 2018


...................................

...THE ALBANY NY CLIMATE SUMMARY FOR FEBRUARY 4 2018...

CLIMATE NORMAL PERIOD 1981 TO 2010
CLIMATE RECORD PERIOD 1874 TO 2018


WEATHER ITEM   OBSERVED TIME   RECORD YEAR NORMAL DEPARTURE LAST
                VALUE   (LST)  VALUE       VALUE  FROM      YEAR
                                                  NORMAL
..................................................................
TEMPERATURE (F)
 YESTERDAY
  MAXIMUM         34   1219 PM  61    1991  32      2       32
  MINIMUM         27    331 AM -13    1978  15     12       17
  AVERAGE         31                        24      7       25

PRECIPITATION (IN)
  YESTERDAY        0.28          1.51 1926   0.07   0.21      T
  MONTH TO DATE    0.31                      0.31   0.00     0.06
  SINCE DEC 1      4.63                      5.83  -1.20     4.94
  SINCE JAN 1      2.70                      2.90  -0.20     3.19

SNOWFALL (IN)
  YESTERDAY        1.9          15.5  1926   0.5    1.4       T
  MONTH TO DATE    1.9                       1.9    0.0      1.3
  SINCE DEC 1     26.8                      33.5   -6.7     18.0
  SINCE JUL 1     26.8                      36.6   -9.8     20.3
  SNOW DEPTH       0

DEGREE DAYS
 HEATING
  YESTERDAY       34                        41     -7       40
  MONTH TO DATE  157                       166     -9      152
  SINCE DEC 1   2680                      2613     67     2279
  SINCE JUL 1   3794                      4017   -223     3435

 COOLING
  YESTERDAY        0                         0      0        0
  MONTH TO DATE    0                         0      0        0
  SINCE DEC 1      0                         0      0        0
  SINCE JAN 1      0                         0      0        0
..................................................................


WIND (MPH)
  HIGHEST WIND SPEED    25   HIGHEST WIND DIRECTION     S (170)
  HIGHEST GUST SPEED    35   HIGHEST GUST DIRECTION     S (180)
  AVERAGE WIND SPEED    12.0


SKY COVER
  AVERAGE SKY COVER 1.0



RELATIVE HUMIDITY (PERCENT)
 HIGHEST    85
 LOWEST     42
 AVERAGE    64

..........................................................


THE ALBANY NY CLIMATE NORMALS FOR TODAY
                         NORMAL    RECORD    YEAR
 MAXIMUM TEMPERATURE (F)   32        59      1890
 MINIMUM TEMPERATURE (F)   15       -15      1918


SUNRISE AND SUNSET
FEBRUARY  5 2018......SUNRISE   705 AM EST   SUNSET   514 PM EST
FEBRUARY  6 2018......SUNRISE   704 AM EST   SUNSET   515 PM EST


-  INDICATES NEGATIVE NUMBERS.
R  INDICATES RECORD WAS SET OR TIED.
MM INDICATES DATA IS MISSING.
T  INDICATES TRACE AMOUNT.




$$
