000
CDUS41 KALY 220630
CLIALB


CLIMATE REPORT
NATIONAL WEATHER SERVICE ALBANY NY
226 AM EDT WED JUL 22 2015


...................................

...THE ALBANY NY CLIMATE SUMMARY FOR JULY 21 2015...

CLIMATE NORMAL PERIOD 1981 TO 2010
CLIMATE RECORD PERIOD 1874 TO 2015


WEATHER ITEM   OBSERVED TIME   RECORD YEAR NORMAL DEPARTURE LAST
                VALUE   (LST)  VALUE       VALUE  FROM      YEAR
                                                  NORMAL
..................................................................
TEMPERATURE (F)
 YESTERDAY
  MAXIMUM         87    137 PM 101    1930  83      4       84
  MINIMUM         63    425 AM  45    1974  62      1       63
  AVERAGE         75                        72      3       74

PRECIPITATION (IN)
  YESTERDAY        T             1.27 1931   0.13  -0.13     0.00
  MONTH TO DATE    2.81                      2.79   0.02     3.93
  SINCE JUN 1      9.51                      6.58   2.93     8.70
  SINCE JAN 1     18.23                     21.36  -3.13    22.26

DEGREE DAYS
 HEATING
  YESTERDAY        0                         0      0        0
  MONTH TO DATE    1                         0      1        0
  SINCE JUN 1     52                        52      0       12
  SINCE JUL 1      1                         0      1        0

 COOLING
  YESTERDAY       10                         7      3        9
  MONTH TO DATE  152                       144      8      168
  SINCE JUN 1    263                       262      1      316
  SINCE JAN 1    386                       292     94      351
..................................................................


WIND (MPH)
  HIGHEST WIND SPEED    20   HIGHEST WIND DIRECTION     W (270)
  HIGHEST GUST SPEED    25   HIGHEST GUST DIRECTION    NW (300)
  AVERAGE WIND SPEED     5.8


SKY COVER
  AVERAGE SKY COVER 0.6



RELATIVE HUMIDITY (PERCENT)
 HIGHEST    87
 LOWEST     44
 AVERAGE    66

..........................................................


THE ALBANY NY CLIMATE NORMALS FOR TODAY
                         NORMAL    RECORD    YEAR
 MAXIMUM TEMPERATURE (F)   83       102      1926
 MINIMUM TEMPERATURE (F)   62        47      1970


SUNRISE AND SUNSET
JULY 22 2015..........SUNRISE   536 AM EDT   SUNSET   826 PM EDT
JULY 23 2015..........SUNRISE   537 AM EDT   SUNSET   825 PM EDT


-  INDICATES NEGATIVE NUMBERS.
R  INDICATES RECORD WAS SET OR TIED.
MM INDICATES DATA IS MISSING.
T  INDICATES TRACE AMOUNT.




$$
