000
CDUS41 KALY 040623
CLIALB


CLIMATE REPORT
NATIONAL WEATHER SERVICE ALBANY NY
222 AM EDT SAT NOV 4 2017


...................................

...THE ALBANY NY CLIMATE SUMMARY FOR NOVEMBER 3 2017...

CLIMATE NORMAL PERIOD 1981 TO 2010
CLIMATE RECORD PERIOD 1874 TO 2017


WEATHER ITEM   OBSERVED TIME   RECORD YEAR NORMAL DEPARTURE LAST
                VALUE   (LST)  VALUE       VALUE  FROM      YEAR
                                                  NORMAL
..................................................................
TEMPERATURE (F)
 YESTERDAY
  MAXIMUM         64    826 AM  75    1990  53     11       59
  MINIMUM         41   1151 PM  20    1980  35      6       51
  AVERAGE         53                        44      9       55

PRECIPITATION (IN)
  YESTERDAY        0.01          3.28 1927   0.12  -0.11     0.11
  MONTH TO DATE    0.05                      0.35  -0.30     0.11
  SINCE SEP 1      5.58                      7.33  -1.75     5.19
  SINCE JAN 1     37.38                     33.48   3.90    28.64

SNOWFALL (IN)
  YESTERDAY        0.0           0.9  1951   0.0    0.0      0.0
  MONTH TO DATE    0.0                       0.1   -0.1      0.0
  SINCE SEP 1      0.0                       0.4   -0.4      1.7
  SINCE JUL 1      0.0                       0.4   -0.4      1.7
  SNOW DEPTH       0

DEGREE DAYS
 HEATING
  YESTERDAY       12                        21     -9       10
  MONTH TO DATE   42                        63    -21       43
  SINCE SEP 1    371                       685   -314      497
  SINCE JUL 1    390                       708   -318      498

 COOLING
  YESTERDAY        0                         0      0        0
  MONTH TO DATE    0                         0      0        0
  SINCE SEP 1    139                        55     84      114
  SINCE JAN 1    714                       598    116      902
..................................................................


WIND (MPH)
  HIGHEST WIND SPEED    26   HIGHEST WIND DIRECTION     W (290)
  HIGHEST GUST SPEED    32   HIGHEST GUST DIRECTION    NW (300)
  AVERAGE WIND SPEED    10.6


SKY COVER
  AVERAGE SKY COVER 0.7



RELATIVE HUMIDITY (PERCENT)
 HIGHEST    84
 LOWEST     59
 AVERAGE    72

..........................................................


THE ALBANY NY CLIMATE NORMALS FOR TODAY
                         NORMAL    RECORD    YEAR
 MAXIMUM TEMPERATURE (F)   53        76      1994
 MINIMUM TEMPERATURE (F)   34        17      1951


SUNRISE AND SUNSET
NOVEMBER  4 2017......SUNRISE   733 AM EDT   SUNSET   544 PM EDT
NOVEMBER  5 2017......SUNRISE   635 AM EST   SUNSET   442 PM EST


-  INDICATES NEGATIVE NUMBERS.
R  INDICATES RECORD WAS SET OR TIED.
MM INDICATES DATA IS MISSING.
T  INDICATES TRACE AMOUNT.




$$
