000
CDUS41 KALY 112151
CLIALB


CLIMATE REPORT
NATIONAL WEATHER SERVICE ALBANY NY
451 PM EST SAT MAR 11 2017


...................................

...THE ALBANY NY CLIMATE SUMMARY FOR MARCH 11 2017...
VALID TODAY AS OF 0400 PM LOCAL TIME.

CLIMATE NORMAL PERIOD 1981 TO 2010
CLIMATE RECORD PERIOD 1874 TO 2017


WEATHER ITEM   OBSERVED TIME   RECORD YEAR NORMAL DEPARTURE LAST
                VALUE   (LST)  VALUE       VALUE  FROM      YEAR
                                                  NORMAL
..................................................................
TEMPERATURE (F)
 TODAY
  MAXIMUM         22    330 PM  70    1977  42    -20       55
  MINIMUM          7    658 AM -10    1939  24    -17       34
  AVERAGE         15                        33    -18       45

PRECIPITATION (IN)
  TODAY            T             1.18 1901   0.10  -0.10     0.03
  MONTH TO DATE    0.21                      1.07  -0.86     0.29
  SINCE MAR 1      0.21                      1.07  -0.86     0.29
  SINCE JAN 1      6.19                      5.86   0.33     5.60

SNOWFALL (IN)
  TODAY           MM             4.1  1941   0.4   MM        0.0
  MONTH TO DATE    0.2                       5.0   -4.8       T
  SINCE MAR 1      0.2                       5.0   -4.8       T
  SINCE JUL 1     41.4                      51.9  -10.5     10.3
  SNOW DEPTH       0

DEGREE DAYS
 HEATING
  TODAY           50                        32     18       20
  MONTH TO DATE  352                       370    -18      281
  SINCE MAR 1    352                       370    -18      281
  SINCE JUL 1   4515                      5314   -799     4210

 COOLING
  TODAY            0                         0      0        0
  MONTH TO DATE    0                         0      0        0
  SINCE MAR 1      0                         0      0        0
  SINCE JAN 1      0                         0      0        0
..................................................................


WIND (MPH)
  HIGHEST WIND SPEED    31   HIGHEST WIND DIRECTION    NW (300)
  HIGHEST GUST SPEED    44   HIGHEST GUST DIRECTION    NW (310)
  AVERAGE WIND SPEED    17.1


SKY COVER
  AVERAGE SKY COVER 0.5



RELATIVE HUMIDITY (PERCENT)
 HIGHEST    73          1200 AM
 LOWEST     35           400 PM
 AVERAGE    54

..........................................................


THE ALBANY NY CLIMATE NORMALS FOR TOMORROW
                         NORMAL    RECORD    YEAR
 MAXIMUM TEMPERATURE (F)   43        69      2012
 MINIMUM TEMPERATURE (F)   24       -12      1948


SUNRISE AND SUNSET
MARCH 11 2017.........SUNRISE   614 AM EST   SUNSET   557 PM EST
MARCH 12 2017.........SUNRISE   712 AM EDT   SUNSET   658 PM EDT


-  INDICATES NEGATIVE NUMBERS.
R  INDICATES RECORD WAS SET OR TIED.
MM INDICATES DATA IS MISSING.
T  INDICATES TRACE AMOUNT.




$$
