000
CDUS41 KALY 160628
CLIALB


CLIMATE REPORT
NATIONAL WEATHER SERVICE ALBANY NY
227 AM EDT SAT MAY 16 2015


...................................

...THE ALBANY NY CLIMATE SUMMARY FOR MAY 15 2015...

CLIMATE NORMAL PERIOD 1981 TO 2010
CLIMATE RECORD PERIOD 1874 TO 2015


WEATHER ITEM   OBSERVED TIME   RECORD YEAR NORMAL DEPARTURE LAST
                VALUE   (LST)  VALUE       VALUE  FROM      YEAR
                                                  NORMAL
..................................................................
TEMPERATURE (F)
 YESTERDAY
  MAXIMUM         75    303 PM  93    1900  69      6       73
  MINIMUM         40    426 AM  31    1977  47     -7       62
  AVERAGE         58                        58      0       68

PRECIPITATION (IN)
  YESTERDAY        T             2.02 1938   0.11  -0.11     0.09
  MONTH TO DATE    0.01                      1.63  -1.62     0.72
  SINCE MAR 1      3.36                      8.01  -4.65     5.88
  SINCE JAN 1      7.68                     12.80  -5.12    11.67

SNOWFALL (IN)
  YESTERDAY        0.0           0.0    MM   0.0    0.0      0.0
  MONTH TO DATE    0.0                       0.1   -0.1      0.0
  SINCE MAR 1      5.3                      12.6   -7.3      8.3
  SINCE JUL 1     75.9                      59.1   16.8     73.5
  SNOW DEPTH       0

DEGREE DAYS
 HEATING
  YESTERDAY        7                         8     -1        0
  MONTH TO DATE   43                       144   -101       94
  SINCE MAR 1   1639                      1593     46     1766
  SINCE JUL 1   6769                      6537    232     6883

 COOLING
  YESTERDAY        0                         1     -1        3
  MONTH TO DATE   54                         4     50       15
  SINCE MAR 1     54                         8     46       21
  SINCE JAN 1     54                         8     46       21
..................................................................


WIND (MPH)
  HIGHEST WIND SPEED    15   HIGHEST WIND DIRECTION     S (180)
  HIGHEST GUST SPEED    20   HIGHEST GUST DIRECTION     S (170)
  AVERAGE WIND SPEED     4.4


SKY COVER
  AVERAGE SKY COVER 0.8



RELATIVE HUMIDITY (PERCENT)
 HIGHEST    71
 LOWEST     22
 AVERAGE    47

..........................................................


THE ALBANY NY CLIMATE NORMALS FOR TODAY
                         NORMAL    RECORD    YEAR
 MAXIMUM TEMPERATURE (F)   70        89      1991
 MINIMUM TEMPERATURE (F)   47        33      1980


SUNRISE AND SUNSET
MAY 16 2015...........SUNRISE   532 AM EDT   SUNSET   812 PM EDT
MAY 17 2015...........SUNRISE   531 AM EDT   SUNSET   813 PM EDT


-  INDICATES NEGATIVE NUMBERS.
R  INDICATES RECORD WAS SET OR TIED.
MM INDICATES DATA IS MISSING.
T  INDICATES TRACE AMOUNT.




$$
