000
CDUS41 KALY 110622
CLIALB


CLIMATE REPORT
NATIONAL WEATHER SERVICE ALBANY NY
221 AM EDT MON APR 11 2016


...................................

...THE ALBANY NY CLIMATE SUMMARY FOR APRIL 10 2016...

CLIMATE NORMAL PERIOD 1981 TO 2010
CLIMATE RECORD PERIOD 1874 TO 2016


WEATHER ITEM   OBSERVED TIME   RECORD YEAR NORMAL DEPARTURE LAST
                VALUE   (LST)  VALUE       VALUE  FROM      YEAR
                                                  NORMAL
..................................................................
TEMPERATURE (F)
 YESTERDAY
  MAXIMUM         47    427 PM  86    1922  56     -9       52
  MINIMUM         23    528 AM  21    1974  35    -12       38
  AVERAGE         35                        46    -11       45

PRECIPITATION (IN)
  YESTERDAY        0.00          0.89 1983   0.11  -0.11     0.17
  MONTH TO DATE    1.15                      1.08   0.07     1.05
  SINCE MAR 1      2.33                      4.29  -1.96     2.30
  SINCE JAN 1      7.64                      9.08  -1.44     6.62

SNOWFALL (IN)
  YESTERDAY        0.0           5.7  1961   0.1   -0.1      0.0
  MONTH TO DATE    6.4                       1.2    5.2       T
  SINCE MAR 1      6.6                      12.2   -5.6      5.3
  SINCE JUL 1     16.9                      59.1  -42.2     75.9
  SNOW DEPTH       0

DEGREE DAYS
 HEATING
  YESTERDAY       30                        19     11       20
  MONTH TO DATE  277                       213     64      228
  SINCE MAR 1    959                      1142   -183     1313
  SINCE JUL 1   4888                      6086  -1198     6443

 COOLING
  YESTERDAY        0                         0      0        0
  MONTH TO DATE    0                         0      0        0
  SINCE MAR 1      0                         0      0        0
  SINCE JAN 1      0                         0      0        0
..................................................................


WIND (MPH)
  HIGHEST WIND SPEED    17   HIGHEST WIND DIRECTION     W (280)
  HIGHEST GUST SPEED    24   HIGHEST GUST DIRECTION     W (260)
  AVERAGE WIND SPEED     7.4


SKY COVER
  AVERAGE SKY COVER 0.5



RELATIVE HUMIDITY (PERCENT)
 HIGHEST    60
 LOWEST     25
 AVERAGE    43

..........................................................


THE ALBANY NY CLIMATE NORMALS FOR TODAY
                         NORMAL    RECORD    YEAR
 MAXIMUM TEMPERATURE (F)   56        82      2011
                                             1945
 MINIMUM TEMPERATURE (F)   36        20      1874


SUNRISE AND SUNSET
APRIL 11 2016.........SUNRISE   620 AM EDT   SUNSET   733 PM EDT
APRIL 12 2016.........SUNRISE   618 AM EDT   SUNSET   734 PM EDT


-  INDICATES NEGATIVE NUMBERS.
R  INDICATES RECORD WAS SET OR TIED.
MM INDICATES DATA IS MISSING.
T  INDICATES TRACE AMOUNT.




$$
