000
CDUS41 KALY 052149
CLIALB


CLIMATE REPORT
NATIONAL WEATHER SERVICE ALBANY NY
448 PM EST WED NOV 5 2014


...................................

...THE ALBANY NY CLIMATE SUMMARY FOR NOVEMBER 5 2014...
VALID TODAY AS OF 0400 PM LOCAL TIME.

CLIMATE NORMAL PERIOD 1981 TO 2010
CLIMATE RECORD PERIOD 1874 TO 2014


WEATHER ITEM   OBSERVED TIME   RECORD YEAR NORMAL DEPARTURE LAST
                VALUE   (LST)  VALUE       VALUE  FROM      YEAR
                                                  NORMAL
..................................................................
TEMPERATURE (F)
 TODAY
  MAXIMUM         60   1222 AM  75    1994  52      8       52
  MINIMUM         50    610 AM  17    1951  34     16       25
  AVERAGE         55                        43     12       39

PRECIPITATION (IN)
  TODAY            T             1.58 1939   0.11  -0.11     0.00
  MONTH TO DATE    0.04                      0.57  -0.53     0.13
  SINCE SEP 1      5.15                      7.55  -2.40     7.23
  SINCE JAN 1     31.93                     33.70  -1.77    38.74

SNOWFALL (IN)
  TODAY            0.0           3.0  1894   0.1   -0.1      0.0
  MONTH TO DATE    0.0                       0.2   -0.2      0.0
  SINCE SEP 1      0.0                       0.2   -0.2      0.0
  SINCE JUL 1      0.0                       0.2   -0.2      0.0
  SNOW DEPTH       0

DEGREE DAYS
 HEATING
  TODAY           10                        22    -12       26
  MONTH TO DATE   89                       107    -18      115
  SINCE SEP 1    561                       729   -168      656
  SINCE JUL 1    569                       752   -183      662

 COOLING
  TODAY            0                         0      0        0
  MONTH TO DATE    0                         0      0        0
  SINCE SEP 1     92                        55     37       65
  SINCE JAN 1    659                       598     61      763
..................................................................


WIND (MPH)
  HIGHEST WIND SPEED    16   HIGHEST WIND DIRECTION    NW (300)
  HIGHEST GUST SPEED    20   HIGHEST GUST DIRECTION    NW (300)
  AVERAGE WIND SPEED     8.2


SKY COVER
  AVERAGE SKY COVER 0.9



RELATIVE HUMIDITY (PERCENT)
 HIGHEST    67           900 AM
 LOWEST     26          1200 AM
 AVERAGE    47

..........................................................


THE ALBANY NY CLIMATE NORMALS FOR TOMORROW
                         NORMAL    RECORD    YEAR
 MAXIMUM TEMPERATURE (F)   52        72      1948
 MINIMUM TEMPERATURE (F)   34        15      1951


SUNRISE AND SUNSET
NOVEMBER  5 2014......SUNRISE   634 AM EST   SUNSET   443 PM EST
NOVEMBER  6 2014......SUNRISE   635 AM EST   SUNSET   442 PM EST


-  INDICATES NEGATIVE NUMBERS.
R  INDICATES RECORD WAS SET OR TIED.
MM INDICATES DATA IS MISSING.
T  INDICATES TRACE AMOUNT.




$$
