000
CDUS41 KALY 090623
CLIALB


CLIMATE REPORT
NATIONAL WEATHER SERVICE ALBANY NY
221 AM EDT TUE SEP 9 2014


...................................

...THE ALBANY NY CLIMATE SUMMARY FOR SEPTEMBER 8 2014...

CLIMATE NORMAL PERIOD 1981 TO 2010
CLIMATE RECORD PERIOD 1874 TO 2014


WEATHER ITEM   OBSERVED TIME   RECORD YEAR NORMAL DEPARTURE LAST
                VALUE   (LST)  VALUE       VALUE  FROM      YEAR
                                                  NORMAL
..................................................................
TEMPERATURE (F)
 YESTERDAY
  MAXIMUM         78    255 PM  93    1945  75      3       72
  MINIMUM         52    400 AM  34    1978  55     -3       46
  AVERAGE         65                        65      0       59

PRECIPITATION (IN)
  YESTERDAY        0.00          2.62 1934   0.10  -0.10      T
  MONTH TO DATE    0.17                      0.80  -0.63     0.61
  SINCE SEP 1      0.17                      0.80  -0.63     0.61
  SINCE JAN 1     26.95                     26.95   0.00    32.12

DEGREE DAYS
 HEATING
  YESTERDAY        0                         2     -2        6
  MONTH TO DATE    0                        15    -15       22
  SINCE SEP 1      0                        15    -15       22
  SINCE JUL 1      8                        38    -30       28

 COOLING
  YESTERDAY        0                         2     -2        0
  MONTH TO DATE   63                        25     38       30
  SINCE SEP 1     63                        25     38       30
  SINCE JAN 1    630                       568     62      728
..................................................................


WIND (MPH)
  HIGHEST WIND SPEED    14   HIGHEST WIND DIRECTION     S (160)
  HIGHEST GUST SPEED    20   HIGHEST GUST DIRECTION     S (170)
  AVERAGE WIND SPEED     4.4


SKY COVER
  AVERAGE SKY COVER 0.2



RELATIVE HUMIDITY (PERCENT)
 HIGHEST    93
 LOWEST     35
 AVERAGE    64

..........................................................


THE ALBANY NY CLIMATE NORMALS FOR TODAY
                         NORMAL    RECORD    YEAR
 MAXIMUM TEMPERATURE (F)   75        94      1959
 MINIMUM TEMPERATURE (F)   54        36      1938


SUNRISE AND SUNSET
SEPTEMBER  9 2014.....SUNRISE   628 AM EDT   SUNSET   716 PM EDT
SEPTEMBER 10 2014.....SUNRISE   629 AM EDT   SUNSET   714 PM EDT


-  INDICATES NEGATIVE NUMBERS.
R  INDICATES RECORD WAS SET OR TIED.
MM INDICATES DATA IS MISSING.
T  INDICATES TRACE AMOUNT.




$$
