000
CDUS41 KALY 140630
CLIALB


CLIMATE REPORT
NATIONAL WEATHER SERVICE ALBANY NY
129 AM EST MON NOV 14 2016


...................................

...THE ALBANY NY CLIMATE SUMMARY FOR NOVEMBER 13 2016...

CLIMATE NORMAL PERIOD 1981 TO 2010
CLIMATE RECORD PERIOD 1874 TO 2016


WEATHER ITEM   OBSERVED TIME   RECORD YEAR NORMAL DEPARTURE LAST
                VALUE   (LST)  VALUE       VALUE  FROM      YEAR
                                                  NORMAL
..................................................................
TEMPERATURE (F)
 YESTERDAY
  MAXIMUM         58    324 PM  69    1964  49      9       56
  MINIMUM         31    921 PM  13    1981  32     -1       43
  AVERAGE         45                        41      4       50

PRECIPITATION (IN)
  YESTERDAY        0.00          0.94 1974   0.10  -0.10      T
  MONTH TO DATE    0.34                      1.42  -1.08     1.30
  SINCE SEP 1      5.42                      8.40  -2.98    11.39
  SINCE JAN 1     28.87                     34.55  -5.68    34.53

SNOWFALL (IN)
  YESTERDAY        0.0           6.0  1886   0.1   -0.1      0.0
  MONTH TO DATE    0.0                       0.6   -0.6      0.0
  SINCE SEP 1      1.7                       0.9    0.8       T
  SINCE JUL 1      1.7                       0.9    0.8       T
  SNOW DEPTH       0

DEGREE DAYS
 HEATING
  YESTERDAY       20                        24     -4       15
  MONTH TO DATE  268                       292    -24      172
  SINCE SEP 1    722                       914   -192      679
  SINCE JUL 1    723                       937   -214      680

 COOLING
  YESTERDAY        0                         0      0        0
  MONTH TO DATE    0                         0      0        0
  SINCE SEP 1    114                        55     59      158
  SINCE JAN 1    902                       598    304      906
..................................................................


WIND (MPH)
  HIGHEST WIND SPEED    18   HIGHEST WIND DIRECTION     W (290)
  HIGHEST GUST SPEED    22   HIGHEST GUST DIRECTION     W (290)
  AVERAGE WIND SPEED     4.2


SKY COVER
  AVERAGE SKY COVER 0.4



RELATIVE HUMIDITY (PERCENT)
 HIGHEST    85
 LOWEST     43
 AVERAGE    64

..........................................................


THE ALBANY NY CLIMATE NORMALS FOR TODAY
                         NORMAL    RECORD    YEAR
 MAXIMUM TEMPERATURE (F)   49        70      1973
 MINIMUM TEMPERATURE (F)   32        12      1986


SUNRISE AND SUNSET
NOVEMBER 14 2016......SUNRISE   646 AM EST   SUNSET   433 PM EST
NOVEMBER 15 2016......SUNRISE   648 AM EST   SUNSET   432 PM EST


-  INDICATES NEGATIVE NUMBERS.
R  INDICATES RECORD WAS SET OR TIED.
MM INDICATES DATA IS MISSING.
T  INDICATES TRACE AMOUNT.




$$
