000
CDUS41 KALY 160625
CLIALB


CLIMATE REPORT
NATIONAL WEATHER SERVICE ALBANY NY
224 AM EDT MON MAR 16 2015


...................................

...THE ALBANY NY CLIMATE SUMMARY FOR MARCH 15 2015...

CLIMATE NORMAL PERIOD 1981 TO 2010
CLIMATE RECORD PERIOD 1874 TO 2015


WEATHER ITEM   OBSERVED TIME   RECORD YEAR NORMAL DEPARTURE LAST
                VALUE   (LST)  VALUE       VALUE  FROM      YEAR
                                                  NORMAL
..................................................................
TEMPERATURE (F)
 YESTERDAY
  MAXIMUM         41   1236 PM  72    1989  44     -3       46
  MINIMUM         31   1159 PM   1    1993  25      6       28
  AVERAGE         36                        34      2       37

PRECIPITATION (IN)
  YESTERDAY        T             1.06 1916   0.11  -0.11      T
  MONTH TO DATE    0.31                      1.47  -1.16     0.73
  SINCE MAR 1      0.31                      1.47  -1.16     0.73
  SINCE JAN 1      4.63                      6.26  -1.63     6.52

SNOWFALL (IN)
  YESTERDAY        0.0          10.4  1916   0.4   -0.4       T
  MONTH TO DATE    2.6                       6.1   -3.5      5.5
  SINCE MAR 1      2.6                       6.1   -3.5      5.5
  SINCE JUL 1     73.2                      52.6   20.6     70.7
  SNOW DEPTH       0

DEGREE DAYS
 HEATING
  YESTERDAY       29                        31     -2       28
  MONTH TO DATE  546                       495     51      610
  SINCE MAR 1    546                       495     51      610
  SINCE JUL 1   5676                      5439    237     5727

 COOLING
  YESTERDAY        0                         0      0        0
  MONTH TO DATE    0                         0      0        0
  SINCE MAR 1      0                         0      0        0
  SINCE JAN 1      0                         0      0        0
..................................................................


WIND (MPH)
  HIGHEST WIND SPEED    29   HIGHEST WIND DIRECTION    NW (330)
  HIGHEST GUST SPEED    35   HIGHEST GUST DIRECTION    NW (330)
  AVERAGE WIND SPEED    15.6


SKY COVER
  AVERAGE SKY COVER 1.0



RELATIVE HUMIDITY (PERCENT)
 HIGHEST    76
 LOWEST     54
 AVERAGE    65

..........................................................


THE ALBANY NY CLIMATE NORMALS FOR TODAY
                         NORMAL    RECORD    YEAR
 MAXIMUM TEMPERATURE (F)   44        82      1990
 MINIMUM TEMPERATURE (F)   26         4      1980


SUNRISE AND SUNSET
MARCH 16 2015.........SUNRISE   706 AM EDT   SUNSET   702 PM EDT
MARCH 17 2015.........SUNRISE   704 AM EDT   SUNSET   704 PM EDT


-  INDICATES NEGATIVE NUMBERS.
R  INDICATES RECORD WAS SET OR TIED.
MM INDICATES DATA IS MISSING.
T  INDICATES TRACE AMOUNT.




$$
