000
CDUS41 KALY 020629
CLIALB


CLIMATE REPORT
NATIONAL WEATHER SERVICE ALBANY NY
228 AM EDT WED JUL 2 2014


...................................

...THE ALBANY NY CLIMATE SUMMARY FOR JULY 1 2014...

CLIMATE NORMAL PERIOD 1981 TO 2010
CLIMATE RECORD PERIOD 1874 TO 2014


WEATHER ITEM   OBSERVED TIME   RECORD YEAR NORMAL DEPARTURE LAST
                VALUE   (LST)  VALUE       VALUE  FROM      YEAR
                                                  NORMAL
..................................................................
TEMPERATURE (F)
 YESTERDAY
  MAXIMUM         91    207 PM  99    1933  81     10       77
  MINIMUM         71   1134 PM  45    1978  60     11       67
  AVERAGE         81                        71     10       72

PRECIPITATION (IN)
  YESTERDAY        T             2.76 2009   0.13  -0.13     0.59
  MONTH TO DATE    T                         0.13  -0.13     0.59
  SINCE JUN 1      4.77                      3.92   0.85     9.27
  SINCE JAN 1     18.33                     18.70  -0.37    24.01

DEGREE DAYS
 HEATING
  YESTERDAY        0                         0      0        0
  MONTH TO DATE    0                         0      0        0
  SINCE JUN 1     12                        52    -40       55
  SINCE JUL 1      0                         0      0        0

 COOLING
  YESTERDAY       16                         6     10        7
  MONTH TO DATE   16                         6     10        7
  SINCE JUN 1    164                       124     40      150
  SINCE JAN 1    199                       154     45      199
..................................................................


WIND (MPH)
  HIGHEST WIND SPEED    22   HIGHEST WIND DIRECTION     S (170)
  HIGHEST GUST SPEED    30   HIGHEST GUST DIRECTION    SE (140)
  AVERAGE WIND SPEED     9.5


SKY COVER
  AVERAGE SKY COVER 0.5



RELATIVE HUMIDITY (PERCENT)
 HIGHEST    79
 LOWEST     55
 AVERAGE    67

..........................................................


THE ALBANY NY CLIMATE NORMALS FOR TODAY
                         NORMAL    RECORD    YEAR
 MAXIMUM TEMPERATURE (F)   82        98      1966
 MINIMUM TEMPERATURE (F)   60        40      1978


SUNRISE AND SUNSET
JULY  2 2014..........SUNRISE   521 AM EDT   SUNSET   837 PM EDT
JULY  3 2014..........SUNRISE   522 AM EDT   SUNSET   837 PM EDT


-  INDICATES NEGATIVE NUMBERS.
R  INDICATES RECORD WAS SET OR TIED.
MM INDICATES DATA IS MISSING.
T  INDICATES TRACE AMOUNT.




$$
