000
CDUS41 KALY 280629
CLIALB


CLIMATE REPORT
NATIONAL WEATHER SERVICE ALBANY NY
128 AM EST WED DEC 28 2016


...................................

...THE ALBANY NY CLIMATE SUMMARY FOR DECEMBER 27 2016...

CLIMATE NORMAL PERIOD 1981 TO 2010
CLIMATE RECORD PERIOD 1874 TO 2016


WEATHER ITEM   OBSERVED TIME   RECORD YEAR NORMAL DEPARTURE LAST
                VALUE   (LST)  VALUE       VALUE  FROM      YEAR
                                                  NORMAL
..................................................................
TEMPERATURE (F)
 YESTERDAY
  MAXIMUM         48   1113 AM  60    1895  32     16       51
  MINIMUM         35   1159 PM -18    1914  17     18       35
  AVERAGE         42                        25     17       43

PRECIPITATION (IN)
  YESTERDAY        0.01          1.60 1894   0.09  -0.08     0.40
  MONTH TO DATE    1.58                      2.60  -1.02     2.62
  SINCE DEC 1      1.58                      2.60  -1.02     2.62
  SINCE JAN 1     33.21                     39.02  -5.81    37.60

SNOWFALL (IN)
  YESTERDAY        0.0          15.0  1894   0.5   -0.5      0.0
  MONTH TO DATE    9.7                      11.5   -1.8       T
  SINCE DEC 1      9.7                      11.5   -1.8       T
  SINCE JUL 1     12.0                      14.6   -2.6       T
  SNOW DEPTH       0

DEGREE DAYS
 HEATING
  YESTERDAY       23                        40    -17       22
  MONTH TO DATE  928                       967    -39      587
  SINCE DEC 1    928                       967    -39      587
  SINCE JUL 1   2084                      2371   -287     1670

 COOLING
  YESTERDAY        0                         0      0        0
  MONTH TO DATE    0                         0      0        0
  SINCE DEC 1      0                         0      0        0
  SINCE JAN 1    902                       598    304      906
..................................................................


WIND (MPH)
  HIGHEST WIND SPEED    26   HIGHEST WIND DIRECTION    NW (310)
  HIGHEST GUST SPEED    34   HIGHEST GUST DIRECTION    NW (300)
  AVERAGE WIND SPEED    12.7


SKY COVER
  AVERAGE SKY COVER 0.9



RELATIVE HUMIDITY (PERCENT)
 HIGHEST    92
 LOWEST     54
 AVERAGE    73

..........................................................


THE ALBANY NY CLIMATE NORMALS FOR TODAY
                         NORMAL    RECORD    YEAR
 MAXIMUM TEMPERATURE (F)   32        61      1982
 MINIMUM TEMPERATURE (F)   17       -14      1951


SUNRISE AND SUNSET
DECEMBER 28 2016......SUNRISE   725 AM EST   SUNSET   429 PM EST
DECEMBER 29 2016......SUNRISE   725 AM EST   SUNSET   430 PM EST


-  INDICATES NEGATIVE NUMBERS.
R  INDICATES RECORD WAS SET OR TIED.
MM INDICATES DATA IS MISSING.
T  INDICATES TRACE AMOUNT.




$$
