000
CDUS41 KALY 090623
CLIALB


CLIMATE REPORT
NATIONAL WEATHER SERVICE ALBANY NY
122 AM EST TUE DEC 9 2014


...................................

...THE ALBANY NY CLIMATE SUMMARY FOR DECEMBER 8 2014...

CLIMATE NORMAL PERIOD 1981 TO 2010
CLIMATE RECORD PERIOD 1874 TO 2014


WEATHER ITEM   OBSERVED TIME   RECORD YEAR NORMAL DEPARTURE LAST
                VALUE   (LST)  VALUE       VALUE  FROM      YEAR
                                                  NORMAL
..................................................................
TEMPERATURE (F)
 YESTERDAY
  MAXIMUM         27    821 PM  58    1927  38    -11       31
  MINIMUM         12    726 AM  -3    1902  24    -12       23
  AVERAGE         20                        31    -11       27

PRECIPITATION (IN)
  YESTERDAY        T             0.65 1950   0.10  -0.10      T
  MONTH TO DATE    1.11                      0.84   0.27     0.39
  SINCE DEC 1      1.11                      0.84   0.27     0.39
  SINCE JAN 1     35.44                     37.26  -1.82    40.84

SNOWFALL (IN)
  YESTERDAY        T             5.1  2001   0.4   -0.4       T
  MONTH TO DATE    0.4                       2.7   -2.3      0.5
  SINCE DEC 1      0.4                       2.7   -2.3      0.5
  SINCE JUL 1     12.7                       5.5    7.2      2.6
  SNOW DEPTH       0

DEGREE DAYS
 HEATING
  YESTERDAY       45                        34     11       38
  MONTH TO DATE  274                       259     15      246
  SINCE DEC 1    274                       259     15      246
  SINCE JUL 1   1549                      1663   -114     1616

 COOLING
  YESTERDAY        0                         0      0        0
  MONTH TO DATE    0                         0      0        0
  SINCE DEC 1      0                         0      0        0
  SINCE JAN 1    659                       598     61      763
..................................................................


WIND (MPH)
  HIGHEST WIND SPEED    14   HIGHEST WIND DIRECTION     N (360)
  HIGHEST GUST SPEED    19   HIGHEST GUST DIRECTION    SE (140)
  AVERAGE WIND SPEED     5.9


SKY COVER
  AVERAGE SKY COVER 0.8



RELATIVE HUMIDITY (PERCENT)
 HIGHEST    68
 LOWEST     38
 AVERAGE    53

..........................................................


THE ALBANY NY CLIMATE NORMALS FOR TODAY
                         NORMAL    RECORD    YEAR
 MAXIMUM TEMPERATURE (F)   38        62      1966
 MINIMUM TEMPERATURE (F)   24       -11      1902


SUNRISE AND SUNSET
DECEMBER  9 2014......SUNRISE   714 AM EST   SUNSET   421 PM EST
DECEMBER 10 2014......SUNRISE   715 AM EST   SUNSET   421 PM EST


-  INDICATES NEGATIVE NUMBERS.
R  INDICATES RECORD WAS SET OR TIED.
MM INDICATES DATA IS MISSING.
T  INDICATES TRACE AMOUNT.




$$
