155
CDUS41 KALY 182050
CLIALB


CLIMATE REPORT
NATIONAL WEATHER SERVICE ALBANY NY
449 PM EDT WED MAY 18 2016


...................................

...THE ALBANY NY CLIMATE SUMMARY FOR MAY 18 2016...
VALID TODAY AS OF 0400 PM LOCAL TIME.

CLIMATE NORMAL PERIOD 1981 TO 2010
CLIMATE RECORD PERIOD 1874 TO 2016


WEATHER ITEM   OBSERVED TIME   RECORD YEAR NORMAL DEPARTURE LAST
                VALUE   (LST)  VALUE       VALUE  FROM      YEAR
                                                  NORMAL
..................................................................
TEMPERATURE (F)
 TODAY
  MAXIMUM         69    313 PM  94    1962  70     -1       78
  MINIMUM         38    503 AM  29    1981  48    -10       54
  AVERAGE         54                        59     -5       66

PRECIPITATION (IN)
  TODAY            0.00          1.27 1973   0.12  -0.12     0.00
  MONTH TO DATE    1.79                      1.98  -0.19     0.06
  SINCE MAR 1      4.81                      8.36  -3.55     3.41
  SINCE JAN 1     10.12                     13.15  -3.03     7.73

SNOWFALL (IN)
  TODAY            0.0           2.2  2002   0.0    0.0      0.0
  MONTH TO DATE    0.0                       0.1   -0.1      0.0
  SINCE MAR 1      6.6                      13.4   -6.8      5.3
  SINCE JUL 1     16.9                      60.3  -43.4     75.9
  SNOW DEPTH       0

DEGREE DAYS
 HEATING
  TODAY           11                         7      4        0
  MONTH TO DATE  212                       165     47       43
  SINCE MAR 1   1463                      1614   -151     1639
  SINCE JUL 1   5392                      6558  -1166     6769

 COOLING
  TODAY            0                         1     -1        1
  MONTH TO DATE    0                         7     -7       62
  SINCE MAR 1      2                        11     -9       62
  SINCE JAN 1      2                        11     -9       62
..................................................................


WIND (MPH)
  HIGHEST WIND SPEED    12   HIGHEST WIND DIRECTION    NE (50)
  HIGHEST GUST SPEED    15   HIGHEST GUST DIRECTION     N (20)
  AVERAGE WIND SPEED     4.0


SKY COVER
  AVERAGE SKY COVER 0.4



RELATIVE HUMIDITY (PERCENT)
 HIGHEST    85           200 AM
 LOWEST     34           300 PM
 AVERAGE    60

..........................................................


THE ALBANY NY CLIMATE NORMALS FOR TOMORROW
                         NORMAL    RECORD    YEAR
 MAXIMUM TEMPERATURE (F)   70        91      1989
 MINIMUM TEMPERATURE (F)   48        29      1981


SUNRISE AND SUNSET
MAY 18 2016...........SUNRISE   529 AM EDT   SUNSET   815 PM EDT
MAY 19 2016...........SUNRISE   528 AM EDT   SUNSET   816 PM EDT


-  INDICATES NEGATIVE NUMBERS.
R  INDICATES RECORD WAS SET OR TIED.
MM INDICATES DATA IS MISSING.
T  INDICATES TRACE AMOUNT.




$$
