000
CDUS41 KALY 090624
CLIALB


CLIMATE REPORT
NATIONAL WEATHER SERVICE ALBANY NY
222 AM EDT SAT SEP 9 2017


...................................

...THE ALBANY NY CLIMATE SUMMARY FOR SEPTEMBER 8 2017...

CLIMATE NORMAL PERIOD 1981 TO 2010
CLIMATE RECORD PERIOD 1874 TO 2017


WEATHER ITEM   OBSERVED TIME   RECORD YEAR NORMAL DEPARTURE LAST
                VALUE   (LST)  VALUE       VALUE  FROM      YEAR
                                                  NORMAL
..................................................................
TEMPERATURE (F)
 YESTERDAY
  MAXIMUM         68    230 PM  94    2015  75     -7       89
  MINIMUM         49    257 AM  34    1978  55     -6       65
  AVERAGE         59                        65     -6       77

PRECIPITATION (IN)
  YESTERDAY        0.01          2.62 1934   0.10  -0.09     0.57
  MONTH TO DATE    2.39                      0.80   1.59     0.57
  SINCE SEP 1      2.39                      0.80   1.59     0.57
  SINCE JAN 1     34.19                     26.95   7.24    24.02

DEGREE DAYS
 HEATING
  YESTERDAY        6                         2      4        0
  MONTH TO DATE   45                        15     30        0
  SINCE SEP 1     45                        15     30        0
  SINCE JUL 1     64                        38     26        1

 COOLING
  YESTERDAY        0                         2     -2       12
  MONTH TO DATE    7                        25    -18       46
  SINCE SEP 1      7                        25    -18       46
  SINCE JAN 1    582                       568     14      834
..................................................................


WIND (MPH)
  HIGHEST WIND SPEED    20   HIGHEST WIND DIRECTION     W (280)
  HIGHEST GUST SPEED    24   HIGHEST GUST DIRECTION     W (270)
  AVERAGE WIND SPEED     5.0


SKY COVER
  AVERAGE SKY COVER 0.7



RELATIVE HUMIDITY (PERCENT)
 HIGHEST    96
 LOWEST     52
 AVERAGE    74

..........................................................


THE ALBANY NY CLIMATE NORMALS FOR TODAY
                         NORMAL    RECORD    YEAR
 MAXIMUM TEMPERATURE (F)   75        94      1959
 MINIMUM TEMPERATURE (F)   54        36      1938


SUNRISE AND SUNSET
SEPTEMBER  9 2017.....SUNRISE   629 AM EDT   SUNSET   715 PM EDT
SEPTEMBER 10 2017.....SUNRISE   630 AM EDT   SUNSET   714 PM EDT


-  INDICATES NEGATIVE NUMBERS.
R  INDICATES RECORD WAS SET OR TIED.
MM INDICATES DATA IS MISSING.
T  INDICATES TRACE AMOUNT.




$$
