000
CDUS41 KALY 280628
CLIALB


CLIMATE REPORT
NATIONAL WEATHER SERVICE ALBANY NY
226 AM EDT SAT OCT 28 2017


...................................

...THE ALBANY NY CLIMATE SUMMARY FOR OCTOBER 27 2017...

CLIMATE NORMAL PERIOD 1981 TO 2010
CLIMATE RECORD PERIOD 1874 TO 2017


WEATHER ITEM   OBSERVED TIME   RECORD YEAR NORMAL DEPARTURE LAST
                VALUE   (LST)  VALUE       VALUE  FROM      YEAR
                                                  NORMAL
..................................................................
TEMPERATURE (F)
 YESTERDAY
  MAXIMUM         60    345 PM  79    1963  56      4       36
  MINIMUM         42    613 AM  21    1950  36      6       30
  AVERAGE         51                        46      5       33

PRECIPITATION (IN)
  YESTERDAY        0.00          1.67 2007   0.12  -0.12     0.79
  MONTH TO DATE    1.73                      3.22  -1.49     2.70
  SINCE SEP 1      4.46                      6.52  -2.06     4.88
  SINCE JAN 1     36.26                     32.67   3.59    28.33

SNOWFALL (IN)
  YESTERDAY        0.0           1.7  2016   0.0    0.0      1.7
  MONTH TO DATE    0.0                       0.2   -0.2      1.7
  SINCE SEP 1      0.0                       0.2   -0.2      1.7
  SINCE JUL 1      0.0                       0.2   -0.2      1.7
  SNOW DEPTH       0

DEGREE DAYS
 HEATING
  YESTERDAY       14                        19     -5       32
  MONTH TO DATE  196                       400   -204      306
  SINCE SEP 1    289                       544   -255      372
  SINCE JUL 1    308                       567   -259      373

 COOLING
  YESTERDAY        0                         0      0        0
  MONTH TO DATE   19                         0     19        6
  SINCE SEP 1    139                        51     88      114
  SINCE JAN 1    714                       594    120      902
..................................................................


WIND (MPH)
  HIGHEST WIND SPEED    12   HIGHEST WIND DIRECTION     S (160)
  HIGHEST GUST SPEED    16   HIGHEST GUST DIRECTION     S (160)
  AVERAGE WIND SPEED     5.7


SKY COVER
  AVERAGE SKY COVER 0.6



RELATIVE HUMIDITY (PERCENT)
 HIGHEST    76
 LOWEST     40
 AVERAGE    58

..........................................................


THE ALBANY NY CLIMATE NORMALS FOR TODAY
                         NORMAL    RECORD    YEAR
 MAXIMUM TEMPERATURE (F)   55        78      1971
 MINIMUM TEMPERATURE (F)   36        18      1974


SUNRISE AND SUNSET
OCTOBER 28 2017.......SUNRISE   724 AM EDT   SUNSET   553 PM EDT
OCTOBER 29 2017.......SUNRISE   726 AM EDT   SUNSET   551 PM EDT


-  INDICATES NEGATIVE NUMBERS.
R  INDICATES RECORD WAS SET OR TIED.
MM INDICATES DATA IS MISSING.
T  INDICATES TRACE AMOUNT.




$$
