000
CDUS41 KALY 142143
CLIALB


CLIMATE REPORT
NATIONAL WEATHER SERVICE ALBANY NY
443 PM EST MON NOV 14 2016


...................................

...THE ALBANY NY CLIMATE SUMMARY FOR NOVEMBER 14 2016...
VALID TODAY AS OF 0400 PM LOCAL TIME.

CLIMATE NORMAL PERIOD 1981 TO 2010
CLIMATE RECORD PERIOD 1874 TO 2016


WEATHER ITEM   OBSERVED TIME   RECORD YEAR NORMAL DEPARTURE LAST
                VALUE   (LST)  VALUE       VALUE  FROM      YEAR
                                                  NORMAL
..................................................................
TEMPERATURE (F)
 TODAY
  MAXIMUM         58    216 PM  70    1973  49      9       44
  MINIMUM         25    643 AM  12    1986  32     -7       35
  AVERAGE         42                        40      2       40

PRECIPITATION (IN)
  TODAY            0.00          1.79 1972   0.11  -0.11     0.02
  MONTH TO DATE    0.34                      1.53  -1.19     1.32
  SINCE SEP 1      5.42                      8.51  -3.09    11.41
  SINCE JAN 1     28.87                     34.66  -5.79    34.55

SNOWFALL (IN)
  TODAY            0.0          14.4  1972   0.1   -0.1       T
  MONTH TO DATE    0.0                       0.7   -0.7       T
  SINCE SEP 1      1.7                       1.0    0.7       T
  SINCE JUL 1      1.7                       1.0    0.7       T
  SNOW DEPTH       0

DEGREE DAYS
 HEATING
  TODAY           23                        25     -2       25
  MONTH TO DATE  291                       317    -26      197
  SINCE SEP 1    745                       939   -194      704
  SINCE JUL 1    746                       962   -216      705

 COOLING
  TODAY            0                         0      0        0
  MONTH TO DATE    0                         0      0        0
  SINCE SEP 1    114                        55     59      158
  SINCE JAN 1    902                       598    304      906
..................................................................


WIND (MPH)
  HIGHEST WIND SPEED    12   HIGHEST WIND DIRECTION     S (190)
  HIGHEST GUST SPEED    13   HIGHEST GUST DIRECTION     S (200)
  AVERAGE WIND SPEED     2.7


SKY COVER
  AVERAGE SKY COVER 0.1



RELATIVE HUMIDITY (PERCENT)
 HIGHEST    81           600 AM
 LOWEST     25           400 PM
 AVERAGE    53

..........................................................


THE ALBANY NY CLIMATE NORMALS FOR TOMORROW
                         NORMAL    RECORD    YEAR
 MAXIMUM TEMPERATURE (F)   48        74      1993
 MINIMUM TEMPERATURE (F)   32        14      1939


SUNRISE AND SUNSET
NOVEMBER 14 2016......SUNRISE   646 AM EST   SUNSET   433 PM EST
NOVEMBER 15 2016......SUNRISE   648 AM EST   SUNSET   432 PM EST


-  INDICATES NEGATIVE NUMBERS.
R  INDICATES RECORD WAS SET OR TIED.
MM INDICATES DATA IS MISSING.
T  INDICATES TRACE AMOUNT.




$$
