000
CDUS41 KALY 090629
CLIALB


CLIMATE REPORT
NATIONAL WEATHER SERVICE ALBANY NY
228 AM EDT TUE AUG 9 2016


...................................

...THE ALBANY NY CLIMATE SUMMARY FOR AUGUST 8 2016...

CLIMATE NORMAL PERIOD 1981 TO 2010
CLIMATE RECORD PERIOD 1874 TO 2016


WEATHER ITEM   OBSERVED TIME   RECORD YEAR NORMAL DEPARTURE LAST
                VALUE   (LST)  VALUE       VALUE  FROM      YEAR
                                                  NORMAL
..................................................................
TEMPERATURE (F)
 YESTERDAY
  MAXIMUM         84    349 PM  95    1983  82      2       82
  MINIMUM         59    429 AM  46    1948  61     -2       60
  AVERAGE         72                        71      1       71

PRECIPITATION (IN)
  YESTERDAY        0.00          1.18 1975   0.12  -0.12     0.00
  MONTH TO DATE    1.38                      1.00   0.38     0.52
  SINCE JUN 1     10.13                      8.91   1.22    10.64
  SINCE JAN 1     20.89                     23.69  -2.80    19.36

DEGREE DAYS
 HEATING
  YESTERDAY        0                         0      0        0
  MONTH TO DATE    0                         0      0        0
  SINCE JUN 1     38                        57    -19       52
  SINCE JUL 1      0                         5     -5        1

 COOLING
  YESTERDAY        7                         7      0        6
  MONTH TO DATE   64                        56      8       55
  SINCE JUN 1    492                       392    100      421
  SINCE JAN 1    567                       422    145      544
..................................................................


WIND (MPH)
  HIGHEST WIND SPEED    12   HIGHEST WIND DIRECTION     W (270)
  HIGHEST GUST SPEED    17   HIGHEST GUST DIRECTION     N (340)
  AVERAGE WIND SPEED     4.6


SKY COVER
  AVERAGE SKY COVER 0.1



RELATIVE HUMIDITY (PERCENT)
 HIGHEST    90
 LOWEST     34
 AVERAGE    62

..........................................................


THE ALBANY NY CLIMATE NORMALS FOR TODAY
                         NORMAL    RECORD    YEAR
 MAXIMUM TEMPERATURE (F)   82        96      2001
 MINIMUM TEMPERATURE (F)   61        46      1989


SUNRISE AND SUNSET
AUGUST  9 2016........SUNRISE   556 AM EDT   SUNSET   805 PM EDT
AUGUST 10 2016........SUNRISE   557 AM EDT   SUNSET   803 PM EDT


-  INDICATES NEGATIVE NUMBERS.
R  INDICATES RECORD WAS SET OR TIED.
MM INDICATES DATA IS MISSING.
T  INDICATES TRACE AMOUNT.




$$
