000
CDUS41 KALY 080624
CLIALB


CLIMATE REPORT
NATIONAL WEATHER SERVICE ALBANY NY
123 AM EST MON JAN 8 2018


...................................

...THE ALBANY NY CLIMATE SUMMARY FOR JANUARY 7 2018...

CLIMATE NORMAL PERIOD 1981 TO 2010
CLIMATE RECORD PERIOD 1874 TO 2018


WEATHER ITEM   OBSERVED TIME   RECORD YEAR NORMAL DEPARTURE LAST
                VALUE   (LST)  VALUE       VALUE  FROM      YEAR
                                                  NORMAL
..................................................................
TEMPERATURE (F)
 YESTERDAY
  MAXIMUM         16   1159 PM  56    1915  31    -15       21
  MINIMUM         -9    749 AM -12    1878  15    -24       11
  AVERAGE          4                        23    -19       16

PRECIPITATION (IN)
  YESTERDAY        T             0.80 1874   0.08  -0.08     0.00
  MONTH TO DATE    0.27                      0.58  -0.31     0.62
  SINCE DEC 1      2.20                      3.51  -1.31     2.37
  SINCE JAN 1      0.27                      0.58  -0.31     0.62

SNOWFALL (IN)
  YESTERDAY        T             7.2  1994   0.5   -0.5      0.0
  MONTH TO DATE    4.9                       3.9    1.0      0.4
  SINCE DEC 1     17.0                      17.6   -0.6     12.5
  SINCE JUL 1     17.0                      20.7   -3.7     14.8
  SNOW DEPTH       5

DEGREE DAYS
 HEATING
  YESTERDAY       61                        42     19       49
  MONTH TO DATE  397                       293    104      273
  SINCE DEC 1   1636                      1424    212     1340
  SINCE JUL 1   2750                      2828    -78     2496

 COOLING
  YESTERDAY        0                         0      0        0
  MONTH TO DATE    0                         0      0        0
  SINCE DEC 1      0                         0      0        0
  SINCE JAN 1      0                         0      0        0
..................................................................


WIND (MPH)
  HIGHEST WIND SPEED    18   HIGHEST WIND DIRECTION     S (170)
  HIGHEST GUST SPEED    25   HIGHEST GUST DIRECTION     S (170)
  AVERAGE WIND SPEED     7.1


SKY COVER
  AVERAGE SKY COVER 0.4



RELATIVE HUMIDITY (PERCENT)
 HIGHEST    57
 LOWEST     41
 AVERAGE    49

..........................................................


THE ALBANY NY CLIMATE NORMALS FOR TODAY
                         NORMAL    RECORD    YEAR
 MAXIMUM TEMPERATURE (F)   30        60      2008
 MINIMUM TEMPERATURE (F)   15       -18      1878


SUNRISE AND SUNSET
JANUARY  8 2018.......SUNRISE   725 AM EST   SUNSET   439 PM EST
JANUARY  9 2018.......SUNRISE   725 AM EST   SUNSET   440 PM EST


-  INDICATES NEGATIVE NUMBERS.
R  INDICATES RECORD WAS SET OR TIED.
MM INDICATES DATA IS MISSING.
T  INDICATES TRACE AMOUNT.




$$
