000
CDUS41 KALY 150631
CLIALB


CLIMATE REPORT
NATIONAL WEATHER SERVICE ALBANY NY
130 AM EST SAT NOV 15 2014


...................................

...THE ALBANY NY CLIMATE SUMMARY FOR NOVEMBER 14 2014...

CLIMATE NORMAL PERIOD 1981 TO 2010
CLIMATE RECORD PERIOD 1874 TO 2014


WEATHER ITEM   OBSERVED TIME   RECORD YEAR NORMAL DEPARTURE LAST
                VALUE   (LST)  VALUE       VALUE  FROM      YEAR
                                                  NORMAL
..................................................................
TEMPERATURE (F)
 YESTERDAY
  MAXIMUM         40    130 PM  70    1973  49     -9       52
  MINIMUM         29   1159 PM  12    1986  32     -3       25
  AVERAGE         35                        40     -5       39

PRECIPITATION (IN)
  YESTERDAY        0.01          1.79 1972   0.11  -0.10     0.00
  MONTH TO DATE    0.42                      1.53  -1.11     0.39
  SINCE SEP 1      5.53                      8.51  -2.98     7.49
  SINCE JAN 1     32.31                     34.66  -2.35    39.00

SNOWFALL (IN)
  YESTERDAY        0.1          14.4  1972   0.1    0.0      0.0
  MONTH TO DATE    0.1                       0.7   -0.6       T
  SINCE SEP 1      0.1                       0.7   -0.6       T
  SINCE JUL 1      0.1                       0.7   -0.6       T
  SNOW DEPTH       0

DEGREE DAYS
 HEATING
  YESTERDAY       30                        25      5       26
  MONTH TO DATE  299                       317    -18      333
  SINCE SEP 1    771                       939   -168      874
  SINCE JUL 1    779                       962   -183      880

 COOLING
  YESTERDAY        0                         0      0        0
  MONTH TO DATE    0                         0      0        0
  SINCE SEP 1     92                        55     37       65
  SINCE JAN 1    659                       598     61      763
..................................................................


WIND (MPH)
  HIGHEST WIND SPEED    24   HIGHEST WIND DIRECTION    NW (300)
  HIGHEST GUST SPEED    31   HIGHEST GUST DIRECTION     W (290)
  AVERAGE WIND SPEED    10.6


SKY COVER
  AVERAGE SKY COVER 0.7



RELATIVE HUMIDITY (PERCENT)
 HIGHEST    89
 LOWEST     52
 AVERAGE    71

..........................................................


THE ALBANY NY CLIMATE NORMALS FOR TODAY
                         NORMAL    RECORD    YEAR
 MAXIMUM TEMPERATURE (F)   48        74      1993
 MINIMUM TEMPERATURE (F)   32        14      1939


SUNRISE AND SUNSET
NOVEMBER 15 2014......SUNRISE   647 AM EST   SUNSET   432 PM EST
NOVEMBER 16 2014......SUNRISE   648 AM EST   SUNSET   431 PM EST


-  INDICATES NEGATIVE NUMBERS.
R  INDICATES RECORD WAS SET OR TIED.
MM INDICATES DATA IS MISSING.
T  INDICATES TRACE AMOUNT.




$$
