000
CDUS41 KALY 300622
CLIALB


CLIMATE REPORT
NATIONAL WEATHER SERVICE ALBANY NY
221 AM EDT SUN MAR 30 2014


...................................

...THE ALBANY NY CLIMATE SUMMARY FOR MARCH 29 2014...

CLIMATE NORMAL PERIOD 1981 TO 2010
CLIMATE RECORD PERIOD 1874 TO 2014


WEATHER ITEM   OBSERVED TIME   RECORD YEAR NORMAL DEPARTURE LAST
                VALUE   (LST)  VALUE       VALUE  FROM      YEAR
                                                  NORMAL
..................................................................
TEMPERATURE (F)
 YESTERDAY
  MAXIMUM         53    118 PM  85    1946  50      3       50
  MINIMUM         36   1127 PM   0    1923  31      5       36
  AVERAGE         45                        40      5       43

PRECIPITATION (IN)
  YESTERDAY        0.43          1.37 1993   0.11   0.32     0.00
  MONTH TO DATE    2.06                      3.00  -0.94     2.32
  SINCE MAR 1      2.06                      3.00  -0.94     2.32
  SINCE JAN 1      7.85                      7.79   0.06     5.45

SNOWFALL (IN)
  YESTERDAY        0.0           5.6  1984   0.2   -0.2      0.0
  MONTH TO DATE    5.9                       9.8   -3.9     19.5
  SINCE MAR 1      5.9                       9.8   -3.9     19.5
  SINCE JUL 1     71.1                      56.3   14.8     50.2
  SNOW DEPTH       0

DEGREE DAYS
 HEATING
  YESTERDAY       20                        25     -5       22
  MONTH TO DATE 1095                       880    215      912
  SINCE MAR 1   1095                       880    215      912
  SINCE JUL 1   6212                      5824    388     5450

 COOLING
  YESTERDAY        0                         0      0        0
  MONTH TO DATE    0                         0      0        0
  SINCE MAR 1      0                         0      0        0
  SINCE JAN 1      0                         0      0        0
..................................................................


WIND (MPH)
  HIGHEST WIND SPEED    21   HIGHEST WIND DIRECTION     W (290)
  HIGHEST GUST SPEED    28   HIGHEST GUST DIRECTION    NW (300)
  AVERAGE WIND SPEED     8.2


SKY COVER
  AVERAGE SKY COVER 0.9



RELATIVE HUMIDITY (PERCENT)
 HIGHEST    92
 LOWEST     56
 AVERAGE    74

..........................................................


THE ALBANY NY CLIMATE NORMALS FOR TODAY
                         NORMAL    RECORD    YEAR
 MAXIMUM TEMPERATURE (F)   51        86      1986
 MINIMUM TEMPERATURE (F)   31         7      1970


SUNRISE AND SUNSET
MARCH 30 2014.........SUNRISE   641 AM EDT   SUNSET   719 PM EDT
MARCH 31 2014.........SUNRISE   639 AM EDT   SUNSET   720 PM EDT


-  INDICATES NEGATIVE NUMBERS.
R  INDICATES RECORD WAS SET OR TIED.
MM INDICATES DATA IS MISSING.
T  INDICATES TRACE AMOUNT.




$$
