000
CDUS41 KALY 310624
CLIALB


CLIMATE REPORT
NATIONAL WEATHER SERVICE ALBANY NY
223 AM EDT MON JUL 31 2017


...................................

...THE ALBANY NY CLIMATE SUMMARY FOR JULY 30 2017...

CLIMATE NORMAL PERIOD 1981 TO 2010
CLIMATE RECORD PERIOD 1874 TO 2017


WEATHER ITEM   OBSERVED TIME   RECORD YEAR NORMAL DEPARTURE LAST
                VALUE   (LST)  VALUE       VALUE  FROM      YEAR
                                                  NORMAL
..................................................................
TEMPERATURE (F)
 YESTERDAY
  MAXIMUM         81    415 PM 100    1933  82     -1       79
  MINIMUM         52    402 AM  44    1968  62    -10       64
  AVERAGE         67                        72     -5       72

PRECIPITATION (IN)
  YESTERDAY        0.00          2.70 1960   0.13  -0.13     0.06
  MONTH TO DATE    4.01                      3.99   0.02     3.89
  SINCE JUN 1      9.13                      7.78   1.35     6.20
  SINCE JAN 1     28.04                     22.56   5.48    16.96

DEGREE DAYS
 HEATING
  YESTERDAY        0                         0      0        0
  MONTH TO DATE    2                         0      2        0
  SINCE JUN 1     53                        52      1       38
  SINCE JUL 1      2                         0      2        0

 COOLING
  YESTERDAY        2                         7     -5        7
  MONTH TO DATE  213                       207      6      283
  SINCE JUN 1    360                       325     35      426
  SINCE JAN 1    410                       355     55      501
..................................................................


WIND (MPH)
  HIGHEST WIND SPEED    14   HIGHEST WIND DIRECTION    NW (330)
  HIGHEST GUST SPEED    16   HIGHEST GUST DIRECTION    NW (320)
  AVERAGE WIND SPEED     3.5


SKY COVER
  AVERAGE SKY COVER 0.1



RELATIVE HUMIDITY (PERCENT)
 HIGHEST    86
 LOWEST     39
 AVERAGE    63

..........................................................


THE ALBANY NY CLIMATE NORMALS FOR TODAY
                         NORMAL    RECORD    YEAR
 MAXIMUM TEMPERATURE (F)   82        98      1917
 MINIMUM TEMPERATURE (F)   62        40      1978


SUNRISE AND SUNSET
JULY 31 2017..........SUNRISE   546 AM EDT   SUNSET   817 PM EDT
AUGUST  1 2017........SUNRISE   547 AM EDT   SUNSET   815 PM EDT


-  INDICATES NEGATIVE NUMBERS.
R  INDICATES RECORD WAS SET OR TIED.
MM INDICATES DATA IS MISSING.
T  INDICATES TRACE AMOUNT.




$$
