000
CDUS41 KALY 040623
CLIALB


CLIMATE REPORT
NATIONAL WEATHER SERVICE ALBANY NY
223 AM EDT THU SEP 4 2014


...................................

...THE ALBANY NY CLIMATE SUMMARY FOR SEPTEMBER 3 2014...

CLIMATE NORMAL PERIOD 1981 TO 2010
CLIMATE RECORD PERIOD 1874 TO 2014


WEATHER ITEM   OBSERVED TIME   RECORD YEAR NORMAL DEPARTURE LAST
                VALUE   (LST)  VALUE       VALUE  FROM      YEAR
                                                  NORMAL
..................................................................
TEMPERATURE (F)
 YESTERDAY
  MAXIMUM         81    322 PM 100    1953  77      4       77
  MINIMUM         59   1148 PM  39    1976  56      3       62
  AVERAGE         70                        67      3       70

PRECIPITATION (IN)
  YESTERDAY        0.00          1.16 1974   0.10  -0.10     0.00
  MONTH TO DATE    0.15                      0.29  -0.14     0.61
  SINCE SEP 1      0.15                      0.29  -0.14     0.61
  SINCE JAN 1     26.93                     26.44   0.49    32.12

DEGREE DAYS
 HEATING
  YESTERDAY        0                         2     -2        0
  MONTH TO DATE    0                         5     -5        0
  SINCE SEP 1      0                         5     -5        0
  SINCE JUL 1      8                        28    -20        6

 COOLING
  YESTERDAY        5                         3      2        5
  MONTH TO DATE   33                        11     22       26
  SINCE SEP 1     33                        11     22       26
  SINCE JAN 1    600                       554     46      724
..................................................................


WIND (MPH)
  HIGHEST WIND SPEED    17   HIGHEST WIND DIRECTION    NW (300)
  HIGHEST GUST SPEED    23   HIGHEST GUST DIRECTION    NW (300)
  AVERAGE WIND SPEED     7.6


SKY COVER
  AVERAGE SKY COVER 0.5



RELATIVE HUMIDITY (PERCENT)
 HIGHEST    90
 LOWEST     42
 AVERAGE    66

..........................................................


THE ALBANY NY CLIMATE NORMALS FOR TODAY
                         NORMAL    RECORD    YEAR
 MAXIMUM TEMPERATURE (F)   77        97      1929
 MINIMUM TEMPERATURE (F)   56        37      1946


SUNRISE AND SUNSET
SEPTEMBER  4 2014.....SUNRISE   623 AM EDT   SUNSET   725 PM EDT
SEPTEMBER  5 2014.....SUNRISE   624 AM EDT   SUNSET   723 PM EDT


-  INDICATES NEGATIVE NUMBERS.
R  INDICATES RECORD WAS SET OR TIED.
MM INDICATES DATA IS MISSING.
T  INDICATES TRACE AMOUNT.




$$
