000
CDUS41 KALY 150624
CLIALB


CLIMATE REPORT
NATIONAL WEATHER SERVICE ALBANY NY
124 AM EST SUN FEB 15 2015


...................................

...THE ALBANY NY CLIMATE SUMMARY FOR FEBRUARY 14 2015...

CLIMATE NORMAL PERIOD 1981 TO 2010
CLIMATE RECORD PERIOD 1874 TO 2015


WEATHER ITEM   OBSERVED TIME   RECORD YEAR NORMAL DEPARTURE LAST
                VALUE   (LST)  VALUE       VALUE  FROM      YEAR
                                                  NORMAL
..................................................................
TEMPERATURE (F)
 YESTERDAY
  MAXIMUM         21    651 PM  63    1946  34    -13       34
  MINIMUM          1    114 AM -10    1987  17    -16       23
  AVERAGE         11                        26    -15       29

PRECIPITATION (IN)
  YESTERDAY        0.07          1.51 1914   0.08  -0.01     1.09
  MONTH TO DATE    1.88                      1.08   0.80     2.43
  SINCE DEC 1      9.42                      6.60   2.82     8.12
  SINCE JAN 1      4.05                      3.67   0.38     4.74

SNOWFALL (IN)
  YESTERDAY        1.2          23.5  1914   0.4    0.8      8.8
  MONTH TO DATE   24.2                       6.5   17.7     25.3
  SINCE DEC 1     51.9                      37.8   14.1     60.3
  SINCE JUL 1     64.2                      40.6   23.6     62.4
  SNOW DEPTH      13

DEGREE DAYS
 HEATING
  YESTERDAY       54                        39     15       36
  MONTH TO DATE  707                       569    138      632
  SINCE DEC 1   3103                      3016     87     3179
  SINCE JUL 1   4378                      4420    -42     4549

 COOLING
  YESTERDAY        0                         0      0        0
  MONTH TO DATE    0                         0      0        0
  SINCE DEC 1      0                         0      0        0
  SINCE JAN 1      0                         0      0        0
..................................................................


WIND (MPH)
  HIGHEST WIND SPEED    22   HIGHEST WIND DIRECTION     S (180)
  HIGHEST GUST SPEED    31   HIGHEST GUST DIRECTION     S (170)
  AVERAGE WIND SPEED     8.8


SKY COVER
  AVERAGE SKY COVER 1.0



RELATIVE HUMIDITY (PERCENT)
 HIGHEST    88
 LOWEST     51
 AVERAGE    70

..........................................................


THE ALBANY NY CLIMATE NORMALS FOR TODAY
                         NORMAL    RECORD    YEAR
 MAXIMUM TEMPERATURE (F)   35        55      2006
 MINIMUM TEMPERATURE (F)   17       -22      1943


SUNRISE AND SUNSET
FEBRUARY 15 2015......SUNRISE   653 AM EST   SUNSET   527 PM EST
FEBRUARY 16 2015......SUNRISE   651 AM EST   SUNSET   528 PM EST


-  INDICATES NEGATIVE NUMBERS.
R  INDICATES RECORD WAS SET OR TIED.
MM INDICATES DATA IS MISSING.
T  INDICATES TRACE AMOUNT.




$$
