000
CDUS41 KALY 120622
CLIALB


CLIMATE REPORT
NATIONAL WEATHER SERVICE ALBANY NY
221 AM EDT SAT JUL 12 2014


...................................

...THE ALBANY NY CLIMATE SUMMARY FOR JULY 11 2014...

CLIMATE NORMAL PERIOD 1981 TO 2010
CLIMATE RECORD PERIOD 1874 TO 2014


WEATHER ITEM   OBSERVED TIME   RECORD YEAR NORMAL DEPARTURE LAST
                VALUE   (LST)  VALUE       VALUE  FROM      YEAR
                                                  NORMAL
..................................................................
TEMPERATURE (F)
 YESTERDAY
  MAXIMUM         81    449 PM  98    1936  82     -1       83
  MINIMUM         56    503 AM  48    1986  61     -5       67
  AVERAGE         69                        72     -3       75

PRECIPITATION (IN)
  YESTERDAY        0.00          1.46 1942   0.13  -0.13      T
  MONTH TO DATE    3.48                      1.44   2.04     3.91
  SINCE JUN 1      8.25                      5.23   3.02    12.59
  SINCE JAN 1     21.81                     20.01   1.80    27.33

DEGREE DAYS
 HEATING
  YESTERDAY        0                         0      0        0
  MONTH TO DATE    0                         0      0        0
  SINCE JUN 1     12                        52    -40       55
  SINCE JUL 1      0                         0      0        0

 COOLING
  YESTERDAY        4                         7     -3       10
  MONTH TO DATE   97                        74     23      150
  SINCE JUN 1    245                       192     53      293
  SINCE JAN 1    280                       222     58      342
..................................................................


WIND (MPH)
  HIGHEST WIND SPEED     9   HIGHEST WIND DIRECTION    NW (330)
  HIGHEST GUST SPEED    13   HIGHEST GUST DIRECTION     N (350)
  AVERAGE WIND SPEED     2.3


SKY COVER
  AVERAGE SKY COVER 0.2



RELATIVE HUMIDITY (PERCENT)
 HIGHEST    86
 LOWEST     36
 AVERAGE    61

..........................................................


THE ALBANY NY CLIMATE NORMALS FOR TODAY
                         NORMAL    RECORD    YEAR
 MAXIMUM TEMPERATURE (F)   82        96      1935
 MINIMUM TEMPERATURE (F)   62        44      1978


SUNRISE AND SUNSET
JULY 12 2014..........SUNRISE   528 AM EDT   SUNSET   833 PM EDT
JULY 13 2014..........SUNRISE   529 AM EDT   SUNSET   833 PM EDT


-  INDICATES NEGATIVE NUMBERS.
R  INDICATES RECORD WAS SET OR TIED.
MM INDICATES DATA IS MISSING.
T  INDICATES TRACE AMOUNT.




$$
