000
CDUS41 KALY 052049
CLIALB


CLIMATE REPORT
NATIONAL WEATHER SERVICE ALBANY NY
439 PM EDT FRI AUG 5 2016


...................................

...THE ALBANY NY CLIMATE SUMMARY FOR AUGUST 5 2016...
VALID TODAY AS OF 0400 PM LOCAL TIME.

CLIMATE NORMAL PERIOD 1981 TO 2010
CLIMATE RECORD PERIOD 1874 TO 2016


WEATHER ITEM   OBSERVED TIME   RECORD YEAR NORMAL DEPARTURE LAST
                VALUE   (LST)  VALUE       VALUE  FROM      YEAR
                                                  NORMAL
..................................................................
TEMPERATURE (F)
 TODAY
  MAXIMUM         86    257 PM  99    1955  82      4       80
  MINIMUM         66    538 AM  43    1972  61      5       58
  AVERAGE         76                        72      4       69

PRECIPITATION (IN)
  TODAY            0.00          2.78 1980   0.13  -0.13      T
  MONTH TO DATE    1.32                      0.64   0.68     0.52
  SINCE JUN 1     10.07                      8.55   1.52    10.64
  SINCE JAN 1     20.83                     23.33  -2.50    19.36

DEGREE DAYS
 HEATING
  TODAY            0                         0      0        0
  MONTH TO DATE    0                         0      0        0
  SINCE JUN 1     38                        57    -19       52
  SINCE JUL 1      0                         5     -5        1

 COOLING
  TODAY           11                         7      4        4
  MONTH TO DATE   36                        35      1       42
  SINCE JUN 1    464                       371     93      408
  SINCE JAN 1    539                       401    138      531
..................................................................


WIND (MPH)
  HIGHEST WIND SPEED    18   HIGHEST WIND DIRECTION     S (170)
  HIGHEST GUST SPEED    23   HIGHEST GUST DIRECTION     S (200)
  AVERAGE WIND SPEED     9.3


SKY COVER
  AVERAGE SKY COVER 0.3



RELATIVE HUMIDITY (PERCENT)
 HIGHEST    81           600 AM
 LOWEST     48           200 PM
 AVERAGE    65

..........................................................


THE ALBANY NY CLIMATE NORMALS FOR TOMORROW
                         NORMAL    RECORD    YEAR
 MAXIMUM TEMPERATURE (F)   82        98      1900
 MINIMUM TEMPERATURE (F)   61        45      1994


SUNRISE AND SUNSET
AUGUST  5 2016........SUNRISE   551 AM EDT   SUNSET   810 PM EDT
AUGUST  6 2016........SUNRISE   552 AM EDT   SUNSET   809 PM EDT


-  INDICATES NEGATIVE NUMBERS.
R  INDICATES RECORD WAS SET OR TIED.
MM INDICATES DATA IS MISSING.
T  INDICATES TRACE AMOUNT.




$$
