000
CDUS41 KALY 180624
CLIALB


CLIMATE REPORT
NATIONAL WEATHER SERVICE ALBANY NY
224 AM EDT FRI JUL 18 2014


...................................

...THE ALBANY NY CLIMATE SUMMARY FOR JULY 17 2014...

CLIMATE NORMAL PERIOD 1981 TO 2010
CLIMATE RECORD PERIOD 1874 TO 2014


WEATHER ITEM   OBSERVED TIME   RECORD YEAR NORMAL DEPARTURE LAST
                VALUE   (LST)  VALUE       VALUE  FROM      YEAR
                                                  NORMAL
..................................................................
TEMPERATURE (F)
 YESTERDAY
  MAXIMUM         78    208 PM  99    1900  83     -5       94
  MINIMUM         55    405 AM  45    1974  62     -7       71
  AVERAGE         67                        72     -5       83

PRECIPITATION (IN)
  YESTERDAY        0.00          1.62 1907   0.14  -0.14     0.00
  MONTH TO DATE    3.93                      2.25   1.68     3.91
  SINCE JUN 1      8.70                      6.04   2.66    12.59
  SINCE JAN 1     22.26                     20.82   1.44    27.33

DEGREE DAYS
 HEATING
  YESTERDAY        0                         0      0        0
  MONTH TO DATE    0                         0      0        0
  SINCE JUN 1     12                        52    -40       55
  SINCE JUL 1      0                         0      0        0

 COOLING
  YESTERDAY        2                         7     -5       18
  MONTH TO DATE  147                       116     31      235
  SINCE JUN 1    295                       234     61      378
  SINCE JAN 1    330                       264     66      427
..................................................................


WIND (MPH)
  HIGHEST WIND SPEED    17   HIGHEST WIND DIRECTION     W (290)
  HIGHEST GUST SPEED    22   HIGHEST GUST DIRECTION    NW (310)
  AVERAGE WIND SPEED     5.3


SKY COVER
  AVERAGE SKY COVER 0.5



RELATIVE HUMIDITY (PERCENT)
 HIGHEST    86
 LOWEST     43
 AVERAGE    65

..........................................................


THE ALBANY NY CLIMATE NORMALS FOR TODAY
                         NORMAL    RECORD    YEAR
 MAXIMUM TEMPERATURE (F)   83       100      1953
 MINIMUM TEMPERATURE (F)   62        46      1939


SUNRISE AND SUNSET
JULY 18 2014..........SUNRISE   533 AM EDT   SUNSET   829 PM EDT
JULY 19 2014..........SUNRISE   534 AM EDT   SUNSET   829 PM EDT


-  INDICATES NEGATIVE NUMBERS.
R  INDICATES RECORD WAS SET OR TIED.
MM INDICATES DATA IS MISSING.
T  INDICATES TRACE AMOUNT.




$$
