000
CDUS41 KALY 052148
CLIALB


CLIMATE REPORT
NATIONAL WEATHER SERVICE ALBANY NY
447 PM EST FRI DEC 5 2014


...................................

...THE ALBANY NY CLIMATE SUMMARY FOR DECEMBER 5 2014...
VALID TODAY AS OF 0400 PM LOCAL TIME.

CLIMATE NORMAL PERIOD 1981 TO 2010
CLIMATE RECORD PERIOD 1874 TO 2014


WEATHER ITEM   OBSERVED TIME   RECORD YEAR NORMAL DEPARTURE LAST
                VALUE   (LST)  VALUE       VALUE  FROM      YEAR
                                                  NORMAL
..................................................................
TEMPERATURE (F)
 TODAY
  MAXIMUM         33    255 PM  65    2001  40     -7       53
  MINIMUM         19    737 AM   2    1926  25     -6       27
  AVERAGE         26                        32     -6       40

PRECIPITATION (IN)
  TODAY            T             1.04 1994   0.10  -0.10     0.03
  MONTH TO DATE    0.19                      0.53  -0.34     0.03
  SINCE DEC 1      0.19                      0.53  -0.34     0.03
  SINCE JAN 1     34.52                     36.95  -2.43    40.48

SNOWFALL (IN)
  TODAY            T             9.0  1902   0.4   -0.4      0.0
  MONTH TO DATE    0.1                       1.6   -1.5       T
  SINCE DEC 1      0.1                       1.6   -1.5       T
  SINCE JUL 1     12.4                       4.4    8.0      2.1
  SNOW DEPTH       0

DEGREE DAYS
 HEATING
  TODAY           39                        33      6       25
  MONTH TO DATE  157                       159     -2      153
  SINCE DEC 1    157                       159     -2      153
  SINCE JUL 1   1432                      1563   -131     1523

 COOLING
  TODAY            0                         0      0        0
  MONTH TO DATE    0                         0      0        0
  SINCE DEC 1      0                         0      0        0
  SINCE JAN 1    659                       598     61      763
..................................................................


WIND (MPH)
  HIGHEST WIND SPEED     8   HIGHEST WIND DIRECTION    NE (30)
  HIGHEST GUST SPEED    10   HIGHEST GUST DIRECTION     N (20)
  AVERAGE WIND SPEED     2.5


SKY COVER
  AVERAGE SKY COVER 0.4



RELATIVE HUMIDITY (PERCENT)
 HIGHEST    68          1200 AM
 LOWEST     53          1200 PM
 AVERAGE    61

..........................................................


THE ALBANY NY CLIMATE NORMALS FOR TOMORROW
                         NORMAL    RECORD    YEAR
 MAXIMUM TEMPERATURE (F)   39        68      2001
 MINIMUM TEMPERATURE (F)   25        -5      1901


SUNRISE AND SUNSET
DECEMBER  5 2014......SUNRISE   710 AM EST   SUNSET   421 PM EST
DECEMBER  6 2014......SUNRISE   711 AM EST   SUNSET   421 PM EST


-  INDICATES NEGATIVE NUMBERS.
R  INDICATES RECORD WAS SET OR TIED.
MM INDICATES DATA IS MISSING.
T  INDICATES TRACE AMOUNT.




$$
