000
CDUS41 KALY 060644
CLIALB


CLIMATE REPORT
NATIONAL WEATHER SERVICE ALBANY NY
140 AM EST MON MAR 6 2017


...................................

...THE ALBANY NY CLIMATE SUMMARY FOR MARCH 5 2017...

CLIMATE NORMAL PERIOD 1981 TO 2010
CLIMATE RECORD PERIOD 1874 TO 2017


WEATHER ITEM   OBSERVED TIME   RECORD YEAR NORMAL DEPARTURE LAST
                VALUE   (LST)  VALUE       VALUE  FROM      YEAR
                                                  NORMAL
..................................................................
TEMPERATURE (F)
 YESTERDAY
  MAXIMUM         30    413 PM  71    1964  40    -10       35
  MINIMUM          5    640 AM -12    1948  22    -17       17
  AVERAGE         18                        31    -13       26

PRECIPITATION (IN)
  YESTERDAY        0.00          1.74 2008   0.09  -0.09     0.00
  MONTH TO DATE    0.04                      0.47  -0.43     0.08
  SINCE MAR 1      0.04                      0.47  -0.43     0.08
  SINCE JAN 1      6.02                      5.26   0.76     5.39

SNOWFALL (IN)
  YESTERDAY        0.0           8.6  1917   0.4   -0.4      0.0
  MONTH TO DATE    0.2                       2.3   -2.1       T
  SINCE MAR 1      0.2                       2.3   -2.1       T
  SINCE JUL 1     41.4                      49.2   -7.8     10.3
  SNOW DEPTH       0

DEGREE DAYS
 HEATING
  YESTERDAY       47                        34     13       39
  MONTH TO DATE  164                       173     -9      184
  SINCE MAR 1    164                       173     -9      184
  SINCE JUL 1   4327                      5117   -790     4113

 COOLING
  YESTERDAY        0                         0      0        0
  MONTH TO DATE    0                         0      0        0
  SINCE MAR 1      0                         0      0        0
  SINCE JAN 1      0                         0      0        0
..................................................................


WIND (MPH)
  HIGHEST WIND SPEED    16   HIGHEST WIND DIRECTION    NW (330)
  HIGHEST GUST SPEED    20   HIGHEST GUST DIRECTION    NW (320)
  AVERAGE WIND SPEED     8.4


SKY COVER
  AVERAGE SKY COVER 0.0



RELATIVE HUMIDITY (PERCENT)
 HIGHEST    55
 LOWEST     21
 AVERAGE    38

..........................................................


THE ALBANY NY CLIMATE NORMALS FOR TODAY
                         NORMAL    RECORD    YEAR
 MAXIMUM TEMPERATURE (F)   40        63      1974
 MINIMUM TEMPERATURE (F)   22       -21      1948


SUNRISE AND SUNSET
MARCH  6 2017.........SUNRISE   622 AM EST   SUNSET   551 PM EST
MARCH  7 2017.........SUNRISE   621 AM EST   SUNSET   552 PM EST


-  INDICATES NEGATIVE NUMBERS.
R  INDICATES RECORD WAS SET OR TIED.
MM INDICATES DATA IS MISSING.
T  INDICATES TRACE AMOUNT.




$$
