000
CDUS41 KALY 260623
CLIALB


CLIMATE REPORT
NATIONAL WEATHER SERVICE ALBANY NY
222 AM EDT THU OCT 26 2017


...................................

...THE ALBANY NY CLIMATE SUMMARY FOR OCTOBER 25 2017...

CLIMATE NORMAL PERIOD 1981 TO 2010
CLIMATE RECORD PERIOD 1874 TO 2017


WEATHER ITEM   OBSERVED TIME   RECORD YEAR NORMAL DEPARTURE LAST
                VALUE   (LST)  VALUE       VALUE  FROM      YEAR
                                                  NORMAL
..................................................................
TEMPERATURE (F)
 YESTERDAY
  MAXIMUM         66    204 PM  77    1963  56     10       47
  MINIMUM         53   1155 PM  19    1981  37     16       34
  AVERAGE         60                        46     14       41

PRECIPITATION (IN)
  YESTERDAY        0.00          2.06 2008   0.11  -0.11     0.00
  MONTH TO DATE    1.66                      2.99  -1.33     1.91
  SINCE SEP 1      4.39                      6.29  -1.90     4.09
  SINCE JAN 1     36.19                     32.44   3.75    27.54

SNOWFALL (IN)
  YESTERDAY        0.0           T    2005   0.0    0.0      0.0
  MONTH TO DATE    0.0                       0.2   -0.2      0.0
  SINCE SEP 1      0.0                       0.2   -0.2      0.0
  SINCE JUL 1      0.0                       0.2   -0.2      0.0
  SNOW DEPTH       0

DEGREE DAYS
 HEATING
  YESTERDAY        5                        19    -14       24
  MONTH TO DATE  167                       362   -195      249
  SINCE SEP 1    260                       506   -246      315
  SINCE JUL 1    279                       529   -250      316

 COOLING
  YESTERDAY        0                         0      0        0
  MONTH TO DATE   19                         0     19        6
  SINCE SEP 1    139                        51     88      114
  SINCE JAN 1    714                       594    120      902
..................................................................


WIND (MPH)
  HIGHEST WIND SPEED    13   HIGHEST WIND DIRECTION    NW (300)
  HIGHEST GUST SPEED    17   HIGHEST GUST DIRECTION    NW (300)
  AVERAGE WIND SPEED     2.9


SKY COVER
  AVERAGE SKY COVER 0.8



RELATIVE HUMIDITY (PERCENT)
 HIGHEST    93
 LOWEST     40
 AVERAGE    67

..........................................................


THE ALBANY NY CLIMATE NORMALS FOR TODAY
                         NORMAL    RECORD    YEAR
 MAXIMUM TEMPERATURE (F)   56        78      1963
 MINIMUM TEMPERATURE (F)   37        20      1952


SUNRISE AND SUNSET
OCTOBER 26 2017.......SUNRISE   722 AM EDT   SUNSET   556 PM EDT
OCTOBER 27 2017.......SUNRISE   723 AM EDT   SUNSET   554 PM EDT


-  INDICATES NEGATIVE NUMBERS.
R  INDICATES RECORD WAS SET OR TIED.
MM INDICATES DATA IS MISSING.
T  INDICATES TRACE AMOUNT.




$$
