000
CDUS41 KALY 170622
CLIALB


CLIMATE REPORT
NATIONAL WEATHER SERVICE ALBANY NY
122 AM EST SAT JAN 17 2015


...................................

...THE ALBANY NY CLIMATE SUMMARY FOR JANUARY 16 2015...

CLIMATE NORMAL PERIOD 1981 TO 2010
CLIMATE RECORD PERIOD 1874 TO 2015


WEATHER ITEM   OBSERVED TIME   RECORD YEAR NORMAL DEPARTURE LAST
                VALUE   (LST)  VALUE       VALUE  FROM      YEAR
                                                  NORMAL
..................................................................
TEMPERATURE (F)
 YESTERDAY
  MAXIMUM         34    951 AM  62    1995  30      4       35
  MINIMUM          7   1159 PM -16    1971  14     -7       28
  AVERAGE         21                        22     -1       32

PRECIPITATION (IN)
  YESTERDAY        T             1.12 1945   0.09  -0.09     0.07
  MONTH TO DATE    1.09                      1.33  -0.24     2.20
  SINCE DEC 1      6.46                      4.26   2.20     5.58
  SINCE JAN 1      1.09                      1.33  -0.24     2.20

SNOWFALL (IN)
  YESTERDAY        0.1          15.1  1945   0.6   -0.5      1.1
  MONTH TO DATE    6.3                       9.2   -2.9     11.0
  SINCE DEC 1     18.5                      22.9   -4.4     31.0
  SINCE JUL 1     30.8                      25.7    5.1     33.1
  SNOW DEPTH       3

DEGREE DAYS
 HEATING
  YESTERDAY       44                        43      1       33
  MONTH TO DATE  723                       679     44      672
  SINCE DEC 1   1721                      1810    -89     1826
  SINCE JUL 1   2996                      3214   -218     3196

 COOLING
  YESTERDAY        0                         0      0        0
  MONTH TO DATE    0                         0      0        0
  SINCE DEC 1      0                         0      0        0
  SINCE JAN 1      0                         0      0        0
..................................................................


WIND (MPH)
  HIGHEST WIND SPEED    31   HIGHEST WIND DIRECTION    NW (300)
  HIGHEST GUST SPEED    41   HIGHEST GUST DIRECTION     W (290)
  AVERAGE WIND SPEED    11.9


SKY COVER
  AVERAGE SKY COVER 0.6



RELATIVE HUMIDITY (PERCENT)
 HIGHEST    68
 LOWEST     40
 AVERAGE    54

..........................................................


THE ALBANY NY CLIMATE NORMALS FOR TODAY
                         NORMAL    RECORD    YEAR
 MAXIMUM TEMPERATURE (F)   30        62      1889
 MINIMUM TEMPERATURE (F)   14       -23      1971


SUNRISE AND SUNSET
JANUARY 17 2015.......SUNRISE   722 AM EST   SUNSET   449 PM EST
JANUARY 18 2015.......SUNRISE   721 AM EST   SUNSET   450 PM EST


-  INDICATES NEGATIVE NUMBERS.
R  INDICATES RECORD WAS SET OR TIED.
MM INDICATES DATA IS MISSING.
T  INDICATES TRACE AMOUNT.




$$
