000
CDUS41 KALY 102046
CLIALB


CLIMATE REPORT
NATIONAL WEATHER SERVICE ALBANY NY
445 PM EDT SUN MAY 10 2015


...................................

...THE ALBANY NY CLIMATE SUMMARY FOR MAY 10 2015...
VALID TODAY AS OF 0400 PM LOCAL TIME.

CLIMATE NORMAL PERIOD 1981 TO 2010
CLIMATE RECORD PERIOD 1874 TO 2015


WEATHER ITEM   OBSERVED TIME   RECORD YEAR NORMAL DEPARTURE LAST
                VALUE   (LST)  VALUE       VALUE  FROM      YEAR
                                                  NORMAL
..................................................................
TEMPERATURE (F)
 TODAY
  MAXIMUM         85    157 PM  92    1970  68     17       81
  MINIMUM         64    400 AM  28    1958  45     19       62
  AVERAGE         75                        56     19       72

PRECIPITATION (IN)
  TODAY            T             2.01 1931   0.11  -0.11     0.05
  MONTH TO DATE    T                         1.08  -1.08     0.51
  SINCE MAR 1      3.35                      7.46  -4.11     5.67
  SINCE JAN 1      7.67                     12.25  -4.58    11.46

SNOWFALL (IN)
  TODAY            0.0           5.0  1945   0.0    0.0      0.0
  MONTH TO DATE    0.0                       0.1   -0.1      0.0
  SINCE MAR 1      5.3                      12.6   -7.3      8.3
  SINCE JUL 1     75.9                      59.1   16.8     73.5
  SNOW DEPTH       0

DEGREE DAYS
 HEATING
  TODAY            0                         9     -9        0
  MONTH TO DATE   16                       103    -87       92
  SINCE MAR 1   1612                      1552     60     1764
  SINCE JUL 1   6742                      6496    246     6881

 COOLING
  TODAY           10                         0     10        7
  MONTH TO DATE   38                         0     38        7
  SINCE MAR 1     38                         4     34       13
  SINCE JAN 1     38                         4     34       13
..................................................................


WIND (MPH)
  HIGHEST WIND SPEED    14   HIGHEST WIND DIRECTION     S (170)
  HIGHEST GUST SPEED    22   HIGHEST GUST DIRECTION    SE (120)
  AVERAGE WIND SPEED     8.7


SKY COVER
  AVERAGE SKY COVER 0.8



RELATIVE HUMIDITY (PERCENT)
 HIGHEST    87           200 AM
 LOWEST     51          1200 PM
 AVERAGE    69

..........................................................


THE ALBANY NY CLIMATE NORMALS FOR TOMORROW
                         NORMAL    RECORD    YEAR
 MAXIMUM TEMPERATURE (F)   68        90      1911
 MINIMUM TEMPERATURE (F)   46        29      2010
                                             1966


SUNRISE AND SUNSET
MAY 10 2015...........SUNRISE   539 AM EDT   SUNSET   805 PM EDT
MAY 11 2015...........SUNRISE   537 AM EDT   SUNSET   806 PM EDT


-  INDICATES NEGATIVE NUMBERS.
R  INDICATES RECORD WAS SET OR TIED.
MM INDICATES DATA IS MISSING.
T  INDICATES TRACE AMOUNT.




$$
