000
CDUS41 KALY 170824
CLIALB


CLIMATE REPORT
NATIONAL WEATHER SERVICE ALBANY NY
423 AM EDT WED JUN 17 2015


...................................

...THE ALBANY NY CLIMATE SUMMARY FOR JUNE 16 2015...

CLIMATE NORMAL PERIOD 1981 TO 2010
CLIMATE RECORD PERIOD 1874 TO 2015


WEATHER ITEM   OBSERVED TIME   RECORD YEAR NORMAL DEPARTURE LAST
                VALUE   (LST)  VALUE       VALUE  FROM      YEAR
                                                  NORMAL
..................................................................
TEMPERATURE (F)
 YESTERDAY
  MAXIMUM         79    535 PM  96    1967  78      1       82
  MINIMUM         64    656 AM  40    1961  57      7       54
  AVERAGE         72                        68      4       68

PRECIPITATION (IN)
  YESTERDAY        0.41          2.12 1894   0.12   0.29      T
  MONTH TO DATE    5.12                      2.07   3.05     2.83
  SINCE JUN 1      5.12                      2.07   3.05     2.83
  SINCE JAN 1     13.84                     16.85  -3.01    16.39

DEGREE DAYS
 HEATING
  YESTERDAY        0                         1     -1        0
  MONTH TO DATE   43                        41      2       11
  SINCE JUN 1     43                        41      2       11
  SINCE JUL 1   6865                      6669    196     6977

 COOLING
  YESTERDAY        7                         4      3        3
  MONTH TO DATE   54                        45      9       49
  SINCE JUN 1     54                        45      9       49
  SINCE JAN 1    177                        75    102       84
..................................................................


WIND (MPH)
  HIGHEST WIND SPEED    15   HIGHEST WIND DIRECTION     W (280)
  HIGHEST GUST SPEED    20   HIGHEST GUST DIRECTION    NW (330)
  AVERAGE WIND SPEED     8.8


SKY COVER
  AVERAGE SKY COVER 0.9



RELATIVE HUMIDITY (PERCENT)
 HIGHEST    87
 LOWEST     58
 AVERAGE    73

..........................................................


THE ALBANY NY CLIMATE NORMALS FOR TODAY
                         NORMAL    RECORD    YEAR
 MAXIMUM TEMPERATURE (F)   79        94      1994
 MINIMUM TEMPERATURE (F)   57        44      1954


SUNRISE AND SUNSET
JUNE 17 2015..........SUNRISE   516 AM EDT   SUNSET   836 PM EDT
JUNE 18 2015..........SUNRISE   517 AM EDT   SUNSET   836 PM EDT


-  INDICATES NEGATIVE NUMBERS.
R  INDICATES RECORD WAS SET OR TIED.
MM INDICATES DATA IS MISSING.
T  INDICATES TRACE AMOUNT.




$$
