617
CDUS41 KALY 130622
CLIALB


CLIMATE REPORT
NATIONAL WEATHER SERVICE ALBANY NY
221 AM EDT MON MAR 13 2017


...................................

...THE ALBANY NY CLIMATE SUMMARY FOR MARCH 12 2017...

CLIMATE NORMAL PERIOD 1981 TO 2010
CLIMATE RECORD PERIOD 1874 TO 2017


WEATHER ITEM   OBSERVED TIME   RECORD YEAR NORMAL DEPARTURE LAST
                VALUE   (LST)  VALUE       VALUE  FROM      YEAR
                                                  NORMAL
..................................................................
TEMPERATURE (F)
 YESTERDAY
  MAXIMUM         23    429 PM  69    2012  43    -20       62
  MINIMUM          6    632 AM -12    1948  24    -18       25
  AVERAGE         15                        33    -18       44

PRECIPITATION (IN)
  YESTERDAY        0.00          2.29 1888   0.10  -0.10     0.00
  MONTH TO DATE    0.21                      1.17  -0.96     0.29
  SINCE MAR 1      0.21                      1.17  -0.96     0.29
  SINCE JAN 1      6.19                      5.96   0.23     5.60

SNOWFALL (IN)
  YESTERDAY        0.0          30.4  1888   0.4   -0.4      0.0
  MONTH TO DATE    0.2                       5.4   -5.2       T
  SINCE MAR 1      0.2                       5.4   -5.2       T
  SINCE JUL 1     41.4                      52.3  -10.9     10.3
  SNOW DEPTH       0

DEGREE DAYS
 HEATING
  YESTERDAY       50                        32     18       21
  MONTH TO DATE  402                       402      0      302
  SINCE MAR 1    402                       402      0      302
  SINCE JUL 1   4565                      5346   -781     4231

 COOLING
  YESTERDAY        0                         0      0        0
  MONTH TO DATE    0                         0      0        0
  SINCE MAR 1      0                         0      0        0
  SINCE JAN 1      0                         0      0        0
..................................................................


WIND (MPH)
  HIGHEST WIND SPEED    31   HIGHEST WIND DIRECTION    NW (300)
  HIGHEST GUST SPEED    38   HIGHEST GUST DIRECTION     W (290)
  AVERAGE WIND SPEED    14.9


SKY COVER
  AVERAGE SKY COVER 0.3



RELATIVE HUMIDITY (PERCENT)
 HIGHEST    53
 LOWEST     33
 AVERAGE    43

..........................................................


THE ALBANY NY CLIMATE NORMALS FOR TODAY
                         NORMAL    RECORD    YEAR
 MAXIMUM TEMPERATURE (F)   43        70      2012
                                             1946
 MINIMUM TEMPERATURE (F)   24        -6      1948


SUNRISE AND SUNSET
MARCH 13 2017.........SUNRISE   710 AM EDT   SUNSET   700 PM EDT
MARCH 14 2017.........SUNRISE   709 AM EDT   SUNSET   701 PM EDT


-  INDICATES NEGATIVE NUMBERS.
R  INDICATES RECORD WAS SET OR TIED.
MM INDICATES DATA IS MISSING.
T  INDICATES TRACE AMOUNT.




$$
