000
CDUS41 KALY 050628
CLIALB


CLIMATE REPORT
NATIONAL WEATHER SERVICE ALBANY NY
127 AM EST FRI JAN 5 2018


...................................

...THE ALBANY NY CLIMATE SUMMARY FOR JANUARY 4 2018...

CLIMATE NORMAL PERIOD 1981 TO 2010
CLIMATE RECORD PERIOD 1874 TO 2018


WEATHER ITEM   OBSERVED TIME   RECORD YEAR NORMAL DEPARTURE LAST
                VALUE   (LST)  VALUE       VALUE  FROM      YEAR
                                                  NORMAL
..................................................................
TEMPERATURE (F)
 YESTERDAY
  MAXIMUM         22    601 PM  64    1950  31     -9       44
  MINIMUM         14   1159 PM -15    1904  15     -1       22
  AVERAGE         18                        23     -5       33

PRECIPITATION (IN)
  YESTERDAY        0.27          1.51 2003   0.08   0.19     0.10
  MONTH TO DATE    0.27                      0.33  -0.06     0.62
  SINCE DEC 1      2.20                      3.26  -1.06     2.37
  SINCE JAN 1      0.27                      0.33  -0.06     0.62

SNOWFALL (IN)
  YESTERDAY        4.9           8.8  2003   0.5    4.4      0.2
  MONTH TO DATE    4.9                       2.2    2.7      0.3
  SINCE DEC 1     17.0                      15.9    1.1     12.4
  SINCE JUL 1     17.0                      19.0   -2.0     14.7
  SNOW DEPTH       3

DEGREE DAYS
 HEATING
  YESTERDAY       47                        42      5       32
  MONTH TO DATE  218                       167     51      137
  SINCE DEC 1   1457                      1298    159     1204
  SINCE JUL 1   2571                      2702   -131     2360

 COOLING
  YESTERDAY        0                         0      0        0
  MONTH TO DATE    0                         0      0        0
  SINCE DEC 1      0                         0      0        0
  SINCE JAN 1      0                         0      0        0
..................................................................


WIND (MPH)
  HIGHEST WIND SPEED    35   HIGHEST WIND DIRECTION     W (290)
  HIGHEST GUST SPEED    43   HIGHEST GUST DIRECTION     W (280)
  AVERAGE WIND SPEED    12.6


SKY COVER
  AVERAGE SKY COVER 1.0



RELATIVE HUMIDITY (PERCENT)
 HIGHEST    84
 LOWEST     41
 AVERAGE    63

..........................................................


THE ALBANY NY CLIMATE NORMALS FOR TODAY
                         NORMAL    RECORD    YEAR
 MAXIMUM TEMPERATURE (F)   31        64      1950
 MINIMUM TEMPERATURE (F)   15       -24      1904


SUNRISE AND SUNSET
JANUARY  5 2018.......SUNRISE   726 AM EST   SUNSET   436 PM EST
JANUARY  6 2018.......SUNRISE   726 AM EST   SUNSET   437 PM EST


-  INDICATES NEGATIVE NUMBERS.
R  INDICATES RECORD WAS SET OR TIED.
MM INDICATES DATA IS MISSING.
T  INDICATES TRACE AMOUNT.




$$
