000
CDUS41 KALY 042055
CLIALB


CLIMATE REPORT
NATIONAL WEATHER SERVICE ALBANY NY
455 PM EDT SUN JUN 4 2017


...................................

...THE ALBANY NY CLIMATE SUMMARY FOR JUNE 4 2017...
VALID TODAY AS OF 0400 PM LOCAL TIME.

CLIMATE NORMAL PERIOD 1981 TO 2010
CLIMATE RECORD PERIOD 1874 TO 2017


WEATHER ITEM   OBSERVED TIME   RECORD YEAR NORMAL DEPARTURE LAST
                VALUE   (LST)  VALUE       VALUE  FROM      YEAR
                                                  NORMAL
..................................................................
TEMPERATURE (F)
 TODAY
  MAXIMUM         65    138 PM  97    1919  75    -10       84
  MINIMUM         45    254 AM  36    1947  53     -8       61
  AVERAGE         55                        64     -9       73

PRECIPITATION (IN)
  TODAY            0.01          1.30 2007   0.13  -0.12     0.00
  MONTH TO DATE    0.01                      0.52  -0.51      T
  SINCE JUN 1      0.01                      0.52  -0.51      T
  SINCE JAN 1     18.92                     15.30   3.62    10.76

DEGREE DAYS
 HEATING
  TODAY           10                         3      7        0
  MONTH TO DATE   27                        14     13        0
  SINCE JUN 1     27                        14     13        0
  SINCE JUL 1   5844                      6642   -798     5416

 COOLING
  TODAY            0                         2     -2        8
  MONTH TO DATE    0                         8     -8       30
  SINCE JUN 1      0                         8     -8       30
  SINCE JAN 1     50                        38     12      105
..................................................................


WIND (MPH)
  HIGHEST WIND SPEED    12   HIGHEST WIND DIRECTION     S (170)
  HIGHEST GUST SPEED    14   HIGHEST GUST DIRECTION     S (170)
  AVERAGE WIND SPEED     3.9


SKY COVER
  AVERAGE SKY COVER 0.7



RELATIVE HUMIDITY (PERCENT)
 HIGHEST    89           300 AM
 LOWEST     55           800 AM
 AVERAGE    72

..........................................................


THE ALBANY NY CLIMATE NORMALS FOR TOMORROW
                         NORMAL    RECORD    YEAR
 MAXIMUM TEMPERATURE (F)   75        97      1925
 MINIMUM TEMPERATURE (F)   53        39      1990


SUNRISE AND SUNSET
JUNE  4 2017..........SUNRISE   518 AM EDT   SUNSET   829 PM EDT
JUNE  5 2017..........SUNRISE   518 AM EDT   SUNSET   830 PM EDT


-  INDICATES NEGATIVE NUMBERS.
R  INDICATES RECORD WAS SET OR TIED.
MM INDICATES DATA IS MISSING.
T  INDICATES TRACE AMOUNT.




$$
