000
CDUS41 KALY 200624
CLIALB


CLIMATE REPORT
NATIONAL WEATHER SERVICE ALBANY NY
223 AM EDT THU JUL 20 2017


...................................

...THE ALBANY NY CLIMATE SUMMARY FOR JULY 19 2017...

CLIMATE NORMAL PERIOD 1981 TO 2010
CLIMATE RECORD PERIOD 1874 TO 2017


WEATHER ITEM   OBSERVED TIME   RECORD YEAR NORMAL DEPARTURE LAST
                VALUE   (LST)  VALUE       VALUE  FROM      YEAR
                                                  NORMAL
..................................................................
TEMPERATURE (F)
 YESTERDAY
  MAXIMUM         86    355 PM  97    1904  83      3       79
  MINIMUM         69    255 AM  47    1875  62      7       58
  AVERAGE         78                        72      6       69

PRECIPITATION (IN)
  YESTERDAY        0.00          2.24 1966   0.13  -0.13     0.00
  MONTH TO DATE    2.88                      2.52   0.36     3.16
  SINCE JUN 1      8.00                      6.31   1.69     5.47
  SINCE JAN 1     26.91                     21.09   5.82    16.23

DEGREE DAYS
 HEATING
  YESTERDAY        0                         0      0        0
  MONTH TO DATE    0                         0      0        0
  SINCE JUN 1     51                        52     -1       38
  SINCE JUL 1      0                         0      0        0

 COOLING
  YESTERDAY       13                         7      6        4
  MONTH TO DATE  161                       130     31      164
  SINCE JUN 1    308                       248     60      307
  SINCE JAN 1    358                       278     80      382
..................................................................


WIND (MPH)
  HIGHEST WIND SPEED    16   HIGHEST WIND DIRECTION     W (290)
  HIGHEST GUST SPEED    20   HIGHEST GUST DIRECTION    NW (300)
  AVERAGE WIND SPEED     4.2


SKY COVER
  AVERAGE SKY COVER 0.5



RELATIVE HUMIDITY (PERCENT)
 HIGHEST    90
 LOWEST     45
 AVERAGE    68

..........................................................


THE ALBANY NY CLIMATE NORMALS FOR TODAY
                         NORMAL    RECORD    YEAR
 MAXIMUM TEMPERATURE (F)   83        97      1991
 MINIMUM TEMPERATURE (F)   62        49      1974


SUNRISE AND SUNSET
JULY 20 2017..........SUNRISE   535 AM EDT   SUNSET   828 PM EDT
JULY 21 2017..........SUNRISE   536 AM EDT   SUNSET   827 PM EDT


-  INDICATES NEGATIVE NUMBERS.
R  INDICATES RECORD WAS SET OR TIED.
MM INDICATES DATA IS MISSING.
T  INDICATES TRACE AMOUNT.




$$
