198
CDUS41 KALY 290630
CLIALB


CLIMATE REPORT
NATIONAL WEATHER SERVICE ALBANY NY
230 AM EDT THU SEP 29 2016


...................................

...THE ALBANY NY CLIMATE SUMMARY FOR SEPTEMBER 28 2016...

CLIMATE NORMAL PERIOD 1981 TO 2010
CLIMATE RECORD PERIOD 1874 TO 2016


WEATHER ITEM   OBSERVED TIME   RECORD YEAR NORMAL DEPARTURE LAST
                VALUE   (LST)  VALUE       VALUE  FROM      YEAR
                                                  NORMAL
..................................................................
TEMPERATURE (F)
 YESTERDAY
  MAXIMUM         70   1243 PM  83    2014  67      3       77
                                      1959
  MINIMUM         48    630 AM  24    1947  46      2       52
  AVERAGE         59                        57      2       65

PRECIPITATION (IN)
  YESTERDAY        0.00          1.12 1909   0.12  -0.12      T
  MONTH TO DATE    2.12                      3.06  -0.94     3.04
  SINCE SEP 1      2.12                      3.06  -0.94     3.04
  SINCE JAN 1     25.57                     29.21  -3.64    26.18

DEGREE DAYS
 HEATING
  YESTERDAY        6                         9     -3        0
  MONTH TO DATE   53                       124    -71       38
  SINCE SEP 1     53                       124    -71       38
  SINCE JUL 1     54                       147    -93       39

 COOLING
  YESTERDAY        0                         1     -1        0
  MONTH TO DATE  108                        52     56      149
  SINCE SEP 1    108                        52     56      149
  SINCE JAN 1    896                       595    301      897
..................................................................


WIND (MPH)
  HIGHEST WIND SPEED    12   HIGHEST WIND DIRECTION     E (80)
  HIGHEST GUST SPEED    16   HIGHEST GUST DIRECTION     E (70)
  AVERAGE WIND SPEED     3.4


SKY COVER
  AVERAGE SKY COVER 0.5



RELATIVE HUMIDITY (PERCENT)
 HIGHEST   100
 LOWEST     58
 AVERAGE    79

..........................................................


THE ALBANY NY CLIMATE NORMALS FOR TODAY
                         NORMAL    RECORD    YEAR
 MAXIMUM TEMPERATURE (F)   67        86      1921
 MINIMUM TEMPERATURE (F)   46        29      2000


SUNRISE AND SUNSET
SEPTEMBER 29 2016.....SUNRISE   651 AM EDT   SUNSET   639 PM EDT
SEPTEMBER 30 2016.....SUNRISE   652 AM EDT   SUNSET   637 PM EDT


-  INDICATES NEGATIVE NUMBERS.
R  INDICATES RECORD WAS SET OR TIED.
MM INDICATES DATA IS MISSING.
T  INDICATES TRACE AMOUNT.




$$
