000
CDUS41 KALY 020621
CLIALB


CLIMATE REPORT
NATIONAL WEATHER SERVICE ALBANY NY
221 AM EDT SUN AUG 2 2015


...................................

...THE ALBANY NY CLIMATE SUMMARY FOR AUGUST 1 2015...

CLIMATE NORMAL PERIOD 1981 TO 2010
CLIMATE RECORD PERIOD 1874 TO 2015


WEATHER ITEM   OBSERVED TIME   RECORD YEAR NORMAL DEPARTURE LAST
                VALUE   (LST)  VALUE       VALUE  FROM      YEAR
                                                  NORMAL
..................................................................
TEMPERATURE (F)
 YESTERDAY
  MAXIMUM         85    253 PM 101    1933  82      3       84
  MINIMUM         63   1156 PM  46    1964  62      1       59
  AVERAGE         74                        72      2       72

PRECIPITATION (IN)
  YESTERDAY        T             1.41 2003   0.13  -0.13      T
  MONTH TO DATE    T                         0.13  -0.13      T
  SINCE JUN 1     10.12                      8.04   2.08    11.64
  SINCE JAN 1     18.84                     22.82  -3.98    25.20

DEGREE DAYS
 HEATING
  YESTERDAY        0                         0      0        0
  MONTH TO DATE    0                         0      0        0
  SINCE JUN 1     52                        57     -5       12
  SINCE JUL 1      1                         5     -4        0

 COOLING
  YESTERDAY        9                         7      2        7
  MONTH TO DATE    9                         7      2        7
  SINCE JUN 1    375                       343     32      392
  SINCE JAN 1    498                       373    125      427
..................................................................


WIND (MPH)
  HIGHEST WIND SPEED    20   HIGHEST WIND DIRECTION     W (280)
  HIGHEST GUST SPEED    26   HIGHEST GUST DIRECTION     W (280)
  AVERAGE WIND SPEED     7.0


SKY COVER
  AVERAGE SKY COVER 0.4



RELATIVE HUMIDITY (PERCENT)
 HIGHEST    87
 LOWEST     37
 AVERAGE    62

..........................................................


THE ALBANY NY CLIMATE NORMALS FOR TODAY
                         NORMAL    RECORD    YEAR
 MAXIMUM TEMPERATURE (F)   82        97      1975
 MINIMUM TEMPERATURE (F)   61        45      1976


SUNRISE AND SUNSET
AUGUST  2 2015........SUNRISE   547 AM EDT   SUNSET   815 PM EDT
AUGUST  3 2015........SUNRISE   548 AM EDT   SUNSET   814 PM EDT


-  INDICATES NEGATIVE NUMBERS.
R  INDICATES RECORD WAS SET OR TIED.
MM INDICATES DATA IS MISSING.
T  INDICATES TRACE AMOUNT.




$$
