000
CDUS41 KALY 281025 CCA
CLIALB

CLIMATE REPORT...CORRECTED
NATIONAL WEATHER SERVICE ALBANY NY
525 AM EST SAT FEB 28 2015


...................................

...THE ALBANY NY CLIMATE SUMMARY FOR FEBRUARY 27 2015...

CLIMATE NORMAL PERIOD 1981 TO 2010
CLIMATE RECORD PERIOD 1874 TO 2015


WEATHER ITEM   OBSERVED TIME   RECORD YEAR NORMAL DEPARTURE LAST
                VALUE   (LST)  VALUE       VALUE  FROM      YEAR
                                                  NORMAL
..................................................................
TEMPERATURE (F)
 YESTERDAY
  MAXIMUM         21    412 PM  61    1997  38    -17       26
  MINIMUM          3    524 AM -13    1940  20    -17        8
  AVERAGE         12                        29    -17       17

PRECIPITATION (IN)
  YESTERDAY        T             0.83 1913   0.09  -0.09      T
  MONTH TO DATE    2.15                      2.11   0.04     3.48
  SINCE DEC 1      9.69                      7.63   2.06     9.17
  SINCE JAN 1      4.32                      4.70  -0.38     5.79

SNOWFALL (IN)
  YESTERDAY       T              3.6  2013   0.4   -0.4      0.2
  MONTH TO DATE   30.6                      12.0   18.6     28.1
  SINCE DEC 1     58.3                      43.3   15.0     63.1
  SINCE JUL 1     70.6                      46.1   24.5     65.2
  SNOW DEPTH      12

DEGREE DAYS
 HEATING
  YESTERDAY       53                        36     17       48
  MONTH TO DATE 1408                      1058    350     1146
  SINCE DEC 1   3804                      3505    299     3693
  SINCE JUL 1   5079                      4909    170     5063

 COOLING
  YESTERDAY        0                         0      0        0
  MONTH TO DATE    0                         0      0        0
  SINCE DEC 1      0                         0      0        0
  SINCE JAN 1      0                         0      0        0
..................................................................


WIND (MPH)
  HIGHEST WIND SPEED    21   HIGHEST WIND DIRECTION     W (280)
  HIGHEST GUST SPEED    29   HIGHEST GUST DIRECTION     W (290)
  AVERAGE WIND SPEED     9.4


SKY COVER
  AVERAGE SKY COVER 0.3



RELATIVE HUMIDITY (PERCENT)
 HIGHEST    66
 LOWEST     41
 AVERAGE    54

..........................................................


THE ALBANY NY CLIMATE NORMALS FOR TODAY
                         NORMAL    RECORD    YEAR
 MAXIMUM TEMPERATURE (F)   38        63      1903
 MINIMUM TEMPERATURE (F)   20       -10      1950


SUNRISE AND SUNSET
FEBRUARY 28 2015......SUNRISE   633 AM EST   SUNSET   543 PM EST
MARCH  1 2015.........SUNRISE   631 AM EST   SUNSET   544 PM EST


-  INDICATES NEGATIVE NUMBERS.
R  INDICATES RECORD WAS SET OR TIED.
MM INDICATES DATA IS MISSING.
T  INDICATES TRACE AMOUNT.

CORRECTED FOR SNOWFALL


$$
