000
CDUS41 KALY 272058
CLIALB


CLIMATE REPORT
NATIONAL WEATHER SERVICE ALBANY NY
458 PM EDT SAT SEP 27 2014


...................................

...THE ALBANY NY CLIMATE SUMMARY FOR SEPTEMBER 27 2014...
VALID TODAY AS OF 0400 PM LOCAL TIME.

CLIMATE NORMAL PERIOD 1981 TO 2010
CLIMATE RECORD PERIOD 1874 TO 2014


WEATHER ITEM   OBSERVED TIME   RECORD YEAR NORMAL DEPARTURE LAST
                VALUE   (LST)  VALUE       VALUE  FROM      YEAR
                                                  NORMAL
..................................................................
TEMPERATURE (F)
 TODAY
  MAXIMUM         81    238 PM  84    1920  68     13       62
                                      1998
  MINIMUM         48    550 AM  24    1947  47      1       42
  AVERAGE         65                        57      8       52

PRECIPITATION (IN)
  TODAY            0.00          1.79 1942   0.12  -0.12     0.00
  MONTH TO DATE    0.89                      2.94  -2.05     4.81
  SINCE SEP 1      0.89                      2.94  -2.05     4.81
  SINCE JAN 1     27.67                     29.09  -1.42    36.32

DEGREE DAYS
 HEATING
  TODAY            0                         8     -8       13
  MONTH TO DATE  120                       115      5      152
  SINCE SEP 1    120                       115      5      152
  SINCE JUL 1    128                       138    -10      158

 COOLING
  TODAY            0                         1     -1        0
  MONTH TO DATE   71                        51     20       65
  SINCE SEP 1     71                        51     20       65
  SINCE JAN 1    638                       594     44      763
..................................................................


WIND (MPH)
  HIGHEST WIND SPEED    12   HIGHEST WIND DIRECTION     N (340)
  HIGHEST GUST SPEED    14   HIGHEST GUST DIRECTION     N (20)
  AVERAGE WIND SPEED     2.2


SKY COVER
  AVERAGE SKY COVER 0.1



RELATIVE HUMIDITY (PERCENT)
 HIGHEST   100           100 AM
 LOWEST     42           200 PM
 AVERAGE    71

..........................................................


THE ALBANY NY CLIMATE NORMALS FOR TOMORROW
                         NORMAL    RECORD    YEAR
 MAXIMUM TEMPERATURE (F)   67        83      1959
 MINIMUM TEMPERATURE (F)   46        24      1947


SUNRISE AND SUNSET
SEPTEMBER 27 2014.....SUNRISE   648 AM EDT   SUNSET   644 PM EDT
SEPTEMBER 28 2014.....SUNRISE   649 AM EDT   SUNSET   642 PM EDT


-  INDICATES NEGATIVE NUMBERS.
R  INDICATES RECORD WAS SET OR TIED.
MM INDICATES DATA IS MISSING.
T  INDICATES TRACE AMOUNT.




$$
