000
CDUS41 KALY 140624
CLIALB


CLIMATE REPORT
NATIONAL WEATHER SERVICE ALBANY NY
123 AM EST SUN DEC 14 2014


...................................

...THE ALBANY NY CLIMATE SUMMARY FOR DECEMBER 13 2014...

CLIMATE NORMAL PERIOD 1981 TO 2010
CLIMATE RECORD PERIOD 1874 TO 2014


WEATHER ITEM   OBSERVED TIME   RECORD YEAR NORMAL DEPARTURE LAST
                VALUE   (LST)  VALUE       VALUE  FROM      YEAR
                                                  NORMAL
..................................................................
TEMPERATURE (F)
 YESTERDAY
  MAXIMUM         35   1159 PM  58    1984  37     -2       27
  MINIMUM         21    800 AM  -6    1988  22     -1       13
  AVERAGE         28                        29     -1       20

PRECIPITATION (IN)
  YESTERDAY        T             1.98 1915   0.10  -0.10     0.03
  MONTH TO DATE    3.70                      1.35   2.35     0.53
  SINCE DEC 1      3.70                      1.35   2.35     0.53
  SINCE JAN 1     38.03                     37.77   0.26    40.98

SNOWFALL (IN)
  YESTERDAY        0.2          14.0  1915   0.4   -0.2      1.0
  MONTH TO DATE   12.1                       4.7    7.4      3.8
  SINCE DEC 1     12.1                       4.7    7.4      3.8
  SINCE JUL 1     24.4                       7.5   16.9      5.9
  SNOW DEPTH       9

DEGREE DAYS
 HEATING
  YESTERDAY       37                        36      1       45
  MONTH TO DATE  448                       433     15      450
  SINCE DEC 1    448                       433     15      450
  SINCE JUL 1   1723                      1837   -114     1820

 COOLING
  YESTERDAY        0                         0      0        0
  MONTH TO DATE    0                         0      0        0
  SINCE DEC 1      0                         0      0        0
  SINCE JAN 1    659                       598     61      763
..................................................................


WIND (MPH)
  HIGHEST WIND SPEED    21   HIGHEST WIND DIRECTION     W (290)
  HIGHEST GUST SPEED    26   HIGHEST GUST DIRECTION    NW (300)
  AVERAGE WIND SPEED     8.8


SKY COVER
  AVERAGE SKY COVER 0.7



RELATIVE HUMIDITY (PERCENT)
 HIGHEST    92
 LOWEST     64
 AVERAGE    78

..........................................................


THE ALBANY NY CLIMATE NORMALS FOR TODAY
                         NORMAL    RECORD    YEAR
 MAXIMUM TEMPERATURE (F)   36        63      1901
 MINIMUM TEMPERATURE (F)   22        -5      1898


SUNRISE AND SUNSET
DECEMBER 14 2014......SUNRISE   718 AM EST   SUNSET   422 PM EST
DECEMBER 15 2014......SUNRISE   719 AM EST   SUNSET   422 PM EST


-  INDICATES NEGATIVE NUMBERS.
R  INDICATES RECORD WAS SET OR TIED.
MM INDICATES DATA IS MISSING.
T  INDICATES TRACE AMOUNT.




$$
