000
CDUS41 KALY 220624
CLIALB


CLIMATE REPORT
NATIONAL WEATHER SERVICE ALBANY NY
223 AM EDT MON SEP 22 2014


...................................

...THE ALBANY NY CLIMATE SUMMARY FOR SEPTEMBER 21 2014...

CLIMATE NORMAL PERIOD 1981 TO 2010
CLIMATE RECORD PERIOD 1874 TO 2014


WEATHER ITEM   OBSERVED TIME   RECORD YEAR NORMAL DEPARTURE LAST
                VALUE   (LST)  VALUE       VALUE  FROM      YEAR
                                                  NORMAL
..................................................................
TEMPERATURE (F)
 YESTERDAY
  MAXIMUM         82    201 PM  95    1895  70     12       74
  MINIMUM         60    430 AM  29    1973  50     10       58
  AVERAGE         71                        60     11       66

PRECIPITATION (IN)
  YESTERDAY        0.01          3.25 1938   0.13  -0.12     0.56
  MONTH TO DATE    0.89                      2.23  -1.34     4.68
  SINCE SEP 1      0.89                      2.23  -1.34     4.68
  SINCE JAN 1     27.67                     28.38  -0.71    36.19

DEGREE DAYS
 HEATING
  YESTERDAY        0                         6     -6        0
  MONTH TO DATE   85                        70     15       89
  SINCE SEP 1     85                        70     15       89
  SINCE JUL 1     93                        93      0       95

 COOLING
  YESTERDAY        6                         1      5        1
  MONTH TO DATE   71                        45     26       65
  SINCE SEP 1     71                        45     26       65
  SINCE JAN 1    638                       588     50      763
..................................................................


WIND (MPH)
  HIGHEST WIND SPEED    24   HIGHEST WIND DIRECTION     W (270)
  HIGHEST GUST SPEED    32   HIGHEST GUST DIRECTION     W (290)
  AVERAGE WIND SPEED    11.0


SKY COVER
  AVERAGE SKY COVER 0.7



RELATIVE HUMIDITY (PERCENT)
 HIGHEST    90
 LOWEST     42
 AVERAGE    66

..........................................................


THE ALBANY NY CLIMATE NORMALS FOR TODAY
                         NORMAL    RECORD    YEAR
 MAXIMUM TEMPERATURE (F)   70        95      1895
 MINIMUM TEMPERATURE (F)   49        31      1962


SUNRISE AND SUNSET
SEPTEMBER 22 2014.....SUNRISE   642 AM EDT   SUNSET   653 PM EDT
SEPTEMBER 23 2014.....SUNRISE   643 AM EDT   SUNSET   651 PM EDT


-  INDICATES NEGATIVE NUMBERS.
R  INDICATES RECORD WAS SET OR TIED.
MM INDICATES DATA IS MISSING.
T  INDICATES TRACE AMOUNT.




$$
