000
CDUS41 KALY 030626
CLIALB


CLIMATE REPORT
NATIONAL WEATHER SERVICE ALBANY NY
226 AM EDT FRI JUL 3 2015


...................................

...THE ALBANY NY CLIMATE SUMMARY FOR JULY 2 2015...

CLIMATE NORMAL PERIOD 1981 TO 2010
CLIMATE RECORD PERIOD 1874 TO 2015


WEATHER ITEM   OBSERVED TIME   RECORD YEAR NORMAL DEPARTURE LAST
                VALUE   (LST)  VALUE       VALUE  FROM      YEAR
                                                  NORMAL
..................................................................
TEMPERATURE (F)
 YESTERDAY
  MAXIMUM         77    408 PM  98    1966  82     -5       90
  MINIMUM         57   1159 PM  40    1978  60     -3       70
  AVERAGE         67                        71     -4       80

PRECIPITATION (IN)
  YESTERDAY        0.00          1.10 1986   0.13  -0.13     0.85
  MONTH TO DATE    0.09                      0.26  -0.17     0.85
  SINCE JUN 1      6.79                      4.05   2.74     5.62
  SINCE JAN 1     15.51                     18.83  -3.32    19.18

DEGREE DAYS
 HEATING
  YESTERDAY        0                         0      0        0
  MONTH TO DATE    0                         0      0        0
  SINCE JUN 1     51                        52     -1       12
  SINCE JUL 1      0                         0      0        0

 COOLING
  YESTERDAY        2                         6     -4       15
  MONTH TO DATE   10                        12     -2       31
  SINCE JUN 1    121                       130     -9      179
  SINCE JAN 1    244                       160     84      214
..................................................................


WIND (MPH)
  HIGHEST WIND SPEED    16   HIGHEST WIND DIRECTION    NW (320)
  HIGHEST GUST SPEED    27   HIGHEST GUST DIRECTION     W (280)
  AVERAGE WIND SPEED     7.2


SKY COVER
  AVERAGE SKY COVER 0.5



RELATIVE HUMIDITY (PERCENT)
 HIGHEST    84
 LOWEST     40
 AVERAGE    62

..........................................................


THE ALBANY NY CLIMATE NORMALS FOR TODAY
                         NORMAL    RECORD    YEAR
 MAXIMUM TEMPERATURE (F)   82       102      1911
 MINIMUM TEMPERATURE (F)   61        44      1978


SUNRISE AND SUNSET
JULY  3 2015..........SUNRISE   522 AM EDT   SUNSET   837 PM EDT
JULY  4 2015..........SUNRISE   522 AM EDT   SUNSET   837 PM EDT


-  INDICATES NEGATIVE NUMBERS.
R  INDICATES RECORD WAS SET OR TIED.
MM INDICATES DATA IS MISSING.
T  INDICATES TRACE AMOUNT.




$$
