000
CDUS41 KALY 010622
CLIALB


CLIMATE REPORT
NATIONAL WEATHER SERVICE ALBANY NY
222 AM EDT SAT AUG 1 2015


...................................

...THE ALBANY NY CLIMATE SUMMARY FOR JULY 31 2015...

CLIMATE NORMAL PERIOD 1981 TO 2010
CLIMATE RECORD PERIOD 1874 TO 2015


WEATHER ITEM   OBSERVED TIME   RECORD YEAR NORMAL DEPARTURE LAST
                VALUE   (LST)  VALUE       VALUE  FROM      YEAR
                                                  NORMAL
..................................................................
TEMPERATURE (F)
 YESTERDAY
  MAXIMUM         85    438 PM  98    1917  82      3       78
  MINIMUM         66    206 AM  40    1978  62      4       62
  AVERAGE         76                        72      4       70

PRECIPITATION (IN)
  YESTERDAY        0.00          2.42 2009   0.13  -0.13     0.02
  MONTH TO DATE    3.42                      4.12  -0.70     6.87
  SINCE JUN 1     10.12                      7.91   2.21    11.64
  SINCE JAN 1     18.84                     22.69  -3.85    25.20

DEGREE DAYS
 HEATING
  YESTERDAY        0                         0      0        0
  MONTH TO DATE    1                         0      1        0
  SINCE JUN 1     52                        57     -5       12
  SINCE JUL 1      1                         5     -4        0

 COOLING
  YESTERDAY       11                         7      4        5
  MONTH TO DATE  255                       218     37      237
  SINCE JUN 1    366                       336     30      385
  SINCE JAN 1    489                       366    123      420
..................................................................


WIND (MPH)
  HIGHEST WIND SPEED    18   HIGHEST WIND DIRECTION     W (290)
  HIGHEST GUST SPEED    24   HIGHEST GUST DIRECTION     W (290)
  AVERAGE WIND SPEED     7.5


SKY COVER
  AVERAGE SKY COVER 0.3



RELATIVE HUMIDITY (PERCENT)
 HIGHEST    81
 LOWEST     32
 AVERAGE    57

..........................................................


THE ALBANY NY CLIMATE NORMALS FOR TODAY
                         NORMAL    RECORD    YEAR
 MAXIMUM TEMPERATURE (F)   82       101      1933
 MINIMUM TEMPERATURE (F)   62        46      1964


SUNRISE AND SUNSET
AUGUST  1 2015........SUNRISE   546 AM EDT   SUNSET   816 PM EDT
AUGUST  2 2015........SUNRISE   547 AM EDT   SUNSET   815 PM EDT


-  INDICATES NEGATIVE NUMBERS.
R  INDICATES RECORD WAS SET OR TIED.
MM INDICATES DATA IS MISSING.
T  INDICATES TRACE AMOUNT.




$$
