000
CDUS41 KALY 202045
CLIALB


CLIMATE REPORT
NATIONAL WEATHER SERVICE ALBANY NY
445 PM EDT SUN APR 20 2014


...................................

...THE ALBANY NY CLIMATE SUMMARY FOR APRIL 20 2014...
VALID TODAY AS OF 0400 PM LOCAL TIME.

CLIMATE NORMAL PERIOD 1981 TO 2010
CLIMATE RECORD PERIOD 1874 TO 2014


WEATHER ITEM   OBSERVED TIME   RECORD YEAR NORMAL DEPARTURE LAST
                VALUE   (LST)  VALUE       VALUE  FROM      YEAR
                                                  NORMAL
..................................................................
TEMPERATURE (F)
 TODAY
  MAXIMUM         63    338 PM  93    1941  61      2       53
  MINIMUM         29    522 AM  19    1875  39    -10       34
  AVERAGE         46                        50     -4       44

PRECIPITATION (IN)
  TODAY            0.00          1.03 1914   0.11  -0.11     0.13
  MONTH TO DATE    1.05                      2.14  -1.09     2.39
  SINCE MAR 1      3.77                      5.35  -1.58     4.88
  SINCE JAN 1      9.56                     10.14  -0.58     8.01

SNOWFALL (IN)
  TODAY            0.0           5.8  1947   0.1   -0.1       T
  MONTH TO DATE    2.4                       2.0    0.4      1.2
  SINCE MAR 1      8.3                      12.2   -3.9     20.7
  SINCE JUL 1     73.5                      58.7   14.8     51.4
  SNOW DEPTH       0

DEGREE DAYS
 HEATING
  TODAY           19                        15      4       21
  MONTH TO DATE  373                       385    -12      410
  SINCE MAR 1   1520                      1314    206     1369
  SINCE JUL 1   6637                      6258    379     5907

 COOLING
  TODAY            0                         0      0        0
  MONTH TO DATE    6                         0      6        0
  SINCE MAR 1      6                         0      6        0
  SINCE JAN 1      6                         0      6        0
..................................................................


WIND (MPH)
  HIGHEST WIND SPEED    12   HIGHEST WIND DIRECTION     S (200)
  HIGHEST GUST SPEED    17   HIGHEST GUST DIRECTION    SW (220)
  AVERAGE WIND SPEED     3.2


SKY COVER
  AVERAGE SKY COVER 0.5



RELATIVE HUMIDITY (PERCENT)
 HIGHEST    78           500 AM
 LOWEST     14           300 PM
 AVERAGE    46

..........................................................


THE ALBANY NY CLIMATE NORMALS FOR TOMORROW
                         NORMAL    RECORD    YEAR
 MAXIMUM TEMPERATURE (F)   61        89      1923
 MINIMUM TEMPERATURE (F)   39        20      1875


SUNRISE AND SUNSET
APRIL 20 2014.........SUNRISE   606 AM EDT   SUNSET   743 PM EDT
APRIL 21 2014.........SUNRISE   604 AM EDT   SUNSET   744 PM EDT


-  INDICATES NEGATIVE NUMBERS.
R  INDICATES RECORD WAS SET OR TIED.
MM INDICATES DATA IS MISSING.
T  INDICATES TRACE AMOUNT.




$$
