000
CDUS41 KALY 300625
CLIALB


CLIMATE REPORT
NATIONAL WEATHER SERVICE ALBANY NY
124 AM EST FRI JAN 30 2015


...................................

...THE ALBANY NY CLIMATE SUMMARY FOR JANUARY 29 2015...

CLIMATE NORMAL PERIOD 1981 TO 2010
CLIMATE RECORD PERIOD 1874 TO 2015


WEATHER ITEM   OBSERVED TIME   RECORD YEAR NORMAL DEPARTURE LAST
                VALUE   (LST)  VALUE       VALUE  FROM      YEAR
                                                  NORMAL
..................................................................
TEMPERATURE (F)
 YESTERDAY
  MAXIMUM         30    947 PM  54    2002  31     -1       22
  MINIMUM         -4    746 AM -10    1925  15    -19       -3
  AVERAGE         13                        23    -10       10

PRECIPITATION (IN)
  YESTERDAY        T             1.09 1990   0.08  -0.08     0.00
  MONTH TO DATE    1.99                      2.43  -0.44     2.31
  SINCE DEC 1      7.36                      5.36   2.00     5.69
  SINCE JAN 1      1.99                      2.43  -0.44     2.31

SNOWFALL (IN)
  YESTERDAY        T             8.3  1990   0.5   -0.5      0.0
  MONTH TO DATE   12.9                      16.5   -3.6     15.0
  SINCE DEC 1     25.1                      30.2   -5.1     35.0
  SINCE JUL 1     37.4                      33.0    4.4     37.1
  SNOW DEPTH       4

DEGREE DAYS
 HEATING
  YESTERDAY       52                        42     10       55
  MONTH TO DATE 1294                      1234     60     1305
  SINCE DEC 1   2292                      2365    -73     2459
  SINCE JUL 1   3567                      3769   -202     3829

 COOLING
  YESTERDAY        0                         0      0        0
  MONTH TO DATE    0                         0      0        0
  SINCE DEC 1      0                         0      0        0
  SINCE JAN 1      0                         0      0        0
..................................................................


WIND (MPH)
  HIGHEST WIND SPEED    21   HIGHEST WIND DIRECTION     S (170)
  HIGHEST GUST SPEED    29   HIGHEST GUST DIRECTION     S (170)
  AVERAGE WIND SPEED     7.0


SKY COVER
  AVERAGE SKY COVER 0.7



RELATIVE HUMIDITY (PERCENT)
 HIGHEST    79
 LOWEST     31
 AVERAGE    55

..........................................................


THE ALBANY NY CLIMATE NORMALS FOR TODAY
                         NORMAL    RECORD    YEAR
 MAXIMUM TEMPERATURE (F)   31        56      2013
 MINIMUM TEMPERATURE (F)   15       -12      1965


SUNRISE AND SUNSET
JANUARY 30 2015.......SUNRISE   712 AM EST   SUNSET   505 PM EST
JANUARY 31 2015.......SUNRISE   711 AM EST   SUNSET   507 PM EST


-  INDICATES NEGATIVE NUMBERS.
R  INDICATES RECORD WAS SET OR TIED.
MM INDICATES DATA IS MISSING.
T  INDICATES TRACE AMOUNT.




$$
