000
CDUS41 KALY 030623
CLIALB


CLIMATE REPORT
NATIONAL WEATHER SERVICE ALBANY NY
122 AM EST TUE MAR 3 2015


...................................

...THE ALBANY NY CLIMATE SUMMARY FOR MARCH 2 2015...

CLIMATE NORMAL PERIOD 1981 TO 2010
CLIMATE RECORD PERIOD 1874 TO 2015


WEATHER ITEM   OBSERVED TIME   RECORD YEAR NORMAL DEPARTURE LAST
                VALUE   (LST)  VALUE       VALUE  FROM      YEAR
                                                  NORMAL
..................................................................
TEMPERATURE (F)
 YESTERDAY
  MAXIMUM         31    214 PM  65    1991  39     -8       31
  MINIMUM         21   1159 PM  -4    1940  21      0       17
  AVERAGE         26                        30     -4       24

PRECIPITATION (IN)
  YESTERDAY        T             0.93 2007   0.10  -0.10      T
  MONTH TO DATE    0.08                      0.19  -0.11      T
  SINCE MAR 1      0.08                      0.19  -0.11      T
  SINCE JAN 1      4.40                      4.98  -0.58     5.79

SNOWFALL (IN)
  YESTERDAY        0.2           6.2  1948   0.5   -0.3       T
  MONTH TO DATE    1.6                       0.9    0.7       T
  SINCE MAR 1      1.6                       0.9    0.7       T
  SINCE JUL 1     72.2                      47.4   24.8     65.2
  SNOW DEPTH      13

DEGREE DAYS
 HEATING
  YESTERDAY       39                        35      4       41
  MONTH TO DATE   90                        70     20       89
  SINCE MAR 1     90                        70     20       89
  SINCE JUL 1   5220                      5014    206     5206

 COOLING
  YESTERDAY        0                         0      0        0
  MONTH TO DATE    0                         0      0        0
  SINCE MAR 1      0                         0      0        0
  SINCE JAN 1      0                         0      0        0
..................................................................


WIND (MPH)
  HIGHEST WIND SPEED    39   HIGHEST WIND DIRECTION     W (290)
  HIGHEST GUST SPEED    51   HIGHEST GUST DIRECTION     W (280)
  AVERAGE WIND SPEED    15.1


SKY COVER
  AVERAGE SKY COVER 0.7



RELATIVE HUMIDITY (PERCENT)
 HIGHEST    88
 LOWEST     46
 AVERAGE    67

..........................................................


THE ALBANY NY CLIMATE NORMALS FOR TODAY
                         NORMAL    RECORD    YEAR
 MAXIMUM TEMPERATURE (F)   39        64      2002
 MINIMUM TEMPERATURE (F)   21       -10      1950


SUNRISE AND SUNSET
MARCH  3 2015.........SUNRISE   628 AM EST   SUNSET   547 PM EST
MARCH  4 2015.........SUNRISE   626 AM EST   SUNSET   548 PM EST


-  INDICATES NEGATIVE NUMBERS.
R  INDICATES RECORD WAS SET OR TIED.
MM INDICATES DATA IS MISSING.
T  INDICATES TRACE AMOUNT.




$$
