000
CDUS41 KALY 230624
CLIALB


CLIMATE REPORT
NATIONAL WEATHER SERVICE ALBANY NY
123 AM EST TUE JAN 23 2018


...................................

...THE ALBANY NY CLIMATE SUMMARY FOR JANUARY 22 2018...

CLIMATE NORMAL PERIOD 1981 TO 2010
CLIMATE RECORD PERIOD 1874 TO 2018


WEATHER ITEM   OBSERVED TIME   RECORD YEAR NORMAL DEPARTURE LAST
                VALUE   (LST)  VALUE       VALUE  FROM      YEAR
                                                  NORMAL
..................................................................
TEMPERATURE (F)
 YESTERDAY
  MAXIMUM         39   1117 PM  62    1906  30      9       43
  MINIMUM         33    750 PM -20    1984  14     19       37
  AVERAGE         36                        22     14       40

PRECIPITATION (IN)
  YESTERDAY        0.09          1.18 1891   0.09   0.00      T
  MONTH TO DATE    1.69                      1.84  -0.15     1.60
  SINCE DEC 1      3.62                      4.77  -1.15     3.35
  SINCE JAN 1      1.69                      1.84  -0.15     1.60

SNOWFALL (IN)
  YESTERDAY        T            12.9  1987   0.6   -0.6      0.0
  MONTH TO DATE   12.7                      12.9   -0.2      1.0
  SINCE DEC 1     24.8                      26.6   -1.8     13.1
  SINCE JUL 1     24.8                      29.7   -4.9     15.4
  SNOW DEPTH       2

DEGREE DAYS
 HEATING
  YESTERDAY       29                        43    -14       25
  MONTH TO DATE  971                       937     34      769
  SINCE DEC 1   2210                      2068    142     1836
  SINCE JUL 1   3324                      3472   -148     2992

 COOLING
  YESTERDAY        0                         0      0        0
  MONTH TO DATE    0                         0      0        0
  SINCE DEC 1      0                         0      0        0
  SINCE JAN 1      0                         0      0        0
..................................................................


WIND (MPH)
  HIGHEST WIND SPEED    16   HIGHEST WIND DIRECTION     S (160)
  HIGHEST GUST SPEED    23   HIGHEST GUST DIRECTION     S (170)
  AVERAGE WIND SPEED     4.6


SKY COVER
  AVERAGE SKY COVER 0.9



RELATIVE HUMIDITY (PERCENT)
 HIGHEST    89
 LOWEST     75
 AVERAGE    82

..........................................................


THE ALBANY NY CLIMATE NORMALS FOR TODAY
                         NORMAL    RECORD    YEAR
 MAXIMUM TEMPERATURE (F)   31        64      1906
 MINIMUM TEMPERATURE (F)   14       -20      1970


SUNRISE AND SUNSET
JANUARY 23 2018.......SUNRISE   718 AM EST   SUNSET   457 PM EST
JANUARY 24 2018.......SUNRISE   717 AM EST   SUNSET   458 PM EST


-  INDICATES NEGATIVE NUMBERS.
R  INDICATES RECORD WAS SET OR TIED.
MM INDICATES DATA IS MISSING.
T  INDICATES TRACE AMOUNT.




$$
