000
CDUS41 KALY 290628
CLIALB


CLIMATE REPORT
NATIONAL WEATHER SERVICE ALBANY NY
128 AM EST THU JAN 29 2015


...................................

...THE ALBANY NY CLIMATE SUMMARY FOR JANUARY 28 2015...

CLIMATE NORMAL PERIOD 1981 TO 2010
CLIMATE RECORD PERIOD 1874 TO 2015


WEATHER ITEM   OBSERVED TIME   RECORD YEAR NORMAL DEPARTURE LAST
                VALUE   (LST)  VALUE       VALUE  FROM      YEAR
                                                  NORMAL
..................................................................
TEMPERATURE (F)
 YESTERDAY
  MAXIMUM         23    406 PM  56    1916  31     -8       16
  MINIMUM          2   1159 PM -16    2005  15    -13        3
  AVERAGE         13                        23    -10       10

PRECIPITATION (IN)
  YESTERDAY        T             1.00 2009   0.09  -0.09     0.00
  MONTH TO DATE    1.99                      2.35  -0.36     2.31
  SINCE DEC 1      7.36                      5.28   2.08     5.69
  SINCE JAN 1      1.99                      2.35  -0.36     2.31

SNOWFALL (IN)
  YESTERDAY        T             9.6  1897   0.5   -0.5      0.0
  MONTH TO DATE   12.9                      16.0   -3.1     15.0
  SINCE DEC 1     25.1                      29.7   -4.6     35.0
  SINCE JUL 1     37.4                      32.5    4.9     37.1
  SNOW DEPTH       6

DEGREE DAYS
 HEATING
  YESTERDAY       52                        42     10       55
  MONTH TO DATE 1242                      1192     50     1250
  SINCE DEC 1   2240                      2323    -83     2404
  SINCE JUL 1   3515                      3727   -212     3774

 COOLING
  YESTERDAY        0                         0      0        0
  MONTH TO DATE    0                         0      0        0
  SINCE DEC 1      0                         0      0        0
  SINCE JAN 1      0                         0      0        0
..................................................................


WIND (MPH)
  HIGHEST WIND SPEED    18   HIGHEST WIND DIRECTION    NW (330)
  HIGHEST GUST SPEED    21   HIGHEST GUST DIRECTION    NW (330)
  AVERAGE WIND SPEED     9.1


SKY COVER
  AVERAGE SKY COVER 0.4



RELATIVE HUMIDITY (PERCENT)
 HIGHEST    69
 LOWEST     38
 AVERAGE    54

..........................................................


THE ALBANY NY CLIMATE NORMALS FOR TODAY
                         NORMAL    RECORD    YEAR
 MAXIMUM TEMPERATURE (F)   31        54      2002
 MINIMUM TEMPERATURE (F)   15       -10      1925


SUNRISE AND SUNSET
JANUARY 29 2015.......SUNRISE   713 AM EST   SUNSET   504 PM EST
JANUARY 30 2015.......SUNRISE   712 AM EST   SUNSET   505 PM EST


-  INDICATES NEGATIVE NUMBERS.
R  INDICATES RECORD WAS SET OR TIED.
MM INDICATES DATA IS MISSING.
T  INDICATES TRACE AMOUNT.




$$
