842
CDUS41 KALY 090623
CLIALB


CLIMATE REPORT
NATIONAL WEATHER SERVICE ALBANY NY
122 AM EST FRI DEC 9 2016


...................................

...THE ALBANY NY CLIMATE SUMMARY FOR DECEMBER 8 2016...

CLIMATE NORMAL PERIOD 1981 TO 2010
CLIMATE RECORD PERIOD 1874 TO 2016


WEATHER ITEM   OBSERVED TIME   RECORD YEAR NORMAL DEPARTURE LAST
                VALUE   (LST)  VALUE       VALUE  FROM      YEAR
                                                  NORMAL
..................................................................
TEMPERATURE (F)
 YESTERDAY
  MAXIMUM         40   1232 PM  58    1927  38      2       43
  MINIMUM         30   1137 PM  -3    1902  24      6       26
  AVERAGE         35                        31      4       35

PRECIPITATION (IN)
  YESTERDAY        T             0.65 1950   0.10  -0.10     0.00
  MONTH TO DATE    0.49                      0.84  -0.35     0.61
  SINCE DEC 1      0.49                      0.84  -0.35     0.61
  SINCE JAN 1     32.12                     37.26  -5.14    35.59

SNOWFALL (IN)
  YESTERDAY        T             5.1  2001   0.3   -0.3      0.0
  MONTH TO DATE    2.2                       2.7   -0.5      0.0
  SINCE DEC 1      2.2                       2.7   -0.5      0.0
  SINCE JUL 1      4.5                       5.8   -1.3       T
  SNOW DEPTH       0

DEGREE DAYS
 HEATING
  YESTERDAY       30                        34     -4       30
  MONTH TO DATE  223                       259    -36      216
  SINCE DEC 1    223                       259    -36      216
  SINCE JUL 1   1379                      1663   -284     1299

 COOLING
  YESTERDAY        0                         0      0        0
  MONTH TO DATE    0                         0      0        0
  SINCE DEC 1      0                         0      0        0
  SINCE JAN 1    902                       598    304      906
..................................................................


WIND (MPH)
  HIGHEST WIND SPEED    21   HIGHEST WIND DIRECTION     W (280)
  HIGHEST GUST SPEED    29   HIGHEST GUST DIRECTION     W (290)
  AVERAGE WIND SPEED     6.6


SKY COVER
  AVERAGE SKY COVER 0.7



RELATIVE HUMIDITY (PERCENT)
 HIGHEST   100
 LOWEST     49
 AVERAGE    75

..........................................................


THE ALBANY NY CLIMATE NORMALS FOR TODAY
                         NORMAL    RECORD    YEAR
 MAXIMUM TEMPERATURE (F)   38        62      1966
 MINIMUM TEMPERATURE (F)   24       -11      1902


SUNRISE AND SUNSET
DECEMBER  9 2016......SUNRISE   714 AM EST   SUNSET   421 PM EST
DECEMBER 10 2016......SUNRISE   715 AM EST   SUNSET   421 PM EST


-  INDICATES NEGATIVE NUMBERS.
R  INDICATES RECORD WAS SET OR TIED.
MM INDICATES DATA IS MISSING.
T  INDICATES TRACE AMOUNT.




$$
