895
CDUS41 KALY 220631
CLIALB


CLIMATE REPORT
NATIONAL WEATHER SERVICE ALBANY NY
128 AM EST THU FEB 22 2018


...................................

...THE ALBANY NY CLIMATE SUMMARY FOR FEBRUARY 21 2018...

CLIMATE NORMAL PERIOD 1981 TO 2010
CLIMATE RECORD PERIOD 1874 TO 2018


WEATHER ITEM   OBSERVED TIME   RECORD YEAR NORMAL DEPARTURE LAST
                VALUE   (LST)  VALUE       VALUE  FROM      YEAR
                                                  NORMAL
..................................................................
TEMPERATURE (F)
 YESTERDAY
  MAXIMUM         73R   244 PM  65    1981  36     37       44
  MINIMUM         40   1159 PM -10    2015  19     21       18
  AVERAGE         57                        27     30       31

PRECIPITATION (IN)
  YESTERDAY        T             1.20 1882   0.08  -0.08      T
  MONTH TO DATE    1.86                      1.61   0.25     2.14
  SINCE DEC 1      6.18                      7.13  -0.95     7.02
  SINCE JAN 1      4.25                      4.20   0.05     5.27

SNOWFALL (IN)
  YESTERDAY        0.0          11.0  1929   0.4   -0.4      0.0
  MONTH TO DATE   10.1                       9.3    0.8     22.2
  SINCE DEC 1     35.0                      40.9   -5.9     38.9
  SINCE JUL 1     35.0                      44.0   -9.0     41.2
  SNOW DEPTH       0

DEGREE DAYS
 HEATING
  YESTERDAY        8                        38    -30       34
  MONTH TO DATE  715                       838   -123      758
  SINCE DEC 1   3239                      3285    -46     2885
  SINCE JUL 1   4353                      4689   -336     4041

 COOLING
  YESTERDAY        0                         0      0        0
  MONTH TO DATE    0                         0      0        0
  SINCE DEC 1      0                         0      0        0
  SINCE JAN 1      0                         0      0        0
..................................................................


WIND (MPH)
  HIGHEST WIND SPEED    29   HIGHEST WIND DIRECTION     W (290)
  HIGHEST GUST SPEED    38   HIGHEST GUST DIRECTION     W (290)
  AVERAGE WIND SPEED    12.3


SKY COVER
  AVERAGE SKY COVER 0.7



RELATIVE HUMIDITY (PERCENT)
 HIGHEST    86
 LOWEST     57
 AVERAGE    72

..........................................................


THE ALBANY NY CLIMATE NORMALS FOR TODAY
                         NORMAL    RECORD    YEAR
 MAXIMUM TEMPERATURE (F)   36        68      1997
 MINIMUM TEMPERATURE (F)   19        -8      1963


SUNRISE AND SUNSET
FEBRUARY 22 2018......SUNRISE   642 AM EST   SUNSET   536 PM EST
FEBRUARY 23 2018......SUNRISE   640 AM EST   SUNSET   537 PM EST


-  INDICATES NEGATIVE NUMBERS.
R  INDICATES RECORD WAS SET OR TIED.
MM INDICATES DATA IS MISSING.
T  INDICATES TRACE AMOUNT.




$$
