000
CDUS41 KALY 240622
CLIALB


CLIMATE REPORT
NATIONAL WEATHER SERVICE ALBANY NY
121 AM EST TUE FEB 24 2015


...................................

...THE ALBANY NY CLIMATE SUMMARY FOR FEBRUARY 23 2015...

CLIMATE NORMAL PERIOD 1981 TO 2010
CLIMATE RECORD PERIOD 1874 TO 2015


WEATHER ITEM   OBSERVED TIME   RECORD YEAR NORMAL DEPARTURE LAST
                VALUE   (LST)  VALUE       VALUE  FROM      YEAR
                                                  NORMAL
..................................................................
TEMPERATURE (F)
 YESTERDAY
  MAXIMUM         26    159 AM  62    1984  37    -11       46
  MINIMUM         -3   1159 PM -16    1972  19    -22       29
  AVERAGE         12                        28    -16       38

PRECIPITATION (IN)
  YESTERDAY        T             0.90 1935   0.08  -0.08     0.00
  MONTH TO DATE    2.15                      1.77   0.38     3.47
  SINCE DEC 1      9.69                      7.29   2.40     9.16
  SINCE JAN 1      4.32                      4.36  -0.04     5.78

SNOWFALL (IN)
  YESTERDAY        T             6.9  1935   0.4   -0.4      0.0
  MONTH TO DATE   30.6                      10.3   20.3     27.7
  SINCE DEC 1     58.3                      41.6   16.7     62.7
  SINCE JUL 1     70.6                      44.4   26.2     64.8
  SNOW DEPTH      12

DEGREE DAYS
 HEATING
  YESTERDAY       53                        37     16       27
  MONTH TO DATE 1199                       912    287      964
  SINCE DEC 1   3595                      3359    236     3511
  SINCE JUL 1   4870                      4763    107     4881

 COOLING
  YESTERDAY        0                         0      0        0
  MONTH TO DATE    0                         0      0        0
  SINCE DEC 1      0                         0      0        0
  SINCE JAN 1      0                         0      0        0
..................................................................


WIND (MPH)
  HIGHEST WIND SPEED    29   HIGHEST WIND DIRECTION     W (290)
  HIGHEST GUST SPEED    37   HIGHEST GUST DIRECTION     W (290)
  AVERAGE WIND SPEED    15.0


SKY COVER
  AVERAGE SKY COVER 0.4



RELATIVE HUMIDITY (PERCENT)
 HIGHEST    68
 LOWEST     45
 AVERAGE    57

..........................................................


THE ALBANY NY CLIMATE NORMALS FOR TODAY
                         NORMAL    RECORD    YEAR
 MAXIMUM TEMPERATURE (F)   37        65      1985
 MINIMUM TEMPERATURE (F)   19       -11      1894


SUNRISE AND SUNSET
FEBRUARY 24 2015......SUNRISE   639 AM EST   SUNSET   538 PM EST
FEBRUARY 25 2015......SUNRISE   638 AM EST   SUNSET   539 PM EST


-  INDICATES NEGATIVE NUMBERS.
R  INDICATES RECORD WAS SET OR TIED.
MM INDICATES DATA IS MISSING.
T  INDICATES TRACE AMOUNT.




$$
