000
CDUS41 KALY 312045
CLIALB


CLIMATE REPORT
NATIONAL WEATHER SERVICE ALBANY NY
445 PM EDT SUN MAY 31 2015


...................................

...THE ALBANY NY CLIMATE SUMMARY FOR MAY 31 2015...
VALID TODAY AS OF 0400 PM LOCAL TIME.

CLIMATE NORMAL PERIOD 1981 TO 2010
CLIMATE RECORD PERIOD 1874 TO 2015


WEATHER ITEM   OBSERVED TIME   RECORD YEAR NORMAL DEPARTURE LAST
                VALUE   (LST)  VALUE       VALUE  FROM      YEAR
                                                  NORMAL
..................................................................
TEMPERATURE (F)
 TODAY
  MAXIMUM         71   1231 AM  92    2013  74     -3       71
                                      1937
  MINIMUM         52   1104 AM  34    1961  52      0       46
  AVERAGE         62                        63     -1       59

PRECIPITATION (IN)
  TODAY            0.09          1.67 1998   0.13  -0.04     0.00
  MONTH TO DATE    0.88                      3.61  -2.73     2.61
  SINCE MAR 1      4.23                      9.99  -5.76     7.77
  SINCE JAN 1      8.55                     14.78  -6.23    13.56

SNOWFALL (IN)
  TODAY            0.0           0.0    MM   0.0    0.0      0.0
  MONTH TO DATE    0.0                       0.1   -0.1      0.0
  SINCE MAR 1      5.3                      12.6   -7.3      8.3
  SINCE JUL 1     75.9                      59.1   16.8     73.5
  SNOW DEPTH       0

DEGREE DAYS
 HEATING
  TODAY            3                         4     -1        6
  MONTH TO DATE   94                       234   -140      177
  SINCE MAR 1   1690                      1684      6     1849
  SINCE JUL 1   6820                      6628    192     6966

 COOLING
  TODAY            0                         2     -2        0
  MONTH TO DATE  123                        26     97       29
  SINCE MAR 1    123                        30     93       35
  SINCE JAN 1    123                        30     93       35
..................................................................


WIND (MPH)
  HIGHEST WIND SPEED    23   HIGHEST WIND DIRECTION     N (20)
  HIGHEST GUST SPEED    30   HIGHEST GUST DIRECTION     N (20)
  AVERAGE WIND SPEED    12.7


SKY COVER
  AVERAGE SKY COVER 0.9



RELATIVE HUMIDITY (PERCENT)
 HIGHEST    90           100 AM
 LOWEST     67           100 PM
 AVERAGE    79

..........................................................


THE ALBANY NY CLIMATE NORMALS FOR TOMORROW
                         NORMAL    RECORD    YEAR
 MAXIMUM TEMPERATURE (F)   74        94      1918
 MINIMUM TEMPERATURE (F)   52        35      1945


SUNRISE AND SUNSET
MAY 31 2015...........SUNRISE   520 AM EDT   SUNSET   826 PM EDT
JUNE  1 2015..........SUNRISE   520 AM EDT   SUNSET   827 PM EDT


-  INDICATES NEGATIVE NUMBERS.
R  INDICATES RECORD WAS SET OR TIED.
MM INDICATES DATA IS MISSING.
T  INDICATES TRACE AMOUNT.




$$
