000
CDUS41 KALY 010621
CLIALB


CLIMATE REPORT
NATIONAL WEATHER SERVICE ALBANY NY
221 AM EDT TUE SEP 1 2015


...................................

...THE ALBANY NY CLIMATE SUMMARY FOR AUGUST 31 2015...

CLIMATE NORMAL PERIOD 1981 TO 2010
CLIMATE RECORD PERIOD 1874 TO 2015


WEATHER ITEM   OBSERVED TIME   RECORD YEAR NORMAL DEPARTURE LAST
                VALUE   (LST)  VALUE       VALUE  FROM      YEAR
                                                  NORMAL
..................................................................
TEMPERATURE (F)
 YESTERDAY
  MAXIMUM         87    225 PM  93    1953  78      9       79
  MINIMUM         64    417 AM  37    1965  57      7       69
  AVERAGE         76                        68      8       74

PRECIPITATION (IN)
  YESTERDAY        0.00          4.08 1950   0.09  -0.09     0.04
  MONTH TO DATE    4.30                      3.46   0.84     1.58
  SINCE JUN 1     14.42                     11.37   3.05    13.22
  SINCE JAN 1     23.14                     26.15  -3.01    26.78

DEGREE DAYS
 HEATING
  YESTERDAY        0                         1     -1        0
  MONTH TO DATE    0                        14    -14        8
  SINCE JUN 1     52                        75    -23       20
  SINCE JUL 1      1                        23    -22        8

 COOLING
  YESTERDAY       11                         4      7        9
  MONTH TO DATE  259                       177     82      147
  SINCE JUN 1    625                       513    112      532
  SINCE JAN 1    748                       543    205      567
..................................................................


WIND (MPH)
  HIGHEST WIND SPEED    20   HIGHEST WIND DIRECTION    NW (300)
  HIGHEST GUST SPEED    27   HIGHEST GUST DIRECTION     W (290)
  AVERAGE WIND SPEED     6.8


SKY COVER
  AVERAGE SKY COVER 0.3



RELATIVE HUMIDITY (PERCENT)
 HIGHEST    93
 LOWEST     48
 AVERAGE    71

..........................................................


THE ALBANY NY CLIMATE NORMALS FOR TODAY
                         NORMAL    RECORD    YEAR
 MAXIMUM TEMPERATURE (F)   77        96      1953
 MINIMUM TEMPERATURE (F)   57        41      1967


SUNRISE AND SUNSET
SEPTEMBER  1 2015.....SUNRISE   620 AM EDT   SUNSET   730 PM EDT
SEPTEMBER  2 2015.....SUNRISE   621 AM EDT   SUNSET   728 PM EDT


-  INDICATES NEGATIVE NUMBERS.
R  INDICATES RECORD WAS SET OR TIED.
MM INDICATES DATA IS MISSING.
T  INDICATES TRACE AMOUNT.




$$
