000
CDUS41 KALY 300623
CLIALB


CLIMATE REPORT
NATIONAL WEATHER SERVICE ALBANY NY
222 AM EDT TUE JUN 30 2015


...................................

...THE ALBANY NY CLIMATE SUMMARY FOR JUNE 29 2015...

CLIMATE NORMAL PERIOD 1981 TO 2010
CLIMATE RECORD PERIOD 1874 TO 2015


WEATHER ITEM   OBSERVED TIME   RECORD YEAR NORMAL DEPARTURE LAST
                VALUE   (LST)  VALUE       VALUE  FROM      YEAR
                                                  NORMAL
..................................................................
TEMPERATURE (F)
 YESTERDAY
  MAXIMUM         74   1150 AM  96    1944  81     -7       87
  MINIMUM         58    310 AM  44    1970  60     -2       64
  AVERAGE         66                        70     -4       76

PRECIPITATION (IN)
  YESTERDAY        0.01          1.77 2005   0.12  -0.11     0.00
  MONTH TO DATE    6.63                      3.67   2.96     4.77
  SINCE JUN 1      6.63                      3.67   2.96     4.77
  SINCE JAN 1     15.35                     18.45  -3.10    18.33

DEGREE DAYS
 HEATING
  YESTERDAY        0                         0      0        0
  MONTH TO DATE   50                        53     -3       12
  SINCE JUN 1     50                        53     -3       12
  SINCE JUL 1   6872                      6681    191     6978

 COOLING
  YESTERDAY        1                         6     -5       11
  MONTH TO DATE  111                       111      0      136
  SINCE JUN 1    111                       111      0      136
  SINCE JAN 1    234                       141     93      171
..................................................................


WIND (MPH)
  HIGHEST WIND SPEED    17   HIGHEST WIND DIRECTION    SW (230)
  HIGHEST GUST SPEED    22   HIGHEST GUST DIRECTION    SW (230)
  AVERAGE WIND SPEED     5.9


SKY COVER
  AVERAGE SKY COVER 0.7



RELATIVE HUMIDITY (PERCENT)
 HIGHEST    90
 LOWEST     53
 AVERAGE    72

..........................................................


THE ALBANY NY CLIMATE NORMALS FOR TODAY
                         NORMAL    RECORD    YEAR
 MAXIMUM TEMPERATURE (F)   81        98      1964
 MINIMUM TEMPERATURE (F)   60        47      1938


SUNRISE AND SUNSET
JUNE 30 2015..........SUNRISE   520 AM EDT   SUNSET   837 PM EDT
JULY  1 2015..........SUNRISE   521 AM EDT   SUNSET   837 PM EDT


-  INDICATES NEGATIVE NUMBERS.
R  INDICATES RECORD WAS SET OR TIED.
MM INDICATES DATA IS MISSING.
T  INDICATES TRACE AMOUNT.




$$
