258
CDUS41 KALY 260624
CLIALB


CLIMATE REPORT
NATIONAL WEATHER SERVICE ALBANY NY
223 AM EDT TUE APR 26 2016


...................................

...THE ALBANY NY CLIMATE SUMMARY FOR APRIL 25 2016...

CLIMATE NORMAL PERIOD 1981 TO 2010
CLIMATE RECORD PERIOD 1874 TO 2016


WEATHER ITEM   OBSERVED TIME   RECORD YEAR NORMAL DEPARTURE LAST
                VALUE   (LST)  VALUE       VALUE  FROM      YEAR
                                                  NORMAL
..................................................................
TEMPERATURE (F)
 YESTERDAY
  MAXIMUM         59    251 PM  89    2009  63     -4       57
  MINIMUM         45    517 AM  23    1965  41      4       30
  AVERAGE         52                        52      0       44

PRECIPITATION (IN)
  YESTERDAY        T             1.75 1945   0.10  -0.10     0.00
  MONTH TO DATE    1.33                      2.63  -1.30     2.08
  SINCE MAR 1      2.51                      5.84  -3.33     3.33
  SINCE JAN 1      7.82                     10.63  -2.81     7.65

SNOWFALL (IN)
  YESTERDAY        0.0           0.3  1928   0.1   -0.1      0.0
  MONTH TO DATE    6.4                       2.2    4.2       T
  SINCE MAR 1      6.6                      13.2   -6.6      5.3
  SINCE JUL 1     16.9                      60.1  -43.2     75.9
  SNOW DEPTH       0

DEGREE DAYS
 HEATING
  YESTERDAY       13                        14     -1       21
  MONTH TO DATE  483                       457     26      458
  SINCE MAR 1   1165                      1386   -221     1543
  SINCE JUL 1   5094                      6330  -1236     6673

 COOLING
  YESTERDAY        0                         0      0        0
  MONTH TO DATE    2                         0      2        0
  SINCE MAR 1      2                         0      2        0
  SINCE JAN 1      2                         0      2        0
..................................................................


WIND (MPH)
  HIGHEST WIND SPEED    14   HIGHEST WIND DIRECTION    NW (300)
  HIGHEST GUST SPEED    18   HIGHEST GUST DIRECTION    NW (310)
  AVERAGE WIND SPEED     5.1


SKY COVER
  AVERAGE SKY COVER 1.0



RELATIVE HUMIDITY (PERCENT)
 HIGHEST    48
 LOWEST     24
 AVERAGE    36

..........................................................


THE ALBANY NY CLIMATE NORMALS FOR TODAY
                         NORMAL    RECORD    YEAR
 MAXIMUM TEMPERATURE (F)   63        90      1990
 MINIMUM TEMPERATURE (F)   41        24      1972


SUNRISE AND SUNSET
APRIL 26 2016.........SUNRISE   556 AM EDT   SUNSET   751 PM EDT
APRIL 27 2016.........SUNRISE   555 AM EDT   SUNSET   752 PM EDT


-  INDICATES NEGATIVE NUMBERS.
R  INDICATES RECORD WAS SET OR TIED.
MM INDICATES DATA IS MISSING.
T  INDICATES TRACE AMOUNT.




$$
