000
CDUS41 KALY 230622
CLIALB


CLIMATE REPORT
NATIONAL WEATHER SERVICE ALBANY NY
222 AM EDT MON MAR 23 2015


...................................

...THE ALBANY NY CLIMATE SUMMARY FOR MARCH 22 2015...

CLIMATE NORMAL PERIOD 1981 TO 2010
CLIMATE RECORD PERIOD 1874 TO 2015


WEATHER ITEM   OBSERVED TIME   RECORD YEAR NORMAL DEPARTURE LAST
                VALUE   (LST)  VALUE       VALUE  FROM      YEAR
                                                  NORMAL
..................................................................
TEMPERATURE (F)
 YESTERDAY
  MAXIMUM         33   1228 AM  81    2012  47    -14       50
  MINIMUM         17   1159 PM   2    1875  28    -11       23
  AVERAGE         25                        37    -12       37

PRECIPITATION (IN)
  YESTERDAY        0.00          1.66 1999   0.12  -0.12      T
  MONTH TO DATE    0.38                      2.24  -1.86     0.98
  SINCE MAR 1      0.38                      2.24  -1.86     0.98
  SINCE JAN 1      4.70                      7.03  -2.33     6.77

SNOWFALL (IN)
  YESTERDAY        0.0           7.0  1887   0.2   -0.2       T
  MONTH TO DATE    3.2                       8.2   -5.0      5.9
  SINCE MAR 1      3.2                       8.2   -5.0      5.9
  SINCE JUL 1     73.8                      54.7   19.1     71.1
  SNOW DEPTH       0

DEGREE DAYS
 HEATING
  YESTERDAY       40                        28     12       28
  MONTH TO DATE  790                       698     92      856
  SINCE MAR 1    790                       698     92      856
  SINCE JUL 1   5920                      5642    278     5973

 COOLING
  YESTERDAY        0                         0      0        0
  MONTH TO DATE    0                         0      0        0
  SINCE MAR 1      0                         0      0        0
  SINCE JAN 1      0                         0      0        0
..................................................................


WIND (MPH)
  HIGHEST WIND SPEED    29   HIGHEST WIND DIRECTION     W (280)
  HIGHEST GUST SPEED    36   HIGHEST GUST DIRECTION     W (280)
  AVERAGE WIND SPEED    15.2


SKY COVER
  AVERAGE SKY COVER 0.3



RELATIVE HUMIDITY (PERCENT)
 HIGHEST    63
 LOWEST     25
 AVERAGE    44

..........................................................


THE ALBANY NY CLIMATE NORMALS FOR TODAY
                         NORMAL    RECORD    YEAR
 MAXIMUM TEMPERATURE (F)   47        80      1938
 MINIMUM TEMPERATURE (F)   28        -4      1875


SUNRISE AND SUNSET
MARCH 23 2015.........SUNRISE   654 AM EDT   SUNSET   711 PM EDT
MARCH 24 2015.........SUNRISE   652 AM EDT   SUNSET   712 PM EDT


-  INDICATES NEGATIVE NUMBERS.
R  INDICATES RECORD WAS SET OR TIED.
MM INDICATES DATA IS MISSING.
T  INDICATES TRACE AMOUNT.




$$
