634
CDUS41 KALY 210623
CLIALB


CLIMATE REPORT
NATIONAL WEATHER SERVICE ALBANY NY
223 AM EDT WED SEP 21 2016


...................................

...THE ALBANY NY CLIMATE SUMMARY FOR SEPTEMBER 20 2016...

CLIMATE NORMAL PERIOD 1981 TO 2010
CLIMATE RECORD PERIOD 1874 TO 2016


WEATHER ITEM   OBSERVED TIME   RECORD YEAR NORMAL DEPARTURE LAST
                VALUE   (LST)  VALUE       VALUE  FROM      YEAR
                                                  NORMAL
..................................................................
TEMPERATURE (F)
 YESTERDAY
  MAXIMUM         84    340 PM  90    1946  71     13       72
  MINIMUM         59    636 AM  30    1979  50      9       52
  AVERAGE         72                        60     12       62

PRECIPITATION (IN)
  YESTERDAY        0.00          1.54 1977   0.12  -0.12     0.07
  MONTH TO DATE    1.82                      2.10  -0.28     3.04
  SINCE SEP 1      1.82                      2.10  -0.28     3.04
  SINCE JAN 1     25.27                     28.25  -2.98    26.18

DEGREE DAYS
 HEATING
  YESTERDAY        0                         6     -6        3
  MONTH TO DATE   13                        64    -51        5
  SINCE SEP 1     13                        64    -51        5
  SINCE JUL 1     14                        87    -73        6

 COOLING
  YESTERDAY        7                         1      6        0
  MONTH TO DATE  101                        44     57      149
  SINCE SEP 1    101                        44     57      149
  SINCE JAN 1    889                       587    302      897
..................................................................


WIND (MPH)
  HIGHEST WIND SPEED     9   HIGHEST WIND DIRECTION     S (180)
  HIGHEST GUST SPEED    13   HIGHEST GUST DIRECTION     S (170)
  AVERAGE WIND SPEED     3.3


SKY COVER
  AVERAGE SKY COVER 0.5



RELATIVE HUMIDITY (PERCENT)
 HIGHEST   100
 LOWEST     47
 AVERAGE    74

..........................................................


THE ALBANY NY CLIMATE NORMALS FOR TODAY
                         NORMAL    RECORD    YEAR
 MAXIMUM TEMPERATURE (F)   70        95      1895
 MINIMUM TEMPERATURE (F)   50        29      1973


SUNRISE AND SUNSET
SEPTEMBER 21 2016.....SUNRISE   642 AM EDT   SUNSET   653 PM EDT
SEPTEMBER 22 2016.....SUNRISE   643 AM EDT   SUNSET   652 PM EDT


-  INDICATES NEGATIVE NUMBERS.
R  INDICATES RECORD WAS SET OR TIED.
MM INDICATES DATA IS MISSING.
T  INDICATES TRACE AMOUNT.




$$
