000
CDUS41 KALY 010626
CLIALB


CLIMATE REPORT
NATIONAL WEATHER SERVICE ALBANY NY
225 AM EDT SUN MAY 1 2016


...................................

...THE ALBANY NY CLIMATE SUMMARY FOR APRIL 30 2016...

CLIMATE NORMAL PERIOD 1981 TO 2010
CLIMATE RECORD PERIOD 1874 TO 2016


WEATHER ITEM   OBSERVED TIME   RECORD YEAR NORMAL DEPARTURE LAST
                VALUE   (LST)  VALUE       VALUE  FROM      YEAR
                                                  NORMAL
..................................................................
TEMPERATURE (F)
 YESTERDAY
  MAXIMUM         66    352 PM  86    1903  64      2       69
  MINIMUM         44    420 AM  25    1874  42      2       42
  AVERAGE         55                        53      2       56

PRECIPITATION (IN)
  YESTERDAY        0.00          1.06 1935   0.11  -0.11     0.00
  MONTH TO DATE    1.84                      3.17  -1.33     2.10
  SINCE MAR 1      3.02                      6.38  -3.36     3.35
  SINCE JAN 1      8.33                     11.17  -2.84     7.67

SNOWFALL (IN)
  YESTERDAY        0.0           T    2008   0.0    0.0      0.0
  MONTH TO DATE    6.4                       2.3    4.1       T
  SINCE MAR 1      6.6                      13.3   -6.7      5.3
  SINCE JUL 1     16.9                      60.2  -43.3     75.9
  SNOW DEPTH       0

DEGREE DAYS
 HEATING
  YESTERDAY       10                        12     -2        9
  MONTH TO DATE  569                       520     49      511
  SINCE MAR 1   1251                      1449   -198     1596
  SINCE JUL 1   5180                      6393  -1213     6726

 COOLING
  YESTERDAY        0                         0      0        0
  MONTH TO DATE    2                         4     -2        0
  SINCE MAR 1      2                         4     -2        0
  SINCE JAN 1      2                         4     -2        0
..................................................................


WIND (MPH)
  HIGHEST WIND SPEED    13   HIGHEST WIND DIRECTION     S (200)
  HIGHEST GUST SPEED    16   HIGHEST GUST DIRECTION     S (200)
  AVERAGE WIND SPEED     4.9


SKY COVER
  AVERAGE SKY COVER 0.7



RELATIVE HUMIDITY (PERCENT)
 HIGHEST    76
 LOWEST     29
 AVERAGE    53

..........................................................


THE ALBANY NY CLIMATE NORMALS FOR TODAY
                         NORMAL    RECORD    YEAR
 MAXIMUM TEMPERATURE (F)   65        86      2001
 MINIMUM TEMPERATURE (F)   43        28      2008
                                             1961


SUNRISE AND SUNSET
MAY  1 2016...........SUNRISE   549 AM EDT   SUNSET   756 PM EDT
MAY  2 2016...........SUNRISE   548 AM EDT   SUNSET   757 PM EDT


-  INDICATES NEGATIVE NUMBERS.
R  INDICATES RECORD WAS SET OR TIED.
MM INDICATES DATA IS MISSING.
T  INDICATES TRACE AMOUNT.




$$
