000
CDUS41 KALY 192147
CLIALB


CLIMATE REPORT
NATIONAL WEATHER SERVICE ALBANY NY
447 PM EST MON FEB 19 2018


...................................

...THE ALBANY NY CLIMATE SUMMARY FOR FEBRUARY 19 2018...
VALID TODAY AS OF 0400 PM LOCAL TIME.

CLIMATE NORMAL PERIOD 1981 TO 2010
CLIMATE RECORD PERIOD 1874 TO 2018


WEATHER ITEM   OBSERVED TIME   RECORD YEAR NORMAL DEPARTURE LAST
                VALUE   (LST)  VALUE       VALUE  FROM      YEAR
                                                  NORMAL
..................................................................
TEMPERATURE (F)
 TODAY
  MAXIMUM         44    139 PM  66    1981  36      8       52
  MINIMUM         23   1242 AM  -7    1878  18      5       31
  AVERAGE         34                        27      7       42

PRECIPITATION (IN)
  TODAY            0.03          0.90 1908   0.07  -0.04     0.00
  MONTH TO DATE    1.59                      1.45   0.14     2.14
  SINCE DEC 1      5.91                      6.97  -1.06     7.02
  SINCE JAN 1      3.98                      4.04  -0.06     5.27

SNOWFALL (IN)
  TODAY           MM            11.4  1972   0.4   MM        0.0
  MONTH TO DATE   10.1                       8.5    1.6     22.2
  SINCE DEC 1     35.0                      40.1   -5.1     38.9
  SINCE JUL 1     35.0                      43.2   -8.2     41.2
  SNOW DEPTH       0

DEGREE DAYS
 HEATING
  TODAY           31                        38     -7       23
  MONTH TO DATE  695                       762    -67      694
  SINCE DEC 1   3219                      3209     10     2821
  SINCE JUL 1   4333                      4613   -280     3977

 COOLING
  TODAY            0                         0      0        0
  MONTH TO DATE    0                         0      0        0
  SINCE DEC 1      0                         0      0        0
  SINCE JAN 1      0                         0      0        0
..................................................................


WIND (MPH)
  HIGHEST WIND SPEED    26   HIGHEST WIND DIRECTION     S (180)
  HIGHEST GUST SPEED    34   HIGHEST GUST DIRECTION     S (180)
  AVERAGE WIND SPEED    12.6


SKY COVER
  AVERAGE SKY COVER 0.5



RELATIVE HUMIDITY (PERCENT)
 HIGHEST    75           100 AM
 LOWEST     53          1100 AM
 AVERAGE    64

..........................................................


THE ALBANY NY CLIMATE NORMALS FOR TOMORROW
                         NORMAL    RECORD    YEAR
 MAXIMUM TEMPERATURE (F)   36        66      1930
 MINIMUM TEMPERATURE (F)   18       -16      1966


SUNRISE AND SUNSET
FEBRUARY 19 2018......SUNRISE   647 AM EST   SUNSET   532 PM EST
FEBRUARY 20 2018......SUNRISE   645 AM EST   SUNSET   533 PM EST


-  INDICATES NEGATIVE NUMBERS.
R  INDICATES RECORD WAS SET OR TIED.
MM INDICATES DATA IS MISSING.
T  INDICATES TRACE AMOUNT.




$$
