000
CDUS41 KALY 222055
CLIALB


CLIMATE REPORT
NATIONAL WEATHER SERVICE ALBANY NY
455 PM EDT MON AUG 22 2016


...................................

...THE ALBANY NY CLIMATE SUMMARY FOR AUGUST 22 2016...
VALID TODAY AS OF 0400 PM LOCAL TIME.

CLIMATE NORMAL PERIOD 1981 TO 2010
CLIMATE RECORD PERIOD 1874 TO 2016


WEATHER ITEM   OBSERVED TIME   RECORD YEAR NORMAL DEPARTURE LAST
                VALUE   (LST)  VALUE       VALUE  FROM      YEAR
                                                  NORMAL
..................................................................
TEMPERATURE (F)
 TODAY
  MAXIMUM         73    246 PM  93    1916  80     -7       82
  MINIMUM         60    524 AM  39    1982  59      1       57
  AVERAGE         67                        70     -3       70

PRECIPITATION (IN)
  TODAY            0.00          1.44 1887   0.10  -0.10     0.00
  MONTH TO DATE    3.62                      2.56   1.06     3.85
  SINCE JUN 1     12.37                     10.47   1.90    13.97
  SINCE JAN 1     23.13                     25.25  -2.12    22.69

DEGREE DAYS
 HEATING
  TODAY            0                         1     -1        0
  MONTH TO DATE    0                         5     -5        0
  SINCE JUN 1     38                        62    -24       52
  SINCE JUL 1      0                        10    -10        1

 COOLING
  TODAY            2                         5     -3        5
  MONTH TO DATE  224                       138     86      200
  SINCE JUN 1    652                       474    178      566
  SINCE JAN 1    727                       504    223      689
..................................................................


WIND (MPH)
  HIGHEST WIND SPEED    23   HIGHEST WIND DIRECTION     W (290)
  HIGHEST GUST SPEED    31   HIGHEST GUST DIRECTION     W (280)
  AVERAGE WIND SPEED    11.0


SKY COVER
  AVERAGE SKY COVER 0.4



RELATIVE HUMIDITY (PERCENT)
 HIGHEST    97           500 AM
 LOWEST     44           300 PM
 AVERAGE    71

..........................................................


THE ALBANY NY CLIMATE NORMALS FOR TOMORROW
                         NORMAL    RECORD    YEAR
 MAXIMUM TEMPERATURE (F)   80        94      1947
 MINIMUM TEMPERATURE (F)   59        44      1988


SUNRISE AND SUNSET
AUGUST 22 2016........SUNRISE   610 AM EDT   SUNSET   745 PM EDT
AUGUST 23 2016........SUNRISE   611 AM EDT   SUNSET   744 PM EDT


-  INDICATES NEGATIVE NUMBERS.
R  INDICATES RECORD WAS SET OR TIED.
MM INDICATES DATA IS MISSING.
T  INDICATES TRACE AMOUNT.




$$
