000
CDUS41 KALY 172209
CLIALB


CLIMATE REPORT
NATIONAL WEATHER SERVICE ALBANY NY
507 PM EST FRI FEB 17 2017


...................................

...THE ALBANY NY CLIMATE SUMMARY FOR FEBRUARY 17 2017...
VALID TODAY AS OF 0400 PM LOCAL TIME.

CLIMATE NORMAL PERIOD 1981 TO 2010
CLIMATE RECORD PERIOD 1874 TO 2017


WEATHER ITEM   OBSERVED TIME   RECORD YEAR NORMAL DEPARTURE LAST
                VALUE   (LST)  VALUE       VALUE  FROM      YEAR
                                                  NORMAL
..................................................................
TEMPERATURE (F)
 TODAY
  MAXIMUM         34    403 PM  60    1981  35     -1       37
  MINIMUM         21    711 AM -16    1973  18      3       28
  AVERAGE         28                        26      2       33

PRECIPITATION (IN)
  TODAY            T             1.09 1954   0.07  -0.07      T
  MONTH TO DATE    2.14                      1.30   0.84     1.47
  SINCE DEC 1      7.02                      6.82   0.20     6.38
  SINCE JAN 1      5.27                      3.89   1.38     2.71

SNOWFALL (IN)
  TODAY            0.0          11.9  2003   0.5   -0.5       T
  MONTH TO DATE   22.2                       7.7   14.5      4.5
  SINCE DEC 1     38.9                      39.3   -0.4     10.0
  SINCE JUL 1     41.2                      42.4   -1.2     10.0
  SNOW DEPTH       6

DEGREE DAYS
 HEATING
  TODAY           37                        39     -2       32
  MONTH TO DATE  641                       686    -45      629
  SINCE DEC 1   2768                      3133   -365     2487
  SINCE JUL 1   3924                      4537   -613     3570

 COOLING
  TODAY            0                         0      0        0
  MONTH TO DATE    0                         0      0        0
  SINCE DEC 1      0                         0      0        0
  SINCE JAN 1      0                         0      0        0
..................................................................


WIND (MPH)
  HIGHEST WIND SPEED    24   HIGHEST WIND DIRECTION    NW (310)
  HIGHEST GUST SPEED    30   HIGHEST GUST DIRECTION    NW (310)
  AVERAGE WIND SPEED    15.8


SKY COVER
  AVERAGE SKY COVER 0.5



RELATIVE HUMIDITY (PERCENT)
 HIGHEST    68          1200 AM
 LOWEST     47           300 PM
 AVERAGE    58

..........................................................


THE ALBANY NY CLIMATE NORMALS FOR TOMORROW
                         NORMAL    RECORD    YEAR
 MAXIMUM TEMPERATURE (F)   35        63      1981
 MINIMUM TEMPERATURE (F)   18       -21      1973


SUNRISE AND SUNSET
FEBRUARY 17 2017......SUNRISE   649 AM EST   SUNSET   530 PM EST
FEBRUARY 18 2017......SUNRISE   648 AM EST   SUNSET   531 PM EST


-  INDICATES NEGATIVE NUMBERS.
R  INDICATES RECORD WAS SET OR TIED.
MM INDICATES DATA IS MISSING.
T  INDICATES TRACE AMOUNT.




$$
