000
CDUS41 KALY 180631
CLIALB


CLIMATE REPORT
NATIONAL WEATHER SERVICE ALBANY NY
230 AM EDT SAT OCT 18 2014


...................................

...THE ALBANY NY CLIMATE SUMMARY FOR OCTOBER 17 2014...

CLIMATE NORMAL PERIOD 1981 TO 2010
CLIMATE RECORD PERIOD 1874 TO 2014


WEATHER ITEM   OBSERVED TIME   RECORD YEAR NORMAL DEPARTURE LAST
                VALUE   (LST)  VALUE       VALUE  FROM      YEAR
                                                  NORMAL
..................................................................
TEMPERATURE (F)
 YESTERDAY
  MAXIMUM         73    131 PM  85    1947  59     14       70
  MINIMUM         53    618 AM  21    1940  39     14       57
  AVERAGE         63                        49     14       64

PRECIPITATION (IN)
  YESTERDAY        T             1.90 1977   0.12  -0.12     0.10
  MONTH TO DATE    1.52                      2.07  -0.55     1.94
  SINCE SEP 1      2.41                      5.37  -2.96     6.75
  SINCE JAN 1     29.19                     31.52  -2.33    38.26

SNOWFALL (IN)
  YESTERDAY        0.0           T    1970   0.0    0.0      0.0
  MONTH TO DATE    0.0                       0.0    0.0      0.0
  SINCE SEP 1      0.0                       0.0    0.0      0.0
  SINCE JUL 1      0.0                       0.0    0.0      0.0
  SNOW DEPTH       0

DEGREE DAYS
 HEATING
  YESTERDAY        2                        16    -14        1
  MONTH TO DATE  123                       222    -99      102
  SINCE SEP 1    245                       366   -121      268
  SINCE JUL 1    253                       389   -136      274

 COOLING
  YESTERDAY        0                         0      0        0
  MONTH TO DATE   18                         0     18        0
  SINCE SEP 1     92                        51     41       65
  SINCE JAN 1    659                       594     65      763
..................................................................


WIND (MPH)
  HIGHEST WIND SPEED    15   HIGHEST WIND DIRECTION     W (270)
  HIGHEST GUST SPEED    19   HIGHEST GUST DIRECTION    SW (220)
  AVERAGE WIND SPEED     6.3


SKY COVER
  AVERAGE SKY COVER 0.7



RELATIVE HUMIDITY (PERCENT)
 HIGHEST    93
 LOWEST     41
 AVERAGE    67

..........................................................


THE ALBANY NY CLIMATE NORMALS FOR TODAY
                         NORMAL    RECORD    YEAR
 MAXIMUM TEMPERATURE (F)   59        82      1968
 MINIMUM TEMPERATURE (F)   39        22      1978


SUNRISE AND SUNSET
OCTOBER 18 2014.......SUNRISE   712 AM EDT   SUNSET   608 PM EDT
OCTOBER 19 2014.......SUNRISE   713 AM EDT   SUNSET   607 PM EDT


-  INDICATES NEGATIVE NUMBERS.
R  INDICATES RECORD WAS SET OR TIED.
MM INDICATES DATA IS MISSING.
T  INDICATES TRACE AMOUNT.




$$
