000
CDUS41 KALY 020625
CLIALB


CLIMATE REPORT
NATIONAL WEATHER SERVICE ALBANY NY
123 AM EST MON MAR 2 2015


...................................

...THE ALBANY NY CLIMATE SUMMARY FOR MARCH 1 2015...

CLIMATE NORMAL PERIOD 1981 TO 2010
CLIMATE RECORD PERIOD 1874 TO 2015


WEATHER ITEM   OBSERVED TIME   RECORD YEAR NORMAL DEPARTURE LAST
                VALUE   (LST)  VALUE       VALUE  FROM      YEAR
                                                  NORMAL
..................................................................
TEMPERATURE (F)
 YESTERDAY
  MAXIMUM         26    304 PM  61    1991  39    -13       32
  MINIMUM          2    228 AM  -9    1948  21    -19        1
  AVERAGE         14                        30    -16       17

PRECIPITATION (IN)
  YESTERDAY        0.08          2.14 1900   0.09  -0.01     0.00
  MONTH TO DATE    0.08                      0.09  -0.01     0.00
  SINCE MAR 1      0.08                      0.09  -0.01     0.00
  SINCE JAN 1      4.40                      4.88  -0.48     5.79

SNOWFALL (IN)
  YESTERDAY        1.4          10.7  2005   0.4    1.0      0.0
  MONTH TO DATE    1.4                       0.4    1.0      0.0
  SINCE MAR 1      1.4                       0.4    1.0      0.0
  SINCE JUL 1     72.0                      46.9   25.1     65.2
  SNOW DEPTH      12

DEGREE DAYS
 HEATING
  YESTERDAY       51                        35     16       48
  MONTH TO DATE   51                        35     16       48
  SINCE MAR 1     51                        35     16       48
  SINCE JUL 1   5181                      4979    202     5165

 COOLING
  YESTERDAY        0                         0      0        0
  MONTH TO DATE    0                         0      0        0
  SINCE MAR 1      0                         0      0        0
  SINCE JAN 1      0                         0      0        0
..................................................................


WIND (MPH)
  HIGHEST WIND SPEED    21   HIGHEST WIND DIRECTION     S (180)
  HIGHEST GUST SPEED    29   HIGHEST GUST DIRECTION     S (170)
  AVERAGE WIND SPEED     5.3


SKY COVER
  AVERAGE SKY COVER 0.9



RELATIVE HUMIDITY (PERCENT)
 HIGHEST    81
 LOWEST     59
 AVERAGE    70

..........................................................


THE ALBANY NY CLIMATE NORMALS FOR TODAY
                         NORMAL    RECORD    YEAR
 MAXIMUM TEMPERATURE (F)   39        65      1991
 MINIMUM TEMPERATURE (F)   21        -4      1940


SUNRISE AND SUNSET
MARCH  2 2015.........SUNRISE   630 AM EST   SUNSET   546 PM EST
MARCH  3 2015.........SUNRISE   628 AM EST   SUNSET   547 PM EST


-  INDICATES NEGATIVE NUMBERS.
R  INDICATES RECORD WAS SET OR TIED.
MM INDICATES DATA IS MISSING.
T  INDICATES TRACE AMOUNT.




$$
