000
CDUS41 KALY 150623
CLIALB


CLIMATE REPORT
NATIONAL WEATHER SERVICE ALBANY NY
223 AM EDT SUN OCT 15 2017


...................................

...THE ALBANY NY CLIMATE SUMMARY FOR OCTOBER 14 2017...

CLIMATE NORMAL PERIOD 1981 TO 2010
CLIMATE RECORD PERIOD 1874 TO 2017


WEATHER ITEM   OBSERVED TIME   RECORD YEAR NORMAL DEPARTURE LAST
                VALUE   (LST)  VALUE       VALUE  FROM      YEAR
                                                  NORMAL
..................................................................
TEMPERATURE (F)
 YESTERDAY
  MAXIMUM         70   1252 PM  81    1920  61      9       57
  MINIMUM         54    548 AM  21    1958  40     14       34
  AVERAGE         62                        50     12       46

PRECIPITATION (IN)
  YESTERDAY        0.00          1.66 1901   0.13  -0.13     0.00
  MONTH TO DATE    0.72                      1.70  -0.98     0.11
  SINCE SEP 1      3.45                      5.00  -1.55     2.29
  SINCE JAN 1     35.25                     31.15   4.10    25.74

SNOWFALL (IN)
  YESTERDAY        0.0           0.0    MM   0.0    0.0      0.0
  MONTH TO DATE    0.0                       0.1   -0.1      0.0
  SINCE SEP 1      0.0                       0.1   -0.1      0.0
  SINCE JUL 1      0.0                       0.1   -0.1      0.0
  SNOW DEPTH       0

DEGREE DAYS
 HEATING
  YESTERDAY        3                        15    -12       19
  MONTH TO DATE   81                       175    -94      124
  SINCE SEP 1    174                       319   -145      190
  SINCE JUL 1    193                       342   -149      191

 COOLING
  YESTERDAY        0                         0      0        0
  MONTH TO DATE   14                         0     14        0
  SINCE SEP 1    134                        51     83      108
  SINCE JAN 1    709                       594    115      896
..................................................................


WIND (MPH)
  HIGHEST WIND SPEED     9   HIGHEST WIND DIRECTION     N (340)
  HIGHEST GUST SPEED    12   HIGHEST GUST DIRECTION     S (180)
  AVERAGE WIND SPEED     3.4


SKY COVER
  AVERAGE SKY COVER 0.8



RELATIVE HUMIDITY (PERCENT)
 HIGHEST    93
 LOWEST     61
 AVERAGE    77

..........................................................


THE ALBANY NY CLIMATE NORMALS FOR TODAY
                         NORMAL    RECORD    YEAR
 MAXIMUM TEMPERATURE (F)   60        86      1897
 MINIMUM TEMPERATURE (F)   40        27      1978


SUNRISE AND SUNSET
OCTOBER 15 2017.......SUNRISE   709 AM EDT   SUNSET   612 PM EDT
OCTOBER 16 2017.......SUNRISE   710 AM EDT   SUNSET   611 PM EDT


-  INDICATES NEGATIVE NUMBERS.
R  INDICATES RECORD WAS SET OR TIED.
MM INDICATES DATA IS MISSING.
T  INDICATES TRACE AMOUNT.




$$
