000
CDUS41 KALY 150628
CLIALB


CLIMATE REPORT
NATIONAL WEATHER SERVICE ALBANY NY
227 AM EDT SAT JUL 15 2017


...................................

...THE ALBANY NY CLIMATE SUMMARY FOR JULY 14 2017...

CLIMATE NORMAL PERIOD 1981 TO 2010
CLIMATE RECORD PERIOD 1874 TO 2017


WEATHER ITEM   OBSERVED TIME   RECORD YEAR NORMAL DEPARTURE LAST
                VALUE   (LST)  VALUE       VALUE  FROM      YEAR
                                                  NORMAL
..................................................................
TEMPERATURE (F)
 YESTERDAY
  MAXIMUM         70    328 PM  99    1995  83    -13       87
  MINIMUM         63    831 AM  49    1940  62      1       73
  AVERAGE         67                        72     -5       80

PRECIPITATION (IN)
  YESTERDAY        0.01          3.11 1897   0.13  -0.12     0.20
  MONTH TO DATE    1.57                      1.84  -0.27     3.07
  SINCE JUN 1      6.69                      5.63   1.06     5.38
  SINCE JAN 1     25.60                     20.41   5.19    16.14

DEGREE DAYS
 HEATING
  YESTERDAY        0                         0      0        0
  MONTH TO DATE    0                         0      0        0
  SINCE JUN 1     51                        52     -1       38
  SINCE JUL 1      0                         0      0        0

 COOLING
  YESTERDAY        2                         7     -5       15
  MONTH TO DATE  111                        95     16      114
  SINCE JUN 1    258                       213     45      257
  SINCE JAN 1    308                       243     65      332
..................................................................


WIND (MPH)
  HIGHEST WIND SPEED    17   HIGHEST WIND DIRECTION     S (160)
  HIGHEST GUST SPEED    26   HIGHEST GUST DIRECTION     S (170)
  AVERAGE WIND SPEED     8.0


SKY COVER
  AVERAGE SKY COVER 1.0



RELATIVE HUMIDITY (PERCENT)
 HIGHEST    93
 LOWEST     76
 AVERAGE    85

..........................................................


THE ALBANY NY CLIMATE NORMALS FOR TODAY
                         NORMAL    RECORD    YEAR
 MAXIMUM TEMPERATURE (F)   83        96      1997
 MINIMUM TEMPERATURE (F)   62        44      1950


SUNRISE AND SUNSET
JULY 15 2017..........SUNRISE   531 AM EDT   SUNSET   831 PM EDT
JULY 16 2017..........SUNRISE   532 AM EDT   SUNSET   831 PM EDT


-  INDICATES NEGATIVE NUMBERS.
R  INDICATES RECORD WAS SET OR TIED.
MM INDICATES DATA IS MISSING.
T  INDICATES TRACE AMOUNT.




$$
