000
CDUS41 KALY 230628
CLIALB


CLIMATE REPORT
NATIONAL WEATHER SERVICE ALBANY NY
227 AM EDT SAT AUG 23 2014


...................................

...THE ALBANY NY CLIMATE SUMMARY FOR AUGUST 22 2014...

CLIMATE NORMAL PERIOD 1981 TO 2010
CLIMATE RECORD PERIOD 1874 TO 2014


WEATHER ITEM   OBSERVED TIME   RECORD YEAR NORMAL DEPARTURE LAST
                VALUE   (LST)  VALUE       VALUE  FROM      YEAR
                                                  NORMAL
..................................................................
TEMPERATURE (F)
 YESTERDAY
  MAXIMUM         68    623 PM  93    1916  80    -12       87
  MINIMUM         64   1159 PM  39    1982  59      5       64
  AVERAGE         66                        70     -4       76

PRECIPITATION (IN)
  YESTERDAY        0.22          1.44 1887   0.10   0.12     0.16
  MONTH TO DATE    1.54                      2.56  -1.02     2.16
  SINCE JUN 1     13.18                     10.47   2.71    16.23
  SINCE JAN 1     26.74                     25.25   1.49    30.97

DEGREE DAYS
 HEATING
  YESTERDAY        0                         1     -1        0
  MONTH TO DATE    6                         5      1        4
  SINCE JUN 1     18                        62    -44       61
  SINCE JUL 1      6                        10     -4        6

 COOLING
  YESTERDAY        1                         5     -4       11
  MONTH TO DATE   99                       138    -39       95
  SINCE JUN 1    484                       474     10      589
  SINCE JAN 1    519                       504     15      638
..................................................................


WIND (MPH)
  HIGHEST WIND SPEED    10   HIGHEST WIND DIRECTION     S (180)
  HIGHEST GUST SPEED    14   HIGHEST GUST DIRECTION    SE (150)
  AVERAGE WIND SPEED     4.0


SKY COVER
  AVERAGE SKY COVER 1.0



RELATIVE HUMIDITY (PERCENT)
 HIGHEST    93
 LOWEST     78
 AVERAGE    86

..........................................................


THE ALBANY NY CLIMATE NORMALS FOR TODAY
                         NORMAL    RECORD    YEAR
 MAXIMUM TEMPERATURE (F)   80        94      1947
 MINIMUM TEMPERATURE (F)   59        44      1988


SUNRISE AND SUNSET
AUGUST 23 2014........SUNRISE   610 AM EDT   SUNSET   745 PM EDT
AUGUST 24 2014........SUNRISE   611 AM EDT   SUNSET   743 PM EDT


-  INDICATES NEGATIVE NUMBERS.
R  INDICATES RECORD WAS SET OR TIED.
MM INDICATES DATA IS MISSING.
T  INDICATES TRACE AMOUNT.




$$
