000
CDUS41 KALY 240627
CLIALB


CLIMATE REPORT
NATIONAL WEATHER SERVICE ALBANY NY
226 AM EDT SUN MAY 24 2015


...................................

...THE ALBANY NY CLIMATE SUMMARY FOR MAY 23 2015...

CLIMATE NORMAL PERIOD 1981 TO 2010
CLIMATE RECORD PERIOD 1874 TO 2015


WEATHER ITEM   OBSERVED TIME   RECORD YEAR NORMAL DEPARTURE LAST
                VALUE   (LST)  VALUE       VALUE  FROM      YEAR
                                                  NORMAL
..................................................................
TEMPERATURE (F)
 YESTERDAY
  MAXIMUM         65    322 PM  93    1964  72     -7       67
  MINIMUM         38    514 AM  36    1967  49    -11       54
  AVERAGE         52                        60     -8       61

PRECIPITATION (IN)
  YESTERDAY        0.00          1.43   MM   0.14  -0.14     0.01
  MONTH TO DATE    0.31                      2.60  -2.29     2.13
  SINCE MAR 1      3.66                      8.98  -5.32     7.29
  SINCE JAN 1      7.98                     13.77  -5.79    13.08

SNOWFALL (IN)
  YESTERDAY        0.0           0.0    MM   0.0    0.0      0.0
  MONTH TO DATE    0.0                       0.1   -0.1      0.0
  SINCE MAR 1      5.3                      12.6   -7.3      8.3
  SINCE JUL 1     75.9                      59.1   16.8     73.5
  SNOW DEPTH       0

DEGREE DAYS
 HEATING
  YESTERDAY       13                         6      7        4
  MONTH TO DATE   89                       196   -107      150
  SINCE MAR 1   1685                      1645     40     1822
  SINCE JUL 1   6815                      6589    226     6939

 COOLING
  YESTERDAY        0                         1     -1        0
  MONTH TO DATE   63                        12     51       15
  SINCE MAR 1     63                        16     47       21
  SINCE JAN 1     63                        16     47       21
..................................................................


WIND (MPH)
  HIGHEST WIND SPEED    21   HIGHEST WIND DIRECTION     W (280)
  HIGHEST GUST SPEED    28   HIGHEST GUST DIRECTION    NW (300)
  AVERAGE WIND SPEED     8.9


SKY COVER
  AVERAGE SKY COVER 0.1



RELATIVE HUMIDITY (PERCENT)
 HIGHEST    64
 LOWEST     24
 AVERAGE    44

..........................................................


THE ALBANY NY CLIMATE NORMALS FOR TODAY
                         NORMAL    RECORD    YEAR
 MAXIMUM TEMPERATURE (F)   72        92      1964
 MINIMUM TEMPERATURE (F)   50        29      1963


SUNRISE AND SUNSET
MAY 24 2015...........SUNRISE   525 AM EDT   SUNSET   820 PM EDT
MAY 25 2015...........SUNRISE   524 AM EDT   SUNSET   821 PM EDT


-  INDICATES NEGATIVE NUMBERS.
R  INDICATES RECORD WAS SET OR TIED.
MM INDICATES DATA IS MISSING.
T  INDICATES TRACE AMOUNT.




$$
