000
CDUS41 KALY 200627
CLIALB


CLIMATE REPORT
NATIONAL WEATHER SERVICE ALBANY NY
226 AM EDT WED JUL 20 2016


...................................

...THE ALBANY NY CLIMATE SUMMARY FOR JULY 19 2016...

CLIMATE NORMAL PERIOD 1981 TO 2010
CLIMATE RECORD PERIOD 1874 TO 2016


WEATHER ITEM   OBSERVED TIME   RECORD YEAR NORMAL DEPARTURE LAST
                VALUE   (LST)  VALUE       VALUE  FROM      YEAR
                                                  NORMAL
..................................................................
TEMPERATURE (F)
 YESTERDAY
  MAXIMUM         79   1235 PM  97    1904  83     -4       91
  MINIMUM         58   1159 PM  47    1875  62     -4       70
  AVERAGE         69                        72     -3       81

PRECIPITATION (IN)
  YESTERDAY        0.00          2.24 1966   0.13  -0.13     1.27
  MONTH TO DATE    3.16                      2.52   0.64     2.81
  SINCE JUN 1      5.47                      6.31  -0.84     9.51
  SINCE JAN 1     16.23                     21.09  -4.86    18.23

DEGREE DAYS
 HEATING
  YESTERDAY        0                         0      0        0
  MONTH TO DATE    0                         0      0        1
  SINCE JUN 1     38                        52    -14       52
  SINCE JUL 1      0                         0      0        1

 COOLING
  YESTERDAY        4                         7     -3       16
  MONTH TO DATE  164                       130     34      129
  SINCE JUN 1    307                       248     59      240
  SINCE JAN 1    382                       278    104      363
..................................................................


WIND (MPH)
  HIGHEST WIND SPEED    18   HIGHEST WIND DIRECTION    NW (330)
  HIGHEST GUST SPEED    25   HIGHEST GUST DIRECTION    NW (320)
  AVERAGE WIND SPEED     9.2


SKY COVER
  AVERAGE SKY COVER 0.4



RELATIVE HUMIDITY (PERCENT)
 HIGHEST    73
 LOWEST     35
 AVERAGE    54

..........................................................


THE ALBANY NY CLIMATE NORMALS FOR TODAY
                         NORMAL    RECORD    YEAR
 MAXIMUM TEMPERATURE (F)   83        97      1991
 MINIMUM TEMPERATURE (F)   62        49      1974


SUNRISE AND SUNSET
JULY 20 2016..........SUNRISE   535 AM EDT   SUNSET   827 PM EDT
JULY 21 2016..........SUNRISE   536 AM EDT   SUNSET   826 PM EDT


-  INDICATES NEGATIVE NUMBERS.
R  INDICATES RECORD WAS SET OR TIED.
MM INDICATES DATA IS MISSING.
T  INDICATES TRACE AMOUNT.




$$
