000
CDUS41 KALY 302121
CLIALB


CLIMATE REPORT
NATIONAL WEATHER SERVICE ALBANY NY
520 PM EDT THU OCT 30 2014


...................................

...THE ALBANY NY CLIMATE SUMMARY FOR OCTOBER 30 2014...
VALID TODAY AS OF 0400 PM LOCAL TIME.

CLIMATE NORMAL PERIOD 1981 TO 2010
CLIMATE RECORD PERIOD 1874 TO 2014


WEATHER ITEM   OBSERVED TIME   RECORD YEAR NORMAL DEPARTURE LAST
                VALUE   (LST)  VALUE       VALUE  FROM      YEAR
                                                  NORMAL
..................................................................
TEMPERATURE (F)
 TODAY
  MAXIMUM         56    117 PM  80    1946  54      2       53
  MINIMUM         44    716 AM  20    1969  36      8       33
  AVERAGE         50                        45      5       43

PRECIPITATION (IN)
  TODAY            0.00          1.67 1917   0.11  -0.11      T
  MONTH TO DATE    4.22                      3.56   0.66     2.00
  SINCE SEP 1      5.11                      6.86  -1.75     6.81
  SINCE JAN 1     31.89                     33.01  -1.12    38.32

SNOWFALL (IN)
  TODAY            0.0           0.1  1925   0.0    0.0      0.0
  MONTH TO DATE    0.0                       0.0    0.0      0.0
  SINCE SEP 1      0.0                       0.0    0.0      0.0
  SINCE JUL 1      0.0                       0.0    0.0      0.0
  SNOW DEPTH       0

DEGREE DAYS
 HEATING
  TODAY           15                        20     -5       22
  MONTH TO DATE  323                       459   -136      357
  SINCE SEP 1    445                       603   -158      523
  SINCE JUL 1    453                       626   -173      529

 COOLING
  TODAY            0                         0      0        0
  MONTH TO DATE   18                         0     18        0
  SINCE SEP 1     92                        51     41       65
  SINCE JAN 1    659                       594     65      763
..................................................................


WIND (MPH)
  HIGHEST WIND SPEED    18   HIGHEST WIND DIRECTION     W (280)
  HIGHEST GUST SPEED    24   HIGHEST GUST DIRECTION    NW (310)
  AVERAGE WIND SPEED     6.9


SKY COVER
  AVERAGE SKY COVER 0.8



RELATIVE HUMIDITY (PERCENT)
 HIGHEST    86          1200 AM
 LOWEST     50           300 PM
 AVERAGE    68

..........................................................


THE ALBANY NY CLIMATE NORMALS FOR TOMORROW
                         NORMAL    RECORD    YEAR
 MAXIMUM TEMPERATURE (F)   54        73      1946
 MINIMUM TEMPERATURE (F)   35        18      1988


SUNRISE AND SUNSET
OCTOBER 30 2014.......SUNRISE   727 AM EDT   SUNSET   550 PM EDT
OCTOBER 31 2014.......SUNRISE   728 AM EDT   SUNSET   549 PM EDT


-  INDICATES NEGATIVE NUMBERS.
R  INDICATES RECORD WAS SET OR TIED.
MM INDICATES DATA IS MISSING.
T  INDICATES TRACE AMOUNT.




$$
