000
CDUS41 KALY 100623
CLIALB


CLIMATE REPORT
NATIONAL WEATHER SERVICE ALBANY NY
222 AM EDT MON JUL 10 2017


...................................

...THE ALBANY NY CLIMATE SUMMARY FOR JULY 9 2017...

CLIMATE NORMAL PERIOD 1981 TO 2010
CLIMATE RECORD PERIOD 1874 TO 2017


WEATHER ITEM   OBSERVED TIME   RECORD YEAR NORMAL DEPARTURE LAST
                VALUE   (LST)  VALUE       VALUE  FROM      YEAR
                                                  NORMAL
..................................................................
TEMPERATURE (F)
 YESTERDAY
  MAXIMUM         83    345 PM 103    1936  82      1       68
  MINIMUM         56    352 AM  41    1963  61     -5       64
  AVERAGE         70                        72     -2       66

PRECIPITATION (IN)
  YESTERDAY        0.00          2.07 2007   0.14  -0.14     0.56
  MONTH TO DATE    1.22                      1.17   0.05     2.61
  SINCE JUN 1      6.34                      4.96   1.38     4.92
  SINCE JAN 1     25.25                     19.74   5.51    15.68

DEGREE DAYS
 HEATING
  YESTERDAY        0                         0      0        0
  MONTH TO DATE    0                         0      0        0
  SINCE JUN 1     51                        52     -1       38
  SINCE JUL 1      0                         0      0        0

 COOLING
  YESTERDAY        5                         7     -2        1
  MONTH TO DATE   71                        60     11       69
  SINCE JUN 1    218                       178     40      212
  SINCE JAN 1    268                       208     60      287
..................................................................


WIND (MPH)
  HIGHEST WIND SPEED    16   HIGHEST WIND DIRECTION     W (260)
  HIGHEST GUST SPEED    19   HIGHEST GUST DIRECTION     W (280)
  AVERAGE WIND SPEED     7.0


SKY COVER
  AVERAGE SKY COVER 0.3



RELATIVE HUMIDITY (PERCENT)
 HIGHEST    86
 LOWEST     31
 AVERAGE    59

..........................................................


THE ALBANY NY CLIMATE NORMALS FOR TODAY
                         NORMAL    RECORD    YEAR
 MAXIMUM TEMPERATURE (F)   82       100      1936
 MINIMUM TEMPERATURE (F)   61        47      1963


SUNRISE AND SUNSET
JULY 10 2017..........SUNRISE   527 AM EDT   SUNSET   834 PM EDT
JULY 11 2017..........SUNRISE   527 AM EDT   SUNSET   834 PM EDT


-  INDICATES NEGATIVE NUMBERS.
R  INDICATES RECORD WAS SET OR TIED.
MM INDICATES DATA IS MISSING.
T  INDICATES TRACE AMOUNT.




$$
