000
CDUS41 KALY 100633
CLIALB


CLIMATE REPORT
NATIONAL WEATHER SERVICE ALBANY NY
232 AM EDT SUN SEP 10 2017


...................................

...THE ALBANY NY CLIMATE SUMMARY FOR SEPTEMBER 9 2017...

CLIMATE NORMAL PERIOD 1981 TO 2010
CLIMATE RECORD PERIOD 1874 TO 2017


WEATHER ITEM   OBSERVED TIME   RECORD YEAR NORMAL DEPARTURE LAST
                VALUE   (LST)  VALUE       VALUE  FROM      YEAR
                                                  NORMAL
..................................................................
TEMPERATURE (F)
 YESTERDAY
  MAXIMUM         67    220 PM  94    1959  75     -8       87
  MINIMUM         47    521 AM  36    1938  54     -7       69
  AVERAGE         57                        65     -8       78

PRECIPITATION (IN)
  YESTERDAY        T             2.35 1924   0.11  -0.11      T
  MONTH TO DATE    2.39                      0.91   1.48     0.57
  SINCE SEP 1      2.39                      0.91   1.48     0.57
  SINCE JAN 1     34.19                     27.06   7.13    24.02

DEGREE DAYS
 HEATING
  YESTERDAY        8                         3      5        0
  MONTH TO DATE   53                        18     35        0
  SINCE SEP 1     53                        18     35        0
  SINCE JUL 1     72                        41     31        1

 COOLING
  YESTERDAY        0                         2     -2       13
  MONTH TO DATE    7                        27    -20       59
  SINCE SEP 1      7                        27    -20       59
  SINCE JAN 1    582                       570     12      847
..................................................................


WIND (MPH)
  HIGHEST WIND SPEED    14   HIGHEST WIND DIRECTION    NW (310)
  HIGHEST GUST SPEED    18   HIGHEST GUST DIRECTION    NW (310)
  AVERAGE WIND SPEED     5.4


SKY COVER
  AVERAGE SKY COVER 0.5



RELATIVE HUMIDITY (PERCENT)
 HIGHEST    93
 LOWEST     56
 AVERAGE    75

..........................................................


THE ALBANY NY CLIMATE NORMALS FOR TODAY
                         NORMAL    RECORD    YEAR
 MAXIMUM TEMPERATURE (F)   75        96      1931
 MINIMUM TEMPERATURE (F)   54        34      1978


SUNRISE AND SUNSET
SEPTEMBER 10 2017.....SUNRISE   630 AM EDT   SUNSET   714 PM EDT
SEPTEMBER 11 2017.....SUNRISE   631 AM EDT   SUNSET   712 PM EDT


-  INDICATES NEGATIVE NUMBERS.
R  INDICATES RECORD WAS SET OR TIED.
MM INDICATES DATA IS MISSING.
T  INDICATES TRACE AMOUNT.




$$
