000
CDUS41 KALY 290628
CLIALB


CLIMATE REPORT
NATIONAL WEATHER SERVICE ALBANY NY
127 AM EST TUE NOV 29 2016


...................................

...THE ALBANY NY CLIMATE SUMMARY FOR NOVEMBER 28 2016...

CLIMATE NORMAL PERIOD 1981 TO 2010
CLIMATE RECORD PERIOD 1874 TO 2016


WEATHER ITEM   OBSERVED TIME   RECORD YEAR NORMAL DEPARTURE LAST
                VALUE   (LST)  VALUE       VALUE  FROM      YEAR
                                                  NORMAL
..................................................................
TEMPERATURE (F)
 YESTERDAY
  MAXIMUM         45    316 PM  68    1990  43      2       58
  MINIMUM         20    440 AM   6    1951  28     -8       35
  AVERAGE         33                        35     -2       47

PRECIPITATION (IN)
  YESTERDAY        0.00          1.68 1993   0.11  -0.11     0.02
  MONTH TO DATE    2.74                      3.08  -0.34     1.75
  SINCE SEP 1      7.82                     10.06  -2.24    11.84
  SINCE JAN 1     31.27                     36.21  -4.94    34.98

SNOWFALL (IN)
  YESTERDAY        0.0           6.0  1985   0.2   -0.2      0.0
  MONTH TO DATE    0.6                       2.4   -1.8       T
  SINCE SEP 1      2.3                       2.7   -0.4       T
  SINCE JUL 1      2.3                       2.7   -0.4       T
  SNOW DEPTH       0

DEGREE DAYS
 HEATING
  YESTERDAY       32                        30      2       18
  MONTH TO DATE  661                       699    -38      511
  SINCE SEP 1   1115                      1321   -206     1018
  SINCE JUL 1   1116                      1344   -228     1019

 COOLING
  YESTERDAY        0                         0      0        0
  MONTH TO DATE    0                         0      0        0
  SINCE SEP 1    114                        55     59      158
  SINCE JAN 1    902                       598    304      906
..................................................................


WIND (MPH)
  HIGHEST WIND SPEED     6   HIGHEST WIND DIRECTION     N (340)
  HIGHEST GUST SPEED     8   HIGHEST GUST DIRECTION     E (100)
  AVERAGE WIND SPEED     1.2


SKY COVER
  AVERAGE SKY COVER 0.2



RELATIVE HUMIDITY (PERCENT)
 HIGHEST    96
 LOWEST     57
 AVERAGE    77

..........................................................


THE ALBANY NY CLIMATE NORMALS FOR TODAY
                         NORMAL    RECORD    YEAR
 MAXIMUM TEMPERATURE (F)   42        66      2005
 MINIMUM TEMPERATURE (F)   28         3      1875


SUNRISE AND SUNSET
NOVEMBER 29 2016......SUNRISE   704 AM EST   SUNSET   423 PM EST
NOVEMBER 30 2016......SUNRISE   705 AM EST   SUNSET   423 PM EST


-  INDICATES NEGATIVE NUMBERS.
R  INDICATES RECORD WAS SET OR TIED.
MM INDICATES DATA IS MISSING.
T  INDICATES TRACE AMOUNT.




$$
