000
CDUS41 KALY 252043
CLIALB


CLIMATE REPORT
NATIONAL WEATHER SERVICE ALBANY NY
443 PM EDT MON AUG 25 2014


...................................

...THE ALBANY NY CLIMATE SUMMARY FOR AUGUST 25 2014...
VALID TODAY AS OF 0400 PM LOCAL TIME.

CLIMATE NORMAL PERIOD 1981 TO 2010
CLIMATE RECORD PERIOD 1874 TO 2014


WEATHER ITEM   OBSERVED TIME   RECORD YEAR NORMAL DEPARTURE LAST
                VALUE   (LST)  VALUE       VALUE  FROM      YEAR
                                                  NORMAL
..................................................................
TEMPERATURE (F)
 TODAY
  MAXIMUM         85    336 PM  99    1947  79      6       81
  MINIMUM         58    553 AM  35    1940  59     -1       50
  AVERAGE         72                        69      3       66

PRECIPITATION (IN)
  TODAY            0.00          1.74 1892   0.10  -0.10      T
  MONTH TO DATE    1.54                      2.87  -1.33     2.16
  SINCE JUN 1     13.18                     10.78   2.40    16.23
  SINCE JAN 1     26.74                     25.56   1.18    30.97

DEGREE DAYS
 HEATING
  TODAY            0                         1     -1        0
  MONTH TO DATE    6                         8     -2        4
  SINCE JUN 1     18                        65    -47       61
  SINCE JUL 1      6                        13     -7        6

 COOLING
  TODAY            7                         5      2        1
  MONTH TO DATE  114                       153    -39       99
  SINCE JUN 1    499                       489     10      593
  SINCE JAN 1    534                       519     15      642
..................................................................


WIND (MPH)
  HIGHEST WIND SPEED     8   HIGHEST WIND DIRECTION     N (20)
  HIGHEST GUST SPEED    12   HIGHEST GUST DIRECTION    NE (30)
  AVERAGE WIND SPEED     1.4


SKY COVER
  AVERAGE SKY COVER 0.1



RELATIVE HUMIDITY (PERCENT)
 HIGHEST    93          1200 AM
 LOWEST     40           200 PM
 AVERAGE    67

..........................................................


THE ALBANY NY CLIMATE NORMALS FOR TOMORROW
                         NORMAL    RECORD    YEAR
 MAXIMUM TEMPERATURE (F)   79        98      1948
 MINIMUM TEMPERATURE (F)   59        40      1942


SUNRISE AND SUNSET
AUGUST 25 2014........SUNRISE   612 AM EDT   SUNSET   741 PM EDT
AUGUST 26 2014........SUNRISE   613 AM EDT   SUNSET   740 PM EDT


-  INDICATES NEGATIVE NUMBERS.
R  INDICATES RECORD WAS SET OR TIED.
MM INDICATES DATA IS MISSING.
T  INDICATES TRACE AMOUNT.




$$
