000
CDUS41 KALY 092151
CLIALB


CLIMATE REPORT
NATIONAL WEATHER SERVICE ALBANY NY
450 PM EST THU NOV 9 2017


...................................

...THE ALBANY NY CLIMATE SUMMARY FOR NOVEMBER 9 2017...
VALID TODAY AS OF 0400 PM LOCAL TIME.

CLIMATE NORMAL PERIOD 1981 TO 2010
CLIMATE RECORD PERIOD 1874 TO 2017


WEATHER ITEM   OBSERVED TIME   RECORD YEAR NORMAL DEPARTURE LAST
                VALUE   (LST)  VALUE       VALUE  FROM      YEAR
                                                  NORMAL
..................................................................
TEMPERATURE (F)
 TODAY
  MAXIMUM         47    442 PM  71    1975  51     -4       50
  MINIMUM         21    652 AM  11    1971  33    -12       40
  AVERAGE         34                        42     -8       45

PRECIPITATION (IN)
  TODAY            0.00          1.60 1900   0.11  -0.11     0.23
  MONTH TO DATE    0.46                      1.01  -0.55     0.34
  SINCE SEP 1      5.99                      7.99  -2.00     5.42
  SINCE JAN 1     37.79                     34.14   3.65    28.87

SNOWFALL (IN)
  TODAY            0.0          10.0  1900   0.1   -0.1      0.0
  MONTH TO DATE    0.0                       0.4   -0.4      0.0
  SINCE SEP 1      0.0                       0.7   -0.7      1.7
  SINCE JUL 1      0.0                       0.7   -0.7      1.7
  SNOW DEPTH       0

DEGREE DAYS
 HEATING
  TODAY           31                        23      8       20
  MONTH TO DATE  180                       197    -17      174
  SINCE SEP 1    509                       819   -310      628
  SINCE JUL 1    528                       842   -314      629

 COOLING
  TODAY            0                         0      0        0
  MONTH TO DATE    0                         0      0        0
  SINCE SEP 1    139                        55     84      114
  SINCE JAN 1    714                       598    116      902
..................................................................


WIND (MPH)
  HIGHEST WIND SPEED    15   HIGHEST WIND DIRECTION     S (180)
  HIGHEST GUST SPEED    21   HIGHEST GUST DIRECTION     S (180)
  AVERAGE WIND SPEED     4.5


SKY COVER
  AVERAGE SKY COVER 0.4



RELATIVE HUMIDITY (PERCENT)
 HIGHEST    88           300 AM
 LOWEST     53           100 PM
 AVERAGE    71

..........................................................


THE ALBANY NY CLIMATE NORMALS FOR TOMORROW
                         NORMAL    RECORD    YEAR
 MAXIMUM TEMPERATURE (F)   50        72      1931
 MINIMUM TEMPERATURE (F)   33        16      1965


SUNRISE AND SUNSET
NOVEMBER  9 2017......SUNRISE   640 AM EST   SUNSET   438 PM EST
NOVEMBER 10 2017......SUNRISE   641 AM EST   SUNSET   437 PM EST


-  INDICATES NEGATIVE NUMBERS.
R  INDICATES RECORD WAS SET OR TIED.
MM INDICATES DATA IS MISSING.
T  INDICATES TRACE AMOUNT.




$$
