000
CDUS41 KALY 050632
CLIALB


CLIMATE REPORT
NATIONAL WEATHER SERVICE ALBANY NY
231 AM EDT SAT JUL 5 2014


...................................

...THE ALBANY NY CLIMATE SUMMARY FOR JULY 4 2014...

CLIMATE NORMAL PERIOD 1981 TO 2010
CLIMATE RECORD PERIOD 1874 TO 2014


WEATHER ITEM   OBSERVED TIME   RECORD YEAR NORMAL DEPARTURE LAST
                VALUE   (LST)  VALUE       VALUE  FROM      YEAR
                                                  NORMAL
..................................................................
TEMPERATURE (F)
 YESTERDAY
  MAXIMUM         73    449 PM 104    1911  82     -9       91
  MINIMUM         63   1159 PM  44    1971  61      2       73
  AVERAGE         68                        71     -3       82

PRECIPITATION (IN)
  YESTERDAY        0.44          1.15 1999   0.13   0.31      T
  MONTH TO DATE    1.92                      0.51   1.41     0.59
  SINCE JUN 1      6.69                      4.30   2.39     9.27
  SINCE JAN 1     20.25                     19.08   1.17    24.01

DEGREE DAYS
 HEATING
  YESTERDAY        0                         0      0        0
  MONTH TO DATE    0                         0      0        0
  SINCE JUN 1     12                        52    -40       55
  SINCE JUL 1      0                         0      0        0

 COOLING
  YESTERDAY        3                         7     -4       17
  MONTH TO DATE   47                        25     22       52
  SINCE JUN 1    195                       143     52      195
  SINCE JAN 1    230                       173     57      244
..................................................................


WIND (MPH)
  HIGHEST WIND SPEED    17   HIGHEST WIND DIRECTION     W (290)
  HIGHEST GUST SPEED    22   HIGHEST GUST DIRECTION     W (280)
  AVERAGE WIND SPEED     8.6


SKY COVER
  AVERAGE SKY COVER 0.8



RELATIVE HUMIDITY (PERCENT)
 HIGHEST    90
 LOWEST     61
 AVERAGE    76

..........................................................


THE ALBANY NY CLIMATE NORMALS FOR TODAY
                         NORMAL    RECORD    YEAR
 MAXIMUM TEMPERATURE (F)   82        99      1919
 MINIMUM TEMPERATURE (F)   61        44      1982


SUNRISE AND SUNSET
JULY  5 2014..........SUNRISE   523 AM EDT   SUNSET   836 PM EDT
JULY  6 2014..........SUNRISE   524 AM EDT   SUNSET   836 PM EDT


-  INDICATES NEGATIVE NUMBERS.
R  INDICATES RECORD WAS SET OR TIED.
MM INDICATES DATA IS MISSING.
T  INDICATES TRACE AMOUNT.




$$
