000
CDUS41 KALY 190632
CLIALB


CLIMATE REPORT
NATIONAL WEATHER SERVICE ALBANY NY
231 AM EDT FRI MAY 19 2017


...................................

...THE ALBANY NY CLIMATE SUMMARY FOR MAY 18 2017...

CLIMATE NORMAL PERIOD 1981 TO 2010
CLIMATE RECORD PERIOD 1874 TO 2017


WEATHER ITEM   OBSERVED TIME   RECORD YEAR NORMAL DEPARTURE LAST
                VALUE   (LST)  VALUE       VALUE  FROM      YEAR
                                                  NORMAL
..................................................................
TEMPERATURE (F)
 YESTERDAY
  MAXIMUM         94R   409 PM  94    1962  70     24       69
  MINIMUM         62    446 AM  29    1981  48     14       38
  AVERAGE         78                        59     19       54

PRECIPITATION (IN)
  YESTERDAY        0.15          1.27 1973   0.12   0.03     0.00
  MONTH TO DATE    3.71                      1.98   1.73     1.79
  SINCE MAR 1     10.66                      8.36   2.30     4.81
  SINCE JAN 1     16.64                     13.15   3.49    10.12

SNOWFALL (IN)
  YESTERDAY        0.0           2.2  2002   0.0    0.0      0.0
  MONTH TO DATE    T                         0.1   -0.1      0.0
  SINCE MAR 1     19.6                      13.4    6.2      6.6
  SINCE JUL 1     60.8                      60.3    0.5     16.9
  SNOW DEPTH       0

DEGREE DAYS
 HEATING
  YESTERDAY        0                         7     -7       11
  MONTH TO DATE  197                       165     32      212
  SINCE MAR 1   1595                      1614    -19     1463
  SINCE JUL 1   5758                      6558   -800     5392

 COOLING
  YESTERDAY       13                         1     12        0
  MONTH TO DATE   22                         7     15        0
  SINCE MAR 1     44                        11     33        2
  SINCE JAN 1     44                        11     33        2
..................................................................


WIND (MPH)
  HIGHEST WIND SPEED    38   HIGHEST WIND DIRECTION     W (280)
  HIGHEST GUST SPEED    50   HIGHEST GUST DIRECTION     W (290)
  AVERAGE WIND SPEED     9.3


SKY COVER
  AVERAGE SKY COVER 0.6



RELATIVE HUMIDITY (PERCENT)
 HIGHEST    84
 LOWEST     26
 AVERAGE    55

..........................................................


THE ALBANY NY CLIMATE NORMALS FOR TODAY
                         NORMAL    RECORD    YEAR
 MAXIMUM TEMPERATURE (F)   70        91      1989
 MINIMUM TEMPERATURE (F)   48        29      1981


SUNRISE AND SUNSET
MAY 19 2017...........SUNRISE   529 AM EDT   SUNSET   815 PM EDT
MAY 20 2017...........SUNRISE   528 AM EDT   SUNSET   816 PM EDT


-  INDICATES NEGATIVE NUMBERS.
R  INDICATES RECORD WAS SET OR TIED.
MM INDICATES DATA IS MISSING.
T  INDICATES TRACE AMOUNT.




$$
