000
CDUS41 KALY 240623
CLIALB


CLIMATE REPORT
NATIONAL WEATHER SERVICE ALBANY NY
123 AM EST THU NOV 24 2016


...................................

...THE ALBANY NY CLIMATE SUMMARY FOR NOVEMBER 23 2016...

CLIMATE NORMAL PERIOD 1981 TO 2010
CLIMATE RECORD PERIOD 1874 TO 2016


WEATHER ITEM   OBSERVED TIME   RECORD YEAR NORMAL DEPARTURE LAST
                VALUE   (LST)  VALUE       VALUE  FROM      YEAR
                                                  NORMAL
..................................................................
TEMPERATURE (F)
 YESTERDAY
  MAXIMUM         37    258 PM  72    1931  45     -8       40
  MINIMUM         27    839 PM   5    1972  30     -3       22
  AVERAGE         32                        37     -5       31

PRECIPITATION (IN)
  YESTERDAY        0.00          1.85 1920   0.12  -0.12     0.00
  MONTH TO DATE    2.59                      2.54   0.05     1.73
  SINCE SEP 1      7.67                      9.52  -1.85    11.82
  SINCE JAN 1     31.12                     35.67  -4.55    34.96

SNOWFALL (IN)
  YESTERDAY        0.0           5.0  1943   0.2   -0.2      0.0
  MONTH TO DATE    0.6                       1.6   -1.0       T
  SINCE SEP 1      2.3                       1.9    0.4       T
  SINCE JUL 1      2.3                       1.9    0.4       T
  SNOW DEPTH       0

DEGREE DAYS
 HEATING
  YESTERDAY       33                        28      5       34
  MONTH TO DATE  520                       554    -34      399
  SINCE SEP 1    974                      1176   -202      906
  SINCE JUL 1    975                      1199   -224      907

 COOLING
  YESTERDAY        0                         0      0        0
  MONTH TO DATE    0                         0      0        0
  SINCE SEP 1    114                        55     59      158
  SINCE JAN 1    902                       598    304      906
..................................................................


WIND (MPH)
  HIGHEST WIND SPEED    22   HIGHEST WIND DIRECTION    NW (300)
  HIGHEST GUST SPEED    30   HIGHEST GUST DIRECTION     W (290)
  AVERAGE WIND SPEED     9.2


SKY COVER
  AVERAGE SKY COVER 0.7



RELATIVE HUMIDITY (PERCENT)
 HIGHEST    75
 LOWEST     48
 AVERAGE    62

..........................................................


THE ALBANY NY CLIMATE NORMALS FOR TODAY
                         NORMAL    RECORD    YEAR
 MAXIMUM TEMPERATURE (F)   44        70      2014
 MINIMUM TEMPERATURE (F)   29         7      2000


SUNRISE AND SUNSET
NOVEMBER 24 2016......SUNRISE   658 AM EST   SUNSET   425 PM EST
NOVEMBER 25 2016......SUNRISE   700 AM EST   SUNSET   425 PM EST


-  INDICATES NEGATIVE NUMBERS.
R  INDICATES RECORD WAS SET OR TIED.
MM INDICATES DATA IS MISSING.
T  INDICATES TRACE AMOUNT.




$$
